-- Table structure for table `ec_products_translations`
--

CREATE TABLE `ec_products_translations` (
  `lang_code` varchar(191) COLLATE utf8mb4_unicode_ci NOT NULL,
  `ec_products_id` bigint unsigned NOT NULL,
  `name` varchar(191) COLLATE utf8mb4_unicode_ci DEFAULT NULL,
  `description` text COLLATE utf8mb4_unicode_ci,
  `content` text COLLATE utf8mb4_unicode_ci,
  PRIMARY KEY (`lang_code`,`ec_products_id`)
) ENGINE=InnoDB DEFAULT CHARSET=utf8mb4 COLLATE=utf8mb4_unicode_ci;

--
-- Dumping data for table `ec_products_translations`
--


--
-- Table structure for table `ec_review_replies`
--

CREATE TABLE `ec_review_replies` (
  `id` bigint unsigned NOT NULL AUTO_INCREMENT,
  `user_id` bigint unsigned NOT NULL,
  `review_id` bigint unsigned NOT NULL,
  `message` text COLLATE utf8mb4_unicode_ci NOT NULL,
  `created_at` timestamp NULL DEFAULT NULL,
  `updated_at` timestamp NULL DEFAULT NULL,
  PRIMARY KEY (`id`),
  UNIQUE KEY `ec_review_replies_review_id_user_id_unique` (`review_id`,`user_id`)
) ENGINE=InnoDB DEFAULT CHARSET=utf8mb4 COLLATE=utf8mb4_unicode_ci;

--
-- Dumping data for table `ec_review_replies`
--


--
-- Table structure for table `ec_reviews`
--

CREATE TABLE `ec_reviews` (
  `id` bigint unsigned NOT NULL AUTO_INCREMENT,
  `customer_id` bigint unsigned DEFAULT NULL,
  `customer_name` varchar(191) COLLATE utf8mb4_unicode_ci DEFAULT NULL,
  `customer_email` varchar(191) COLLATE utf8mb4_unicode_ci DEFAULT NULL,
  `product_id` bigint unsigned NOT NULL,
  `star` double(8,2) NOT NULL,
  `comment` text COLLATE utf8mb4_unicode_ci NOT NULL,
  `status` varchar(60) COLLATE utf8mb4_unicode_ci NOT NULL DEFAULT 'published',
  `created_at` timestamp NULL DEFAULT NULL,
  `updated_at` timestamp NULL DEFAULT NULL,
  `images` text COLLATE utf8mb4_unicode_ci,
  PRIMARY KEY (`id`),
  UNIQUE KEY `ec_reviews_product_id_customer_id_unique` (`product_id`,`customer_id`),
  KEY `ec_reviews_product_id_customer_id_status_created_at_index` (`product_id`,`customer_id`,`status`,`created_at`),
  KEY `review_relation_index` (`product_id`,`customer_id`,`status`)
) ENGINE=InnoDB AUTO_INCREMENT=1001 DEFAULT CHARSET=utf8mb4 COLLATE=utf8mb4_unicode_ci;

--
-- Dumping data for table `ec_reviews`
--

INSERT INTO `ec_reviews` VALUES (1,4,NULL,NULL,28,3.00,'As a developer I reviewed this script. This is really awesome ecommerce script. I have convinced when I noticed that it\'s built on fully WordPress concept.','published','2024-10-31 20:46:41','2024-10-31 20:46:41','[\"main\\/products\\/product-11.jpg\",\"main\\/products\\/product-details-desc-3.jpg\"]'),(2,4,NULL,NULL,1,5.00,'Amazing code, amazing support. Overall, im really confident in Botble and im happy I made the right choice! Thank you so much guys for coding this masterpiece','published','2024-10-31 20:46:41','2024-10-31 20:46:41','[\"main\\/products\\/product-2.jpg\",\"main\\/products\\/product-13.jpg\"]'),(3,1,NULL,NULL,6,1.00,'We have received brilliant service support and will be expanding the features with the developer. Nice product!','published','2024-10-31 20:46:41','2024-10-31 20:46:41','[\"main\\/products\\/product-19.jpg\"]'),(4,7,NULL,NULL,43,5.00,'It\'s not my first experience here on Codecanyon and I can honestly tell you all that Botble puts a LOT of effort into the support. They answer so fast, they helped me tons of times. REALLY by far THE BEST EXPERIENCE on Codecanyon. Those guys at Botble are so good that they deserve 5 stars. I recommend them, I trust them and I can\'t wait to see what they will sell in a near future. Thank you Botble :)','published','2024-10-31 20:46:41','2024-10-31 20:46:41','[\"main\\/products\\/product-1.jpg\",\"main\\/products\\/product-14.jpg\"]'),(5,10,NULL,NULL,23,4.00,'This script is well coded and is super fast. The support is pretty quick. Very patient and helpful team. I strongly recommend it and they deserve more than 5 stars.','published','2024-10-31 20:46:41','2024-10-31 20:46:41','[\"main\\/products\\/product-2.jpg\",\"main\\/products\\/product-11.jpg\"]'),(6,7,NULL,NULL,11,1.00,'As a developer I reviewed this script. This is really awesome ecommerce script. I have convinced when I noticed that it\'s built on fully WordPress concept.','published','2024-10-31 20:46:41','2024-10-31 20:46:41','[\"main\\/products\\/product-2.jpg\",\"main\\/products\\/product-details-desc-1.jpg\"]'),(7,3,NULL,NULL,27,4.00,'Best ecommerce CMS online store!','published','2024-10-31 20:46:41','2024-10-31 20:46:41','[\"main\\/products\\/product-15.jpg\",\"main\\/products\\/product-17.jpg\"]'),(8,10,NULL,NULL,37,2.00,'Perfect +++++++++ i love it really also i get to fast ticket answers... Thanks Lot BOTBLE Teams','published','2024-10-31 20:46:41','2024-10-31 20:46:41','[\"main\\/products\\/product-17.jpg\",\"main\\/products\\/product-18.jpg\"]'),(9,1,NULL,NULL,7,1.00,'Second or third time that I buy a Botble product, happy with the products and support. You guys do a good job :)','published','2024-10-31 20:46:41','2024-10-31 20:46:41','[\"main\\/products\\/product-1.jpg\",\"main\\/products\\/product-7.jpg\",\"main\\/products\\/product-9.jpg\"]'),(10,10,NULL,NULL,53,3.00,'Perfect +++++++++ i love it really also i get to fast ticket answers... Thanks Lot BOTBLE Teams','published','2024-10-31 20:46:41','2024-10-31 20:46:41','[\"main\\/products\\/product-2.jpg\",\"main\\/products\\/product-13.jpg\"]'),(11,8,NULL,NULL,20,5.00,'We have received brilliant service support and will be expanding the features with the developer. Nice product!','published','2024-10-31 20:46:41','2024-10-31 20:46:41','[\"main\\/products\\/product-11.jpg\"]'),(12,5,NULL,NULL,11,2.00,'Best ecommerce CMS online store!','published','2024-10-31 20:46:41','2024-10-31 20:46:41','[\"main\\/products\\/product-8.jpg\",\"main\\/products\\/product-13.jpg\",\"main\\/products\\/product-20.jpg\",\"main\\/products\\/product-details-desc-2.jpg\"]'),(13,5,NULL,NULL,19,5.00,'Great E-commerce system. And much more : Wonderful Customer Support.','published','2024-10-31 20:46:41','2024-10-31 20:46:41','[\"main\\/products\\/product-11.jpg\"]'),(14,4,NULL,NULL,27,2.00,'The best ecommerce CMS! Excellent coding! best support service! Thank you so much..... I really like your hard work.','published','2024-10-31 20:46:41','2024-10-31 20:46:41','[\"main\\/products\\/product-8.jpg\",\"main\\/products\\/product-13.jpg\",\"main\\/products\\/product-15.jpg\",\"main\\/products\\/product-details-desc-1.jpg\"]'),(15,7,NULL,NULL,15,3.00,'Customer Support are grade (A*), however the code is a way too over engineered for it\'s purpose.','published','2024-10-31 20:46:41','2024-10-31 20:46:41','[\"main\\/products\\/product-1.jpg\",\"main\\/products\\/product-12.jpg\",\"main\\/products\\/product-details-desc-1.jpg\"]'),(16,9,NULL,NULL,47,3.00,'As a developer I reviewed this script. This is really awesome ecommerce script. I have convinced when I noticed that it\'s built on fully WordPress concept.','published','2024-10-31 20:46:41','2024-10-31 20:46:41','[\"main\\/products\\/product-3.jpg\",\"main\\/products\\/product-10.jpg\",\"main\\/products\\/product-15.jpg\",\"main\\/products\\/product-20.jpg\"]'),(17,1,NULL,NULL,38,2.00,'We have received brilliant service support and will be expanding the features with the developer. Nice product!','published','2024-10-31 20:46:41','2024-10-31 20:46:41','[\"main\\/products\\/product-4.jpg\",\"main\\/products\\/product-13.jpg\",\"main\\/products\\/product-14.jpg\"]'),(18,5,NULL,NULL,33,5.00,'The best ecommerce CMS! Excellent coding! best support service! Thank you so much..... I really like your hard work.','published','2024-10-31 20:46:41','2024-10-31 20:46:41','[\"main\\/products\\/product-9.jpg\"]'),(19,2,NULL,NULL,37,2.00,'The code is good, in general, if you like it, can you give it 5 stars?','published','2024-10-31 20:46:41','2024-10-31 20:46:41','[\"main\\/products\\/product-15.jpg\",\"main\\/products\\/product-details-desc-3.jpg\"]'),(20,4,NULL,NULL,51,2.00,'Those guys now what they are doing, the release such a good product that it\'s a pleasure to work with ! Even when I was stuck on the project, I created a ticket and the next day it was replied by the team. GOOD JOB guys. I love working with them :)','published','2024-10-31 20:46:41','2024-10-31 20:46:41','[\"main\\/products\\/product-9.jpg\"]'),(21,6,NULL,NULL,12,5.00,'The code is good, in general, if you like it, can you give it 5 stars?','published','2024-10-31 20:46:41','2024-10-31 20:46:41','[\"main\\/products\\/product-4.jpg\",\"main\\/products\\/product-13.jpg\",\"main\\/products\\/product-details-desc-3.jpg\"]'),(22,4,NULL,NULL,49,2.00,'We have received brilliant service support and will be expanding the features with the developer. Nice product!','published','2024-10-31 20:46:41','2024-10-31 20:46:41','[\"main\\/products\\/product-15.jpg\",\"main\\/products\\/product-18.jpg\"]'),(23,3,NULL,NULL,48,5.00,'Solution is too robust for our purpose so we didn\'t use it at the end. But I appreciate customer support during initial configuration.','published','2024-10-31 20:46:41','2024-10-31 20:46:41','[\"main\\/products\\/product-5.jpg\",\"main\\/products\\/product-10.jpg\"]'),(24,6,NULL,NULL,19,4.00,'The script is the best of its class, fast, easy to implement and work with , and the most important thing is the great support team , Recommend with no doubt.','published','2024-10-31 20:46:41','2024-10-31 20:46:41','[\"main\\/products\\/product-4.jpg\",\"main\\/products\\/product-8.jpg\",\"main\\/products\\/product-17.jpg\",\"main\\/products\\/product-details-desc-2.jpg\"]'),(25,1,NULL,NULL,29,3.00,'Best ecommerce CMS online store!','published','2024-10-31 20:46:41','2024-10-31 20:46:41','[\"main\\/products\\/product-7.jpg\",\"main\\/products\\/product-details-desc-1.jpg\"]'),(26,8,NULL,NULL,16,3.00,'Those guys now what they are doing, the release such a good product that it\'s a pleasure to work with ! Even when I was stuck on the project, I created a ticket and the next day it was replied by the team. GOOD JOB guys. I love working with them :)','published','2024-10-31 20:46:41','2024-10-31 20:46:41','[\"main\\/products\\/product-1.jpg\",\"main\\/products\\/product-7.jpg\",\"main\\/products\\/product-17.jpg\"]'),(27,9,NULL,NULL,57,5.00,'This web app is really good in design, code quality & features. Besides, the customer support provided by the Botble team was really fast & helpful. You guys are awesome!','published','2024-10-31 20:46:41','2024-10-31 20:46:41','[\"main\\/products\\/product-4.jpg\",\"main\\/products\\/product-11.jpg\",\"main\\/products\\/product-19.jpg\"]'),(28,2,NULL,NULL,16,1.00,'This script is well coded and is super fast. The support is pretty quick. Very patient and helpful team. I strongly recommend it and they deserve more than 5 stars.','published','2024-10-31 20:46:41','2024-10-31 20:46:41','[\"main\\/products\\/product-10.jpg\",\"main\\/products\\/product-13.jpg\"]'),(29,6,NULL,NULL,28,5.00,'The best store template! Excellent coding! Very good support! Thank you so much for all the help, I really appreciated.','published','2024-10-31 20:46:41','2024-10-31 20:46:41','[\"main\\/products\\/product-18.jpg\"]'),(30,1,NULL,NULL,31,3.00,'Solution is too robust for our purpose so we didn\'t use it at the end. But I appreciate customer support during initial configuration.','published','2024-10-31 20:46:41','2024-10-31 20:46:41','[\"main\\/products\\/product-2.jpg\",\"main\\/products\\/product-9.jpg\"]'),(31,2,NULL,NULL,19,5.00,'Good app, good backup service and support. Good documentation.','published','2024-10-31 20:46:41','2024-10-31 20:46:41','[\"main\\/products\\/product-6.jpg\",\"main\\/products\\/product-14.jpg\",\"main\\/products\\/product-15.jpg\",\"main\\/products\\/product-details-desc-1.jpg\"]'),(32,4,NULL,NULL,5,3.00,'Great E-commerce system. And much more : Wonderful Customer Support.','published','2024-10-31 20:46:41','2024-10-31 20:46:41','[\"main\\/products\\/product-4.jpg\",\"main\\/products\\/product-13.jpg\",\"main\\/products\\/product-18.jpg\"]'),(33,9,NULL,NULL,51,3.00,'This web app is really good in design, code quality & features. Besides, the customer support provided by the Botble team was really fast & helpful. You guys are awesome!','published','2024-10-31 20:46:41','2024-10-31 20:46:41','[\"main\\/products\\/product-10.jpg\"]'),(34,5,NULL,NULL,48,5.00,'Great E-commerce system. And much more : Wonderful Customer Support.','published','2024-10-31 20:46:41','2024-10-31 20:46:41','[\"main\\/products\\/product-15.jpg\",\"main\\/products\\/product-16.jpg\",\"main\\/products\\/product-details-desc-1.jpg\"]'),(35,5,NULL,NULL,37,1.00,'Those guys now what they are doing, the release such a good product that it\'s a pleasure to work with ! Even when I was stuck on the project, I created a ticket and the next day it was replied by the team. GOOD JOB guys. I love working with them :)','published','2024-10-31 20:46:41','2024-10-31 20:46:41','[\"main\\/products\\/product-1.jpg\",\"main\\/products\\/product-2.jpg\",\"main\\/products\\/product-12.jpg\",\"main\\/products\\/product-20.jpg\"]'),(36,5,NULL,NULL,38,2.00,'Clean & perfect source code','published','2024-10-31 20:46:41','2024-10-31 20:46:41','[\"main\\/products\\/product-5.jpg\",\"main\\/products\\/product-10.jpg\"]'),(37,6,NULL,NULL,53,4.00,'Perfect +++++++++ i love it really also i get to fast ticket answers... Thanks Lot BOTBLE Teams','published','2024-10-31 20:46:41','2024-10-31 20:46:41','[\"main\\/products\\/product-1.jpg\",\"main\\/products\\/product-7.jpg\",\"main\\/products\\/product-11.jpg\",\"main\\/products\\/product-20.jpg\"]'),(38,6,NULL,NULL,4,4.00,'As a developer I reviewed this script. This is really awesome ecommerce script. I have convinced when I noticed that it\'s built on fully WordPress concept.','published','2024-10-31 20:46:41','2024-10-31 20:46:41','[\"main\\/products\\/product-10.jpg\"]'),(39,4,NULL,NULL,17,2.00,'Ok good product. I have some issues in customizations. But its not correct to blame the developer. The product is good. Good luck for your business.','published','2024-10-31 20:46:41','2024-10-31 20:46:41','[\"main\\/products\\/product-1.jpg\",\"main\\/products\\/product-6.jpg\",\"main\\/products\\/product-9.jpg\"]'),(40,8,NULL,NULL,42,4.00,'The script is the best of its class, fast, easy to implement and work with , and the most important thing is the great support team , Recommend with no doubt.','published','2024-10-31 20:46:41','2024-10-31 20:46:41','[\"main\\/products\\/product-4.jpg\",\"main\\/products\\/product-15.jpg\",\"main\\/products\\/product-20.jpg\"]'),(41,5,NULL,NULL,16,5.00,'We have received brilliant service support and will be expanding the features with the developer. Nice product!','published','2024-10-31 20:46:41','2024-10-31 20:46:41','[\"main\\/products\\/product-1.jpg\",\"main\\/products\\/product-12.jpg\",\"main\\/products\\/product-14.jpg\",\"main\\/products\\/product-19.jpg\"]'),(42,5,NULL,NULL,49,1.00,'For me the best eCommerce script on Envato at this moment: modern, clean code, a lot of great features. The customer support is great too: I always get an answer within hours!','published','2024-10-31 20:46:41','2024-10-31 20:46:41','[\"main\\/products\\/product-details-desc-2.jpg\"]'),(43,4,NULL,NULL,41,1.00,'Great system, great support, good job Botble. I\'m looking forward to more great functional plugins.','published','2024-10-31 20:46:41','2024-10-31 20:46:41','[\"main\\/products\\/product-2.jpg\"]'),(44,8,NULL,NULL,41,2.00,'The code is good, in general, if you like it, can you give it 5 stars?','published','2024-10-31 20:46:41','2024-10-31 20:46:41','[\"main\\/products\\/product-12.jpg\",\"main\\/products\\/product-20.jpg\"]'),(45,2,NULL,NULL,43,5.00,'The script is the best of its class, fast, easy to implement and work with , and the most important thing is the great support team , Recommend with no doubt.','published','2024-10-31 20:46:41','2024-10-31 20:46:41','[\"main\\/products\\/product-2.jpg\"]'),(46,8,NULL,NULL,21,1.00,'I Love this Script. I also found how to add other fees. Now I just wait the BIG update for the Marketplace with the Bulk Import. Just do not forget to make it to be Multi-language for us the Botble Fans.','published','2024-10-31 20:46:41','2024-10-31 20:46:41','[\"main\\/products\\/product-9.jpg\",\"main\\/products\\/product-12.jpg\",\"main\\/products\\/product-details-desc-1.jpg\"]'),(47,3,NULL,NULL,3,2.00,'Good app, good backup service and support. Good documentation.','published','2024-10-31 20:46:41','2024-10-31 20:46:41','[\"main\\/products\\/product-7.jpg\",\"main\\/products\\/product-12.jpg\",\"main\\/products\\/product-15.jpg\"]'),(48,6,NULL,NULL,11,1.00,'Second or third time that I buy a Botble product, happy with the products and support. You guys do a good job :)','published','2024-10-31 20:46:41','2024-10-31 20:46:41','[\"main\\/products\\/product-20.jpg\"]'),(49,7,NULL,NULL,12,1.00,'This script is well coded and is super fast. The support is pretty quick. Very patient and helpful team. I strongly recommend it and they deserve more than 5 stars.','published','2024-10-31 20:46:41','2024-10-31 20:46:41','[\"main\\/products\\/product-6.jpg\",\"main\\/products\\/product-9.jpg\"]'),(50,6,NULL,NULL,43,1.00,'It\'s not my first experience here on Codecanyon and I can honestly tell you all that Botble puts a LOT of effort into the support. They answer so fast, they helped me tons of times. REALLY by far THE BEST EXPERIENCE on Codecanyon. Those guys at Botble are so good that they deserve 5 stars. I recommend them, I trust them and I can\'t wait to see what they will sell in a near future. Thank you Botble :)','published','2024-10-31 20:46:41','2024-10-31 20:46:41','[\"main\\/products\\/product-3.jpg\",\"main\\/products\\/product-11.jpg\",\"main\\/products\\/product-details-desc-2.jpg\"]'),(51,4,NULL,NULL,35,5.00,'The script is the best of its class, fast, easy to implement and work with , and the most important thing is the great support team , Recommend with no doubt.','published','2024-10-31 20:46:41','2024-10-31 20:46:41','[\"main\\/products\\/product-7.jpg\",\"main\\/products\\/product-9.jpg\",\"main\\/products\\/product-13.jpg\",\"main\\/products\\/product-details-desc-3.jpg\"]'),(52,4,NULL,NULL,56,5.00,'For me the best eCommerce script on Envato at this moment: modern, clean code, a lot of great features. The customer support is great too: I always get an answer within hours!','published','2024-10-31 20:46:41','2024-10-31 20:46:41','[\"main\\/products\\/product-4.jpg\",\"main\\/products\\/product-12.jpg\",\"main\\/products\\/product-20.jpg\"]'),(53,6,NULL,NULL,35,4.00,'This script is well coded and is super fast. The support is pretty quick. Very patient and helpful team. I strongly recommend it and they deserve more than 5 stars.','published','2024-10-31 20:46:41','2024-10-31 20:46:41','[\"main\\/products\\/product-6.jpg\",\"main\\/products\\/product-13.jpg\",\"main\\/products\\/product-15.jpg\"]'),(54,10,NULL,NULL,5,1.00,'The script is the best of its class, fast, easy to implement and work with , and the most important thing is the great support team , Recommend with no doubt.','published','2024-10-31 20:46:41','2024-10-31 20:46:41','[\"main\\/products\\/product-14.jpg\"]'),(55,1,NULL,NULL,43,1.00,'As a developer I reviewed this script. This is really awesome ecommerce script. I have convinced when I noticed that it\'s built on fully WordPress concept.','published','2024-10-31 20:46:41','2024-10-31 20:46:41','[\"main\\/products\\/product-19.jpg\"]'),(56,7,NULL,NULL,10,4.00,'As a developer I reviewed this script. This is really awesome ecommerce script. I have convinced when I noticed that it\'s built on fully WordPress concept.','published','2024-10-31 20:46:41','2024-10-31 20:46:41','[\"main\\/products\\/product-19.jpg\"]'),(57,8,NULL,NULL,15,4.00,'I Love this Script. I also found how to add other fees. Now I just wait the BIG update for the Marketplace with the Bulk Import. Just do not forget to make it to be Multi-language for us the Botble Fans.','published','2024-10-31 20:46:41','2024-10-31 20:46:41','[\"main\\/products\\/product-2.jpg\",\"main\\/products\\/product-13.jpg\"]'),(58,6,NULL,NULL,5,3.00,'We have received brilliant service support and will be expanding the features with the developer. Nice product!','published','2024-10-31 20:46:41','2024-10-31 20:46:41','[\"main\\/products\\/product-15.jpg\",\"main\\/products\\/product-18.jpg\"]'),(59,7,NULL,NULL,26,1.00,'Great E-commerce system. And much more : Wonderful Customer Support.','published','2024-10-31 20:46:41','2024-10-31 20:46:41','[\"main\\/products\\/product-10.jpg\"]'),(60,9,NULL,NULL,22,2.00,'For me the best eCommerce script on Envato at this moment: modern, clean code, a lot of great features. The customer support is great too: I always get an answer within hours!','published','2024-10-31 20:46:41','2024-10-31 20:46:41','[\"main\\/products\\/product-8.jpg\",\"main\\/products\\/product-15.jpg\"]'),(61,3,NULL,NULL,8,3.00,'I Love this Script. I also found how to add other fees. Now I just wait the BIG update for the Marketplace with the Bulk Import. Just do not forget to make it to be Multi-language for us the Botble Fans.','published','2024-10-31 20:46:41','2024-10-31 20:46:41','[\"main\\/products\\/product-17.jpg\"]'),(62,2,NULL,NULL,18,4.00,'It\'s not my first experience here on Codecanyon and I can honestly tell you all that Botble puts a LOT of effort into the support. They answer so fast, they helped me tons of times. REALLY by far THE BEST EXPERIENCE on Codecanyon. Those guys at Botble are so good that they deserve 5 stars. I recommend them, I trust them and I can\'t wait to see what they will sell in a near future. Thank you Botble :)','published','2024-10-31 20:46:41','2024-10-31 20:46:41','[\"main\\/products\\/product-1.jpg\",\"main\\/products\\/product-3.jpg\"]'),(63,1,NULL,NULL,28,1.00,'Second or third time that I buy a Botble product, happy with the products and support. You guys do a good job :)','published','2024-10-31 20:46:41','2024-10-31 20:46:41','[\"main\\/products\\/product-1.jpg\",\"main\\/products\\/product-10.jpg\",\"main\\/products\\/product-11.jpg\",\"main\\/products\\/product-12.jpg\"]'),(65,6,NULL,NULL,17,2.00,'This web app is really good in design, code quality & features. Besides, the customer support provided by the Botble team was really fast & helpful. You guys are awesome!','published','2024-10-31 20:46:41','2024-10-31 20:46:41','[\"main\\/products\\/product-3.jpg\",\"main\\/products\\/product-9.jpg\"]'),(66,5,NULL,NULL,46,1.00,'Perfect +++++++++ i love it really also i get to fast ticket answers... Thanks Lot BOTBLE Teams','published','2024-10-31 20:46:41','2024-10-31 20:46:41','[\"main\\/products\\/product-6.jpg\",\"main\\/products\\/product-8.jpg\"]'),(67,9,NULL,NULL,41,4.00,'Good app, good backup service and support. Good documentation.','published','2024-10-31 20:46:41','2024-10-31 20:46:41','[\"main\\/products\\/product-4.jpg\",\"main\\/products\\/product-19.jpg\",\"main\\/products\\/product-details-desc-3.jpg\"]'),(68,3,NULL,NULL,34,2.00,'This web app is really good in design, code quality & features. Besides, the customer support provided by the Botble team was really fast & helpful. You guys are awesome!','published','2024-10-31 20:46:41','2024-10-31 20:46:41','[\"main\\/products\\/product-6.jpg\",\"main\\/products\\/product-14.jpg\",\"main\\/products\\/product-15.jpg\",\"main\\/products\\/product-details-desc-2.jpg\"]'),(69,1,NULL,NULL,5,5.00,'As a developer I reviewed this script. This is really awesome ecommerce script. I have convinced when I noticed that it\'s built on fully WordPress concept.','published','2024-10-31 20:46:41','2024-10-31 20:46:41','[\"main\\/products\\/product-17.jpg\"]'),(70,9,NULL,NULL,19,3.00,'The script is the best of its class, fast, easy to implement and work with , and the most important thing is the great support team , Recommend with no doubt.','published','2024-10-31 20:46:41','2024-10-31 20:46:41','[\"main\\/products\\/product-4.jpg\",\"main\\/products\\/product-17.jpg\",\"main\\/products\\/product-19.jpg\"]'),(71,4,NULL,NULL,34,2.00,'It\'s not my first experience here on Codecanyon and I can honestly tell you all that Botble puts a LOT of effort into the support. They answer so fast, they helped me tons of times. REALLY by far THE BEST EXPERIENCE on Codecanyon. Those guys at Botble are so good that they deserve 5 stars. I recommend them, I trust them and I can\'t wait to see what they will sell in a near future. Thank you Botble :)','published','2024-10-31 20:46:41','2024-10-31 20:46:41','[\"main\\/products\\/product-1.jpg\",\"main\\/products\\/product-8.jpg\"]'),(72,9,NULL,NULL,6,5.00,'The code is good, in general, if you like it, can you give it 5 stars?','published','2024-10-31 20:46:41','2024-10-31 20:46:41','[\"main\\/products\\/product-15.jpg\"]'),(73,9,NULL,NULL,42,5.00,'It\'s not my first experience here on Codecanyon and I can honestly tell you all that Botble puts a LOT of effort into the support. They answer so fast, they helped me tons of times. REALLY by far THE BEST EXPERIENCE on Codecanyon. Those guys at Botble are so good that they deserve 5 stars. I recommend them, I trust them and I can\'t wait to see what they will sell in a near future. Thank you Botble :)','published','2024-10-31 20:46:41','2024-10-31 20:46:41','[\"main\\/products\\/product-4.jpg\",\"main\\/products\\/product-13.jpg\",\"main\\/products\\/product-14.jpg\"]'),(74,2,NULL,NULL,8,5.00,'Those guys now what they are doing, the release such a good product that it\'s a pleasure to work with ! Even when I was stuck on the project, I created a ticket and the next day it was replied by the team. GOOD JOB guys. I love working with them :)','published','2024-10-31 20:46:41','2024-10-31 20:46:41','[\"main\\/products\\/product-17.jpg\",\"main\\/products\\/product-20.jpg\"]'),(76,1,NULL,NULL,14,3.00,'Those guys now what they are doing, the release such a good product that it\'s a pleasure to work with ! Even when I was stuck on the project, I created a ticket and the next day it was replied by the team. GOOD JOB guys. I love working with them :)','published','2024-10-31 20:46:41','2024-10-31 20:46:41','[\"main\\/products\\/product-12.jpg\"]'),(77,10,NULL,NULL,33,1.00,'Perfect +++++++++ i love it really also i get to fast ticket answers... Thanks Lot BOTBLE Teams','published','2024-10-31 20:46:41','2024-10-31 20:46:41','[\"main\\/products\\/product-8.jpg\"]'),(80,7,NULL,NULL,6,1.00,'This web app is really good in design, code quality & features. Besides, the customer support provided by the Botble team was really fast & helpful. You guys are awesome!','published','2024-10-31 20:46:41','2024-10-31 20:46:41','[\"main\\/products\\/product-18.jpg\",\"main\\/products\\/product-details-desc-2.jpg\"]'),(81,2,NULL,NULL,14,5.00,'Cool template. Excellent code quality. The support responds very quickly, which is very rare on themeforest and codecanyon.net, I buy a lot of templates, and everyone will have a response from technical support for two or three days. Thanks to tech support. I recommend to buy.','published','2024-10-31 20:46:41','2024-10-31 20:46:41','[\"main\\/products\\/product-9.jpg\",\"main\\/products\\/product-13.jpg\",\"main\\/products\\/product-details-desc-2.jpg\"]'),(83,4,NULL,NULL,4,3.00,'Clean & perfect source code','published','2024-10-31 20:46:41','2024-10-31 20:46:41','[\"main\\/products\\/product-10.jpg\",\"main\\/products\\/product-18.jpg\"]'),(84,2,NULL,NULL,54,4.00,'We have received brilliant service support and will be expanding the features with the developer. Nice product!','published','2024-10-31 20:46:41','2024-10-31 20:46:41','[\"main\\/products\\/product-3.jpg\"]'),(85,7,NULL,NULL,14,2.00,'Solution is too robust for our purpose so we didn\'t use it at the end. But I appreciate customer support during initial configuration.','published','2024-10-31 20:46:41','2024-10-31 20:46:41','[\"main\\/products\\/product-2.jpg\",\"main\\/products\\/product-9.jpg\",\"main\\/products\\/product-14.jpg\",\"main\\/products\\/product-16.jpg\"]'),(86,3,NULL,NULL,4,4.00,'These guys are amazing! Responses immediately, amazing support and help... I immediately feel at ease after Purchasing..','published','2024-10-31 20:46:41','2024-10-31 20:46:41','[\"main\\/products\\/product-1.jpg\",\"main\\/products\\/product-4.jpg\",\"main\\/products\\/product-6.jpg\",\"main\\/products\\/product-20.jpg\"]'),(87,6,NULL,NULL,16,5.00,'The best ecommerce CMS! Excellent coding! best support service! Thank you so much..... I really like your hard work.','published','2024-10-31 20:46:41','2024-10-31 20:46:41','[\"main\\/products\\/product-4.jpg\",\"main\\/products\\/product-12.jpg\"]'),(88,1,NULL,NULL,1,4.00,'These guys are amazing! Responses immediately, amazing support and help... I immediately feel at ease after Purchasing..','published','2024-10-31 20:46:41','2024-10-31 20:46:41','[\"main\\/products\\/product-2.jpg\",\"main\\/products\\/product-12.jpg\",\"main\\/products\\/product-20.jpg\"]'),(89,9,NULL,NULL,44,4.00,'This web app is really good in design, code quality & features. Besides, the customer support provided by the Botble team was really fast & helpful. You guys are awesome!','published','2024-10-31 20:46:41','2024-10-31 20:46:41','[\"main\\/products\\/product-11.jpg\",\"main\\/products\\/product-12.jpg\",\"main\\/products\\/product-19.jpg\",\"main\\/products\\/product-details-desc-2.jpg\"]'),(90,9,NULL,NULL,46,4.00,'The script is the best of its class, fast, easy to implement and work with , and the most important thing is the great support team , Recommend with no doubt.','published','2024-10-31 20:46:41','2024-10-31 20:46:41','[\"main\\/products\\/product-4.jpg\",\"main\\/products\\/product-19.jpg\",\"main\\/products\\/product-details-desc-2.jpg\"]'),(93,3,NULL,NULL,2,3.00,'This web app is really good in design, code quality & features. Besides, the customer support provided by the Botble team was really fast & helpful. You guys are awesome!','published','2024-10-31 20:46:41','2024-10-31 20:46:41','[\"main\\/products\\/product-4.jpg\",\"main\\/products\\/product-7.jpg\",\"main\\/products\\/product-8.jpg\"]'),(94,10,NULL,NULL,48,3.00,'Solution is too robust for our purpose so we didn\'t use it at the end. But I appreciate customer support during initial configuration.','published','2024-10-31 20:46:41','2024-10-31 20:46:41','[\"main\\/products\\/product-8.jpg\",\"main\\/products\\/product-20.jpg\"]'),(95,6,NULL,NULL,36,2.00,'We have received brilliant service support and will be expanding the features with the developer. Nice product!','published','2024-10-31 20:46:41','2024-10-31 20:46:41','[\"main\\/products\\/product-4.jpg\",\"main\\/products\\/product-7.jpg\",\"main\\/products\\/product-11.jpg\"]'),(96,2,NULL,NULL,22,1.00,'We have received brilliant service support and will be expanding the features with the developer. Nice product!','published','2024-10-31 20:46:41','2024-10-31 20:46:41','[\"main\\/products\\/product-19.jpg\"]'),(97,3,NULL,NULL,41,5.00,'As a developer I reviewed this script. This is really awesome ecommerce script. I have convinced when I noticed that it\'s built on fully WordPress concept.','published','2024-10-31 20:46:41','2024-10-31 20:46:41','[\"main\\/products\\/product-18.jpg\"]'),(98,2,NULL,NULL,13,5.00,'We have received brilliant service support and will be expanding the features with the developer. Nice product!','published','2024-10-31 20:46:41','2024-10-31 20:46:41','[\"main\\/products\\/product-8.jpg\"]'),(99,1,NULL,NULL,46,2.00,'Great E-commerce system. And much more : Wonderful Customer Support.','published','2024-10-31 20:46:41','2024-10-31 20:46:41','[\"main\\/products\\/product-18.jpg\",\"main\\/products\\/product-19.jpg\",\"main\\/products\\/product-details-desc-1.jpg\"]'),(100,4,NULL,NULL,20,3.00,'Great E-commerce system. And much more : Wonderful Customer Support.','published','2024-10-31 20:46:41','2024-10-31 20:46:41','[\"main\\/products\\/product-6.jpg\",\"main\\/products\\/product-18.jpg\"]'),(101,8,NULL,NULL,48,2.00,'This web app is really good in design, code quality & features. Besides, the customer support provided by the Botble team was really fast & helpful. You guys are awesome!','published','2024-10-31 20:46:41','2024-10-31 20:46:41','[\"main\\/products\\/product-details-desc-1.jpg\"]'),(102,5,NULL,NULL,41,3.00,'It\'s not my first experience here on Codecanyon and I can honestly tell you all that Botble puts a LOT of effort into the support. They answer so fast, they helped me tons of times. REALLY by far THE BEST EXPERIENCE on Codecanyon. Those guys at Botble are so good that they deserve 5 stars. I recommend them, I trust them and I can\'t wait to see what they will sell in a near future. Thank you Botble :)','published','2024-10-31 20:46:41','2024-10-31 20:46:41','[\"main\\/products\\/product-details-desc-3.jpg\"]'),(104,2,NULL,NULL,40,5.00,'Best ecommerce CMS online store!','published','2024-10-31 20:46:41','2024-10-31 20:46:41','[\"main\\/products\\/product-10.jpg\",\"main\\/products\\/product-details-desc-2.jpg\"]'),(105,10,NULL,NULL,29,2.00,'Great E-commerce system. And much more : Wonderful Customer Support.','published','2024-10-31 20:46:41','2024-10-31 20:46:41','[\"main\\/products\\/product-5.jpg\",\"main\\/products\\/product-10.jpg\",\"main\\/products\\/product-16.jpg\",\"main\\/products\\/product-details-desc-1.jpg\"]'),(109,5,NULL,NULL,40,5.00,'The code is good, in general, if you like it, can you give it 5 stars?','published','2024-10-31 20:46:41','2024-10-31 20:46:41','[\"main\\/products\\/product-10.jpg\",\"main\\/products\\/product-details-desc-3.jpg\"]'),(110,9,NULL,NULL,49,3.00,'The code is good, in general, if you like it, can you give it 5 stars?','published','2024-10-31 20:46:41','2024-10-31 20:46:41','[\"main\\/products\\/product-19.jpg\",\"main\\/products\\/product-20.jpg\",\"main\\/products\\/product-details-desc-2.jpg\"]'),(111,4,NULL,NULL,8,1.00,'The script is the best of its class, fast, easy to implement and work with , and the most important thing is the great support team , Recommend with no doubt.','published','2024-10-31 20:46:41','2024-10-31 20:46:41','[\"main\\/products\\/product-8.jpg\"]'),(112,9,NULL,NULL,24,4.00,'As a developer I reviewed this script. This is really awesome ecommerce script. I have convinced when I noticed that it\'s built on fully WordPress concept.','published','2024-10-31 20:46:41','2024-10-31 20:46:41','[\"main\\/products\\/product-6.jpg\",\"main\\/products\\/product-10.jpg\"]'),(113,5,NULL,NULL,47,4.00,'Ok good product. I have some issues in customizations. But its not correct to blame the developer. The product is good. Good luck for your business.','published','2024-10-31 20:46:41','2024-10-31 20:46:41','[\"main\\/products\\/product-2.jpg\",\"main\\/products\\/product-5.jpg\",\"main\\/products\\/product-10.jpg\"]'),(114,5,NULL,NULL,1,1.00,'Good app, good backup service and support. Good documentation.','published','2024-10-31 20:46:41','2024-10-31 20:46:41','[\"main\\/products\\/product-9.jpg\",\"main\\/products\\/product-12.jpg\",\"main\\/products\\/product-16.jpg\",\"main\\/products\\/product-18.jpg\"]'),(115,4,NULL,NULL,52,4.00,'It\'s not my first experience here on Codecanyon and I can honestly tell you all that Botble puts a LOT of effort into the support. They answer so fast, they helped me tons of times. REALLY by far THE BEST EXPERIENCE on Codecanyon. Those guys at Botble are so good that they deserve 5 stars. I recommend them, I trust them and I can\'t wait to see what they will sell in a near future. Thank you Botble :)','published','2024-10-31 20:46:41','2024-10-31 20:46:41','[\"main\\/products\\/product-5.jpg\",\"main\\/products\\/product-8.jpg\"]'),(116,4,NULL,NULL,46,5.00,'The script is the best of its class, fast, easy to implement and work with , and the most important thing is the great support team , Recommend with no doubt.','published','2024-10-31 20:46:41','2024-10-31 20:46:41','[\"main\\/products\\/product-4.jpg\",\"main\\/products\\/product-15.jpg\"]'),(117,8,NULL,NULL,57,1.00,'These guys are amazing! Responses immediately, amazing support and help... I immediately feel at ease after Purchasing..','published','2024-10-31 20:46:41','2024-10-31 20:46:41','[\"main\\/products\\/product-4.jpg\",\"main\\/products\\/product-13.jpg\",\"main\\/products\\/product-17.jpg\",\"main\\/products\\/product-18.jpg\"]'),(118,8,NULL,NULL,30,4.00,'Amazing code, amazing support. Overall, im really confident in Botble and im happy I made the right choice! Thank you so much guys for coding this masterpiece','published','2024-10-31 20:46:41','2024-10-31 20:46:41','[\"main\\/products\\/product-5.jpg\",\"main\\/products\\/product-10.jpg\",\"main\\/products\\/product-15.jpg\",\"main\\/products\\/product-details-desc-3.jpg\"]'),(119,6,NULL,NULL,54,1.00,'As a developer I reviewed this script. This is really awesome ecommerce script. I have convinced when I noticed that it\'s built on fully WordPress concept.','published','2024-10-31 20:46:41','2024-10-31 20:46:41','[\"main\\/products\\/product-15.jpg\",\"main\\/products\\/product-17.jpg\",\"main\\/products\\/product-20.jpg\"]'),(120,6,NULL,NULL,25,4.00,'Perfect +++++++++ i love it really also i get to fast ticket answers... Thanks Lot BOTBLE Teams','published','2024-10-31 20:46:41','2024-10-31 20:46:41','[\"main\\/products\\/product-5.jpg\",\"main\\/products\\/product-14.jpg\",\"main\\/products\\/product-19.jpg\"]'),(121,8,NULL,NULL,23,5.00,'The best store template! Excellent coding! Very good support! Thank you so much for all the help, I really appreciated.','published','2024-10-31 20:46:41','2024-10-31 20:46:41','[\"main\\/products\\/product-7.jpg\",\"main\\/products\\/product-details-desc-2.jpg\"]'),(122,2,NULL,NULL,17,1.00,'Ok good product. I have some issues in customizations. But its not correct to blame the developer. The product is good. Good luck for your business.','published','2024-10-31 20:46:41','2024-10-31 20:46:41','[\"main\\/products\\/product-1.jpg\",\"main\\/products\\/product-16.jpg\"]'),(123,2,NULL,NULL,1,5.00,'Good app, good backup service and support. Good documentation.','published','2024-10-31 20:46:41','2024-10-31 20:46:41','[\"main\\/products\\/product-4.jpg\",\"main\\/products\\/product-6.jpg\",\"main\\/products\\/product-12.jpg\",\"main\\/products\\/product-13.jpg\"]'),(124,10,NULL,NULL,11,1.00,'Those guys now what they are doing, the release such a good product that it\'s a pleasure to work with ! Even when I was stuck on the project, I created a ticket and the next day it was replied by the team. GOOD JOB guys. I love working with them :)','published','2024-10-31 20:46:41','2024-10-31 20:46:41','[\"main\\/products\\/product-3.jpg\",\"main\\/products\\/product-16.jpg\"]'),(125,10,NULL,NULL,9,2.00,'Solution is too robust for our purpose so we didn\'t use it at the end. But I appreciate customer support during initial configuration.','published','2024-10-31 20:46:41','2024-10-31 20:46:41','[\"main\\/products\\/product-9.jpg\",\"main\\/products\\/product-18.jpg\",\"main\\/products\\/product-19.jpg\"]'),(126,8,NULL,NULL,26,1.00,'For me the best eCommerce script on Envato at this moment: modern, clean code, a lot of great features. The customer support is great too: I always get an answer within hours!','published','2024-10-31 20:46:41','2024-10-31 20:46:41','[\"main\\/products\\/product-2.jpg\",\"main\\/products\\/product-11.jpg\",\"main\\/products\\/product-14.jpg\",\"main\\/products\\/product-18.jpg\"]'),(127,4,NULL,NULL,7,2.00,'Great E-commerce system. And much more : Wonderful Customer Support.','published','2024-10-31 20:46:41','2024-10-31 20:46:41','[\"main\\/products\\/product-15.jpg\"]'),(128,6,NULL,NULL,52,4.00,'Very enthusiastic support! Excellent code is written. It\'s a true pleasure working with.','published','2024-10-31 20:46:41','2024-10-31 20:46:41','[\"main\\/products\\/product-1.jpg\",\"main\\/products\\/product-10.jpg\",\"main\\/products\\/product-14.jpg\",\"main\\/products\\/product-17.jpg\"]'),(129,7,NULL,NULL,31,4.00,'Those guys now what they are doing, the release such a good product that it\'s a pleasure to work with ! Even when I was stuck on the project, I created a ticket and the next day it was replied by the team. GOOD JOB guys. I love working with them :)','published','2024-10-31 20:46:41','2024-10-31 20:46:41','[\"main\\/products\\/product-2.jpg\",\"main\\/products\\/product-7.jpg\",\"main\\/products\\/product-12.jpg\",\"main\\/products\\/product-19.jpg\"]'),(131,7,NULL,NULL,24,3.00,'Great E-commerce system. And much more : Wonderful Customer Support.','published','2024-10-31 20:46:41','2024-10-31 20:46:41','[\"main\\/products\\/product-9.jpg\",\"main\\/products\\/product-11.jpg\",\"main\\/products\\/product-15.jpg\"]'),(132,6,NULL,NULL,42,4.00,'Clean & perfect source code','published','2024-10-31 20:46:41','2024-10-31 20:46:41','[\"main\\/products\\/product-9.jpg\",\"main\\/products\\/product-11.jpg\",\"main\\/products\\/product-12.jpg\",\"main\\/products\\/product-details-desc-3.jpg\"]'),(133,10,NULL,NULL,39,5.00,'Best ecommerce CMS online store!','published','2024-10-31 20:46:41','2024-10-31 20:46:41','[\"main\\/products\\/product-5.jpg\",\"main\\/products\\/product-9.jpg\",\"main\\/products\\/product-16.jpg\"]'),(134,10,NULL,NULL,51,2.00,'The best store template! Excellent coding! Very good support! Thank you so much for all the help, I really appreciated.','published','2024-10-31 20:46:41','2024-10-31 20:46:41','[\"main\\/products\\/product-1.jpg\",\"main\\/products\\/product-5.jpg\",\"main\\/products\\/product-6.jpg\",\"main\\/products\\/product-17.jpg\"]'),(135,9,NULL,NULL,17,1.00,'We have received brilliant service support and will be expanding the features with the developer. Nice product!','published','2024-10-31 20:46:41','2024-10-31 20:46:41','[\"main\\/products\\/product-7.jpg\",\"main\\/products\\/product-17.jpg\"]'),(136,2,NULL,NULL,29,3.00,'Solution is too robust for our purpose so we didn\'t use it at the end. But I appreciate customer support during initial configuration.','published','2024-10-31 20:46:41','2024-10-31 20:46:41','[\"main\\/products\\/product-1.jpg\",\"main\\/products\\/product-12.jpg\"]'),(137,1,NULL,NULL,9,1.00,'Ok good product. I have some issues in customizations. But its not correct to blame the developer. The product is good. Good luck for your business.','published','2024-10-31 20:46:41','2024-10-31 20:46:41','[\"main\\/products\\/product-1.jpg\",\"main\\/products\\/product-2.jpg\",\"main\\/products\\/product-3.jpg\",\"main\\/products\\/product-4.jpg\"]'),(138,7,NULL,NULL,32,3.00,'It\'s not my first experience here on Codecanyon and I can honestly tell you all that Botble puts a LOT of effort into the support. They answer so fast, they helped me tons of times. REALLY by far THE BEST EXPERIENCE on Codecanyon. Those guys at Botble are so good that they deserve 5 stars. I recommend them, I trust them and I can\'t wait to see what they will sell in a near future. Thank you Botble :)','published','2024-10-31 20:46:41','2024-10-31 20:46:41','[\"main\\/products\\/product-8.jpg\",\"main\\/products\\/product-14.jpg\",\"main\\/products\\/product-17.jpg\"]'),(139,7,NULL,NULL,35,5.00,'Customer Support are grade (A*), however the code is a way too over engineered for it\'s purpose.','published','2024-10-31 20:46:41','2024-10-31 20:46:41','[\"main\\/products\\/product-3.jpg\"]'),(140,6,NULL,NULL,29,4.00,'These guys are amazing! Responses immediately, amazing support and help... I immediately feel at ease after Purchasing..','published','2024-10-31 20:46:41','2024-10-31 20:46:41','[\"main\\/products\\/product-17.jpg\",\"main\\/products\\/product-19.jpg\",\"main\\/products\\/product-details-desc-1.jpg\",\"main\\/products\\/product-details-desc-3.jpg\"]'),(142,4,NULL,NULL,31,4.00,'I Love this Script. I also found how to add other fees. Now I just wait the BIG update for the Marketplace with the Bulk Import. Just do not forget to make it to be Multi-language for us the Botble Fans.','published','2024-10-31 20:46:41','2024-10-31 20:46:41','[\"main\\/products\\/product-4.jpg\",\"main\\/products\\/product-8.jpg\"]'),(143,3,NULL,NULL,28,3.00,'Cool template. Excellent code quality. The support responds very quickly, which is very rare on themeforest and codecanyon.net, I buy a lot of templates, and everyone will have a response from technical support for two or three days. Thanks to tech support. I recommend to buy.','published','2024-10-31 20:46:41','2024-10-31 20:46:41','[\"main\\/products\\/product-11.jpg\"]'),(144,10,NULL,NULL,1,5.00,'Ok good product. I have some issues in customizations. But its not correct to blame the developer. The product is good. Good luck for your business.','published','2024-10-31 20:46:41','2024-10-31 20:46:41','[\"main\\/products\\/product-7.jpg\",\"main\\/products\\/product-10.jpg\",\"main\\/products\\/product-11.jpg\",\"main\\/products\\/product-18.jpg\"]'),(145,2,NULL,NULL,32,2.00,'The best ecommerce CMS! Excellent coding! best support service! Thank you so much..... I really like your hard work.','published','2024-10-31 20:46:41','2024-10-31 20:46:41','[\"main\\/products\\/product-10.jpg\",\"main\\/products\\/product-15.jpg\"]'),(146,1,NULL,NULL,45,3.00,'Ok good product. I have some issues in customizations. But its not correct to blame the developer. The product is good. Good luck for your business.','published','2024-10-31 20:46:41','2024-10-31 20:46:41','[\"main\\/products\\/product-details-desc-1.jpg\"]'),(147,4,NULL,NULL,25,5.00,'Great E-commerce system. And much more : Wonderful Customer Support.','published','2024-10-31 20:46:41','2024-10-31 20:46:41','[\"main\\/products\\/product-8.jpg\"]'),(148,9,NULL,NULL,10,1.00,'It\'s not my first experience here on Codecanyon and I can honestly tell you all that Botble puts a LOT of effort into the support. They answer so fast, they helped me tons of times. REALLY by far THE BEST EXPERIENCE on Codecanyon. Those guys at Botble are so good that they deserve 5 stars. I recommend them, I trust them and I can\'t wait to see what they will sell in a near future. Thank you Botble :)','published','2024-10-31 20:46:41','2024-10-31 20:46:41','[\"main\\/products\\/product-4.jpg\",\"main\\/products\\/product-9.jpg\",\"main\\/products\\/product-20.jpg\"]'),(150,7,NULL,NULL,38,3.00,'These guys are amazing! Responses immediately, amazing support and help... I immediately feel at ease after Purchasing..','published','2024-10-31 20:46:41','2024-10-31 20:46:41','[\"main\\/products\\/product-9.jpg\",\"main\\/products\\/product-10.jpg\",\"main\\/products\\/product-11.jpg\",\"main\\/products\\/product-14.jpg\"]'),(151,10,NULL,NULL,36,1.00,'Customer Support are grade (A*), however the code is a way too over engineered for it\'s purpose.','published','2024-10-31 20:46:41','2024-10-31 20:46:41','[\"main\\/products\\/product-2.jpg\",\"main\\/products\\/product-6.jpg\",\"main\\/products\\/product-7.jpg\",\"main\\/products\\/product-13.jpg\"]'),(152,6,NULL,NULL,45,5.00,'I Love this Script. I also found how to add other fees. Now I just wait the BIG update for the Marketplace with the Bulk Import. Just do not forget to make it to be Multi-language for us the Botble Fans.','published','2024-10-31 20:46:41','2024-10-31 20:46:41','[\"main\\/products\\/product-2.jpg\",\"main\\/products\\/product-3.jpg\",\"main\\/products\\/product-10.jpg\"]'),(154,7,NULL,NULL,8,3.00,'This script is well coded and is super fast. The support is pretty quick. Very patient and helpful team. I strongly recommend it and they deserve more than 5 stars.','published','2024-10-31 20:46:41','2024-10-31 20:46:41','[\"main\\/products\\/product-9.jpg\",\"main\\/products\\/product-14.jpg\"]'),(155,7,NULL,NULL,29,4.00,'Ok good product. I have some issues in customizations. But its not correct to blame the developer. The product is good. Good luck for your business.','published','2024-10-31 20:46:41','2024-10-31 20:46:41','[\"main\\/products\\/product-20.jpg\"]'),(156,6,NULL,NULL,10,5.00,'As a developer I reviewed this script. This is really awesome ecommerce script. I have convinced when I noticed that it\'s built on fully WordPress concept.','published','2024-10-31 20:46:41','2024-10-31 20:46:41','[\"main\\/products\\/product-2.jpg\",\"main\\/products\\/product-10.jpg\",\"main\\/products\\/product-12.jpg\",\"main\\/products\\/product-19.jpg\"]'),(157,6,NULL,NULL,18,4.00,'The script is the best of its class, fast, easy to implement and work with , and the most important thing is the great support team , Recommend with no doubt.','published','2024-10-31 20:46:41','2024-10-31 20:46:41','[\"main\\/products\\/product-7.jpg\",\"main\\/products\\/product-15.jpg\"]'),(158,7,NULL,NULL,2,1.00,'We have received brilliant service support and will be expanding the features with the developer. Nice product!','published','2024-10-31 20:46:41','2024-10-31 20:46:41','[\"main\\/products\\/product-13.jpg\"]'),(160,4,NULL,NULL,57,2.00,'Very enthusiastic support! Excellent code is written. It\'s a true pleasure working with.','published','2024-10-31 20:46:41','2024-10-31 20:46:41','[\"main\\/products\\/product-6.jpg\"]'),(163,9,NULL,NULL,34,5.00,'This script is well coded and is super fast. The support is pretty quick. Very patient and helpful team. I strongly recommend it and they deserve more than 5 stars.','published','2024-10-31 20:46:41','2024-10-31 20:46:41','[\"main\\/products\\/product-1.jpg\",\"main\\/products\\/product-9.jpg\",\"main\\/products\\/product-20.jpg\",\"main\\/products\\/product-details-desc-2.jpg\"]'),(165,2,NULL,NULL,49,3.00,'Customer Support are grade (A*), however the code is a way too over engineered for it\'s purpose.','published','2024-10-31 20:46:41','2024-10-31 20:46:41','[\"main\\/products\\/product-3.jpg\",\"main\\/products\\/product-5.jpg\",\"main\\/products\\/product-10.jpg\",\"main\\/products\\/product-15.jpg\"]'),(167,9,NULL,NULL,15,4.00,'These guys are amazing! Responses immediately, amazing support and help... I immediately feel at ease after Purchasing..','published','2024-10-31 20:46:41','2024-10-31 20:46:41','[\"main\\/products\\/product-12.jpg\",\"main\\/products\\/product-20.jpg\"]'),(168,7,NULL,NULL,40,3.00,'Customer Support are grade (A*), however the code is a way too over engineered for it\'s purpose.','published','2024-10-31 20:46:41','2024-10-31 20:46:41','[\"main\\/products\\/product-8.jpg\",\"main\\/products\\/product-15.jpg\",\"main\\/products\\/product-16.jpg\"]'),(170,10,NULL,NULL,20,4.00,'Second or third time that I buy a Botble product, happy with the products and support. You guys do a good job :)','published','2024-10-31 20:46:41','2024-10-31 20:46:41','[\"main\\/products\\/product-1.jpg\",\"main\\/products\\/product-13.jpg\",\"main\\/products\\/product-details-desc-2.jpg\"]'),(171,6,NULL,NULL,41,3.00,'Clean & perfect source code','published','2024-10-31 20:46:41','2024-10-31 20:46:41','[\"main\\/products\\/product-3.jpg\",\"main\\/products\\/product-12.jpg\",\"main\\/products\\/product-details-desc-3.jpg\"]'),(172,9,NULL,NULL,14,1.00,'Good app, good backup service and support. Good documentation.','published','2024-10-31 20:46:41','2024-10-31 20:46:41','[\"main\\/products\\/product-5.jpg\",\"main\\/products\\/product-8.jpg\",\"main\\/products\\/product-details-desc-3.jpg\"]'),(173,6,NULL,NULL,37,4.00,'Great E-commerce system. And much more : Wonderful Customer Support.','published','2024-10-31 20:46:41','2024-10-31 20:46:41','[\"main\\/products\\/product-17.jpg\"]'),(174,1,NULL,NULL,24,5.00,'The best ecommerce CMS! Excellent coding! best support service! Thank you so much..... I really like your hard work.','published','2024-10-31 20:46:41','2024-10-31 20:46:41','[\"main\\/products\\/product-20.jpg\"]'),(175,3,NULL,NULL,22,2.00,'Cool template. Excellent code quality. The support responds very quickly, which is very rare on themeforest and codecanyon.net, I buy a lot of templates, and everyone will have a response from technical support for two or three days. Thanks to tech support. I recommend to buy.','published','2024-10-31 20:46:41','2024-10-31 20:46:41','[\"main\\/products\\/product-7.jpg\",\"main\\/products\\/product-details-desc-1.jpg\",\"main\\/products\\/product-details-desc-2.jpg\",\"main\\/products\\/product-details-desc-3.jpg\"]'),(178,6,NULL,NULL,22,4.00,'It\'s not my first experience here on Codecanyon and I can honestly tell you all that Botble puts a LOT of effort into the support. They answer so fast, they helped me tons of times. REALLY by far THE BEST EXPERIENCE on Codecanyon. Those guys at Botble are so good that they deserve 5 stars. I recommend them, I trust them and I can\'t wait to see what they will sell in a near future. Thank you Botble :)','published','2024-10-31 20:46:41','2024-10-31 20:46:41','[\"main\\/products\\/product-1.jpg\",\"main\\/products\\/product-2.jpg\",\"main\\/products\\/product-20.jpg\"]'),(179,3,NULL,NULL,55,3.00,'Those guys now what they are doing, the release such a good product that it\'s a pleasure to work with ! Even when I was stuck on the project, I created a ticket and the next day it was replied by the team. GOOD JOB guys. I love working with them :)','published','2024-10-31 20:46:41','2024-10-31 20:46:41','[\"main\\/products\\/product-1.jpg\",\"main\\/products\\/product-3.jpg\",\"main\\/products\\/product-19.jpg\",\"main\\/products\\/product-details-desc-2.jpg\"]'),(181,2,NULL,NULL,25,2.00,'It\'s not my first experience here on Codecanyon and I can honestly tell you all that Botble puts a LOT of effort into the support. They answer so fast, they helped me tons of times. REALLY by far THE BEST EXPERIENCE on Codecanyon. Those guys at Botble are so good that they deserve 5 stars. I recommend them, I trust them and I can\'t wait to see what they will sell in a near future. Thank you Botble :)','published','2024-10-31 20:46:41','2024-10-31 20:46:41','[\"main\\/products\\/product-7.jpg\"]'),(183,4,NULL,NULL,37,1.00,'Amazing code, amazing support. Overall, im really confident in Botble and im happy I made the right choice! Thank you so much guys for coding this masterpiece','published','2024-10-31 20:46:41','2024-10-31 20:46:41','[\"main\\/products\\/product-3.jpg\"]'),(185,8,NULL,NULL,17,2.00,'Amazing code, amazing support. Overall, im really confident in Botble and im happy I made the right choice! Thank you so much guys for coding this masterpiece','published','2024-10-31 20:46:41','2024-10-31 20:46:41','[\"main\\/products\\/product-4.jpg\"]'),(186,7,NULL,NULL,34,3.00,'These guys are amazing! Responses immediately, amazing support and help... I immediately feel at ease after Purchasing..','published','2024-10-31 20:46:41','2024-10-31 20:46:41','[\"main\\/products\\/product-20.jpg\"]'),(188,8,NULL,NULL,8,1.00,'Great system, great support, good job Botble. I\'m looking forward to more great functional plugins.','published','2024-10-31 20:46:41','2024-10-31 20:46:41','[\"main\\/products\\/product-3.jpg\",\"main\\/products\\/product-7.jpg\",\"main\\/products\\/product-9.jpg\"]'),(189,1,NULL,NULL,3,2.00,'Ok good product. I have some issues in customizations. But its not correct to blame the developer. The product is good. Good luck for your business.','published','2024-10-31 20:46:41','2024-10-31 20:46:41','[\"main\\/products\\/product-4.jpg\",\"main\\/products\\/product-16.jpg\",\"main\\/products\\/product-20.jpg\",\"main\\/products\\/product-details-desc-1.jpg\"]'),(191,5,NULL,NULL,56,2.00,'Solution is too robust for our purpose so we didn\'t use it at the end. But I appreciate customer support during initial configuration.','published','2024-10-31 20:46:41','2024-10-31 20:46:41','[\"main\\/products\\/product-7.jpg\",\"main\\/products\\/product-17.jpg\"]'),(192,1,NULL,NULL,21,5.00,'Good app, good backup service and support. Good documentation.','published','2024-10-31 20:46:41','2024-10-31 20:46:41','[\"main\\/products\\/product-18.jpg\"]'),(193,7,NULL,NULL,44,1.00,'Amazing code, amazing support. Overall, im really confident in Botble and im happy I made the right choice! Thank you so much guys for coding this masterpiece','published','2024-10-31 20:46:41','2024-10-31 20:46:41','[\"main\\/products\\/product-3.jpg\",\"main\\/products\\/product-7.jpg\",\"main\\/products\\/product-12.jpg\",\"main\\/products\\/product-16.jpg\"]'),(195,8,NULL,NULL,40,1.00,'Those guys now what they are doing, the release such a good product that it\'s a pleasure to work with ! Even when I was stuck on the project, I created a ticket and the next day it was replied by the team. GOOD JOB guys. I love working with them :)','published','2024-10-31 20:46:41','2024-10-31 20:46:41','[\"main\\/products\\/product-6.jpg\"]'),(196,10,NULL,NULL,31,3.00,'Great E-commerce system. And much more : Wonderful Customer Support.','published','2024-10-31 20:46:41','2024-10-31 20:46:41','[\"main\\/products\\/product-2.jpg\"]'),(197,6,NULL,NULL,38,4.00,'This web app is really good in design, code quality & features. Besides, the customer support provided by the Botble team was really fast & helpful. You guys are awesome!','published','2024-10-31 20:46:41','2024-10-31 20:46:41','[\"main\\/products\\/product-2.jpg\",\"main\\/products\\/product-4.jpg\",\"main\\/products\\/product-17.jpg\",\"main\\/products\\/product-20.jpg\"]'),(198,7,NULL,NULL,33,4.00,'The best store template! Excellent coding! Very good support! Thank you so much for all the help, I really appreciated.','published','2024-10-31 20:46:41','2024-10-31 20:46:41','[\"main\\/products\\/product-12.jpg\",\"main\\/products\\/product-17.jpg\"]'),(199,5,NULL,NULL,51,2.00,'Customer Support are grade (A*), however the code is a way too over engineered for it\'s purpose.','published','2024-10-31 20:46:41','2024-10-31 20:46:41','[\"main\\/products\\/product-3.jpg\",\"main\\/products\\/product-8.jpg\"]'),(200,6,NULL,NULL,47,3.00,'We have received brilliant service support and will be expanding the features with the developer. Nice product!','published','2024-10-31 20:46:41','2024-10-31 20:46:41','[\"main\\/products\\/product-details-desc-2.jpg\"]'),(201,9,NULL,NULL,55,3.00,'Perfect +++++++++ i love it really also i get to fast ticket answers... Thanks Lot BOTBLE Teams','published','2024-10-31 20:46:41','2024-10-31 20:46:41','[\"main\\/products\\/product-3.jpg\",\"main\\/products\\/product-8.jpg\",\"main\\/products\\/product-19.jpg\"]'),(202,8,NULL,NULL,32,1.00,'Ok good product. I have some issues in customizations. But its not correct to blame the developer. The product is good. Good luck for your business.','published','2024-10-31 20:46:41','2024-10-31 20:46:41','[\"main\\/products\\/product-7.jpg\",\"main\\/products\\/product-13.jpg\"]'),(203,10,NULL,NULL,15,2.00,'Very enthusiastic support! Excellent code is written. It\'s a true pleasure working with.','published','2024-10-31 20:46:41','2024-10-31 20:46:41','[\"main\\/products\\/product-7.jpg\",\"main\\/products\\/product-12.jpg\",\"main\\/products\\/product-17.jpg\",\"main\\/products\\/product-details-desc-3.jpg\"]'),(205,1,NULL,NULL,52,5.00,'Clean & perfect source code','published','2024-10-31 20:46:41','2024-10-31 20:46:41','[\"main\\/products\\/product-18.jpg\"]'),(209,10,NULL,NULL,54,1.00,'The code is good, in general, if you like it, can you give it 5 stars?','published','2024-10-31 20:46:41','2024-10-31 20:46:41','[\"main\\/products\\/product-details-desc-2.jpg\"]'),(210,2,NULL,NULL,42,5.00,'Clean & perfect source code','published','2024-10-31 20:46:41','2024-10-31 20:46:41','[\"main\\/products\\/product-19.jpg\",\"main\\/products\\/product-details-desc-3.jpg\"]'),(213,3,NULL,NULL,23,1.00,'Solution is too robust for our purpose so we didn\'t use it at the end. But I appreciate customer support during initial configuration.','published','2024-10-31 20:46:41','2024-10-31 20:46:41','[\"main\\/products\\/product-9.jpg\",\"main\\/products\\/product-13.jpg\",\"main\\/products\\/product-15.jpg\",\"main\\/products\\/product-details-desc-3.jpg\"]'),(214,2,NULL,NULL,30,1.00,'We have received brilliant service support and will be expanding the features with the developer. Nice product!','published','2024-10-31 20:46:41','2024-10-31 20:46:41','[\"main\\/products\\/product-8.jpg\",\"main\\/products\\/product-20.jpg\",\"main\\/products\\/product-details-desc-1.jpg\"]'),(216,6,NULL,NULL,50,3.00,'Great E-commerce system. And much more : Wonderful Customer Support.','published','2024-10-31 20:46:41','2024-10-31 20:46:41','[\"main\\/products\\/product-2.jpg\",\"main\\/products\\/product-9.jpg\",\"main\\/products\\/product-11.jpg\",\"main\\/products\\/product-details-desc-3.jpg\"]'),(217,5,NULL,NULL,45,4.00,'I Love this Script. I also found how to add other fees. Now I just wait the BIG update for the Marketplace with the Bulk Import. Just do not forget to make it to be Multi-language for us the Botble Fans.','published','2024-10-31 20:46:41','2024-10-31 20:46:41','[\"main\\/products\\/product-4.jpg\",\"main\\/products\\/product-7.jpg\",\"main\\/products\\/product-10.jpg\",\"main\\/products\\/product-18.jpg\"]'),(219,3,NULL,NULL,1,5.00,'Great system, great support, good job Botble. I\'m looking forward to more great functional plugins.','published','2024-10-31 20:46:41','2024-10-31 20:46:41','[\"main\\/products\\/product-4.jpg\"]'),(220,2,NULL,NULL,23,1.00,'For me the best eCommerce script on Envato at this moment: modern, clean code, a lot of great features. The customer support is great too: I always get an answer within hours!','published','2024-10-31 20:46:41','2024-10-31 20:46:41','[\"main\\/products\\/product-11.jpg\",\"main\\/products\\/product-18.jpg\"]'),(221,5,NULL,NULL,5,4.00,'We have received brilliant service support and will be expanding the features with the developer. Nice product!','published','2024-10-31 20:46:41','2024-10-31 20:46:41','[\"main\\/products\\/product-8.jpg\"]'),(222,6,NULL,NULL,39,5.00,'The best ecommerce CMS! Excellent coding! best support service! Thank you so much..... I really like your hard work.','published','2024-10-31 20:46:41','2024-10-31 20:46:41','[\"main\\/products\\/product-4.jpg\",\"main\\/products\\/product-7.jpg\"]'),(223,9,NULL,NULL,56,2.00,'Solution is too robust for our purpose so we didn\'t use it at the end. But I appreciate customer support during initial configuration.','published','2024-10-31 20:46:41','2024-10-31 20:46:41','[\"main\\/products\\/product-8.jpg\",\"main\\/products\\/product-15.jpg\",\"main\\/products\\/product-details-desc-1.jpg\"]'),(224,3,NULL,NULL,15,1.00,'This script is well coded and is super fast. The support is pretty quick. Very patient and helpful team. I strongly recommend it and they deserve more than 5 stars.','published','2024-10-31 20:46:41','2024-10-31 20:46:41','[\"main\\/products\\/product-6.jpg\",\"main\\/products\\/product-8.jpg\",\"main\\/products\\/product-11.jpg\"]'),(225,3,NULL,NULL,57,4.00,'The script is the best of its class, fast, easy to implement and work with , and the most important thing is the great support team , Recommend with no doubt.','published','2024-10-31 20:46:41','2024-10-31 20:46:41','[\"main\\/products\\/product-2.jpg\",\"main\\/products\\/product-5.jpg\",\"main\\/products\\/product-details-desc-1.jpg\"]'),(227,9,NULL,NULL,12,5.00,'Good app, good backup service and support. Good documentation.','published','2024-10-31 20:46:41','2024-10-31 20:46:41','[\"main\\/products\\/product-13.jpg\",\"main\\/products\\/product-16.jpg\"]'),(229,1,NULL,NULL,8,1.00,'The code is good, in general, if you like it, can you give it 5 stars?','published','2024-10-31 20:46:41','2024-10-31 20:46:41','[\"main\\/products\\/product-13.jpg\",\"main\\/products\\/product-19.jpg\",\"main\\/products\\/product-details-desc-3.jpg\"]'),(230,10,NULL,NULL,43,2.00,'For me the best eCommerce script on Envato at this moment: modern, clean code, a lot of great features. The customer support is great too: I always get an answer within hours!','published','2024-10-31 20:46:41','2024-10-31 20:46:41','[\"main\\/products\\/product-8.jpg\"]'),(232,10,NULL,NULL,42,2.00,'Clean & perfect source code','published','2024-10-31 20:46:41','2024-10-31 20:46:41','[\"main\\/products\\/product-10.jpg\",\"main\\/products\\/product-17.jpg\",\"main\\/products\\/product-details-desc-3.jpg\"]'),(234,5,NULL,NULL,9,3.00,'It\'s not my first experience here on Codecanyon and I can honestly tell you all that Botble puts a LOT of effort into the support. They answer so fast, they helped me tons of times. REALLY by far THE BEST EXPERIENCE on Codecanyon. Those guys at Botble are so good that they deserve 5 stars. I recommend them, I trust them and I can\'t wait to see what they will sell in a near future. Thank you Botble :)','published','2024-10-31 20:46:41','2024-10-31 20:46:41','[\"main\\/products\\/product-10.jpg\",\"main\\/products\\/product-20.jpg\",\"main\\/products\\/product-details-desc-3.jpg\"]'),(236,9,NULL,NULL,32,1.00,'Perfect +++++++++ i love it really also i get to fast ticket answers... Thanks Lot BOTBLE Teams','published','2024-10-31 20:46:41','2024-10-31 20:46:41','[\"main\\/products\\/product-1.jpg\",\"main\\/products\\/product-5.jpg\",\"main\\/products\\/product-15.jpg\"]'),(238,5,NULL,NULL,55,1.00,'The code is good, in general, if you like it, can you give it 5 stars?','published','2024-10-31 20:46:41','2024-10-31 20:46:41','[\"main\\/products\\/product-1.jpg\",\"main\\/products\\/product-17.jpg\"]'),(239,7,NULL,NULL,5,4.00,'Ok good product. I have some issues in customizations. But its not correct to blame the developer. The product is good. Good luck for your business.','published','2024-10-31 20:46:41','2024-10-31 20:46:41','[\"main\\/products\\/product-15.jpg\"]'),(240,9,NULL,NULL,33,5.00,'The best ecommerce CMS! Excellent coding! best support service! Thank you so much..... I really like your hard work.','published','2024-10-31 20:46:41','2024-10-31 20:46:41','[\"main\\/products\\/product-2.jpg\",\"main\\/products\\/product-12.jpg\",\"main\\/products\\/product-19.jpg\"]'),(241,1,NULL,NULL,55,5.00,'As a developer I reviewed this script. This is really awesome ecommerce script. I have convinced when I noticed that it\'s built on fully WordPress concept.','published','2024-10-31 20:46:41','2024-10-31 20:46:41','[\"main\\/products\\/product-11.jpg\",\"main\\/products\\/product-details-desc-2.jpg\"]'),(243,3,NULL,NULL,17,3.00,'It\'s not my first experience here on Codecanyon and I can honestly tell you all that Botble puts a LOT of effort into the support. They answer so fast, they helped me tons of times. REALLY by far THE BEST EXPERIENCE on Codecanyon. Those guys at Botble are so good that they deserve 5 stars. I recommend them, I trust them and I can\'t wait to see what they will sell in a near future. Thank you Botble :)','published','2024-10-31 20:46:41','2024-10-31 20:46:41','[\"main\\/products\\/product-10.jpg\",\"main\\/products\\/product-12.jpg\",\"main\\/products\\/product-18.jpg\",\"main\\/products\\/product-20.jpg\"]'),(244,5,NULL,NULL,8,3.00,'It\'s not my first experience here on Codecanyon and I can honestly tell you all that Botble puts a LOT of effort into the support. They answer so fast, they helped me tons of times. REALLY by far THE BEST EXPERIENCE on Codecanyon. Those guys at Botble are so good that they deserve 5 stars. I recommend them, I trust them and I can\'t wait to see what they will sell in a near future. Thank you Botble :)','published','2024-10-31 20:46:41','2024-10-31 20:46:41','[\"main\\/products\\/product-15.jpg\"]'),(245,3,NULL,NULL,35,2.00,'Very enthusiastic support! Excellent code is written. It\'s a true pleasure working with.','published','2024-10-31 20:46:41','2024-10-31 20:46:41','[\"main\\/products\\/product-1.jpg\",\"main\\/products\\/product-2.jpg\",\"main\\/products\\/product-12.jpg\",\"main\\/products\\/product-16.jpg\"]'),(246,9,NULL,NULL,11,2.00,'The best store template! Excellent coding! Very good support! Thank you so much for all the help, I really appreciated.','published','2024-10-31 20:46:41','2024-10-31 20:46:41','[\"main\\/products\\/product-15.jpg\",\"main\\/products\\/product-17.jpg\"]'),(247,7,NULL,NULL,56,3.00,'This web app is really good in design, code quality & features. Besides, the customer support provided by the Botble team was really fast & helpful. You guys are awesome!','published','2024-10-31 20:46:41','2024-10-31 20:46:41','[\"main\\/products\\/product-10.jpg\"]'),(249,1,NULL,NULL,25,3.00,'It\'s not my first experience here on Codecanyon and I can honestly tell you all that Botble puts a LOT of effort into the support. They answer so fast, they helped me tons of times. REALLY by far THE BEST EXPERIENCE on Codecanyon. Those guys at Botble are so good that they deserve 5 stars. I recommend them, I trust them and I can\'t wait to see what they will sell in a near future. Thank you Botble :)','published','2024-10-31 20:46:41','2024-10-31 20:46:41','[\"main\\/products\\/product-8.jpg\",\"main\\/products\\/product-details-desc-3.jpg\"]'),(250,7,NULL,NULL,17,4.00,'The script is the best of its class, fast, easy to implement and work with , and the most important thing is the great support team , Recommend with no doubt.','published','2024-10-31 20:46:41','2024-10-31 20:46:41','[\"main\\/products\\/product-5.jpg\",\"main\\/products\\/product-18.jpg\"]'),(251,4,NULL,NULL,45,1.00,'Good app, good backup service and support. Good documentation.','published','2024-10-31 20:46:41','2024-10-31 20:46:41','[\"main\\/products\\/product-11.jpg\",\"main\\/products\\/product-17.jpg\"]'),(253,2,NULL,NULL,44,3.00,'We have received brilliant service support and will be expanding the features with the developer. Nice product!','published','2024-10-31 20:46:41','2024-10-31 20:46:41','[\"main\\/products\\/product-14.jpg\"]'),(254,10,NULL,NULL,18,2.00,'Second or third time that I buy a Botble product, happy with the products and support. You guys do a good job :)','published','2024-10-31 20:46:41','2024-10-31 20:46:41','[\"main\\/products\\/product-7.jpg\",\"main\\/products\\/product-details-desc-2.jpg\"]'),(255,6,NULL,NULL,55,1.00,'Customer Support are grade (A*), however the code is a way too over engineered for it\'s purpose.','published','2024-10-31 20:46:41','2024-10-31 20:46:41','[\"main\\/products\\/product-2.jpg\",\"main\\/products\\/product-7.jpg\",\"main\\/products\\/product-20.jpg\"]'),(257,10,NULL,NULL,30,4.00,'Very enthusiastic support! Excellent code is written. It\'s a true pleasure working with.','published','2024-10-31 20:46:41','2024-10-31 20:46:41','[\"main\\/products\\/product-9.jpg\",\"main\\/products\\/product-18.jpg\"]'),(258,10,NULL,NULL,12,3.00,'This web app is really good in design, code quality & features. Besides, the customer support provided by the Botble team was really fast & helpful. You guys are awesome!','published','2024-10-31 20:46:41','2024-10-31 20:46:41','[\"main\\/products\\/product-2.jpg\"]'),(259,8,NULL,NULL,36,2.00,'Those guys now what they are doing, the release such a good product that it\'s a pleasure to work with ! Even when I was stuck on the project, I created a ticket and the next day it was replied by the team. GOOD JOB guys. I love working with them :)','published','2024-10-31 20:46:41','2024-10-31 20:46:41','[\"main\\/products\\/product-1.jpg\",\"main\\/products\\/product-11.jpg\",\"main\\/products\\/product-17.jpg\",\"main\\/products\\/product-19.jpg\"]'),(260,10,NULL,NULL,7,2.00,'Those guys now what they are doing, the release such a good product that it\'s a pleasure to work with ! Even when I was stuck on the project, I created a ticket and the next day it was replied by the team. GOOD JOB guys. I love working with them :)','published','2024-10-31 20:46:41','2024-10-31 20:46:41','[\"main\\/products\\/product-6.jpg\"]'),(261,3,NULL,NULL,29,2.00,'Very enthusiastic support! Excellent code is written. It\'s a true pleasure working with.','published','2024-10-31 20:46:41','2024-10-31 20:46:41','[\"main\\/products\\/product-4.jpg\",\"main\\/products\\/product-7.jpg\",\"main\\/products\\/product-13.jpg\"]'),(265,5,NULL,NULL,43,4.00,'Solution is too robust for our purpose so we didn\'t use it at the end. But I appreciate customer support during initial configuration.','published','2024-10-31 20:46:41','2024-10-31 20:46:41','[\"main\\/products\\/product-19.jpg\",\"main\\/products\\/product-20.jpg\"]'),(266,7,NULL,NULL,28,1.00,'The best ecommerce CMS! Excellent coding! best support service! Thank you so much..... I really like your hard work.','published','2024-10-31 20:46:41','2024-10-31 20:46:41','[\"main\\/products\\/product-4.jpg\",\"main\\/products\\/product-14.jpg\"]'),(268,8,NULL,NULL,34,4.00,'Those guys now what they are doing, the release such a good product that it\'s a pleasure to work with ! Even when I was stuck on the project, I created a ticket and the next day it was replied by the team. GOOD JOB guys. I love working with them :)','published','2024-10-31 20:46:41','2024-10-31 20:46:41','[\"main\\/products\\/product-8.jpg\",\"main\\/products\\/product-10.jpg\",\"main\\/products\\/product-13.jpg\",\"main\\/products\\/product-16.jpg\"]'),(269,7,NULL,NULL,7,5.00,'The script is the best of its class, fast, easy to implement and work with , and the most important thing is the great support team , Recommend with no doubt.','published','2024-10-31 20:46:41','2024-10-31 20:46:41','[\"main\\/products\\/product-2.jpg\",\"main\\/products\\/product-19.jpg\"]'),(271,10,NULL,NULL,3,5.00,'It\'s not my first experience here on Codecanyon and I can honestly tell you all that Botble puts a LOT of effort into the support. They answer so fast, they helped me tons of times. REALLY by far THE BEST EXPERIENCE on Codecanyon. Those guys at Botble are so good that they deserve 5 stars. I recommend them, I trust them and I can\'t wait to see what they will sell in a near future. Thank you Botble :)','published','2024-10-31 20:46:41','2024-10-31 20:46:41','[\"main\\/products\\/product-9.jpg\"]'),(272,3,NULL,NULL,9,2.00,'Those guys now what they are doing, the release such a good product that it\'s a pleasure to work with ! Even when I was stuck on the project, I created a ticket and the next day it was replied by the team. GOOD JOB guys. I love working with them :)','published','2024-10-31 20:46:41','2024-10-31 20:46:41','[\"main\\/products\\/product-2.jpg\",\"main\\/products\\/product-9.jpg\",\"main\\/products\\/product-12.jpg\"]'),(274,7,NULL,NULL,19,1.00,'Solution is too robust for our purpose so we didn\'t use it at the end. But I appreciate customer support during initial configuration.','published','2024-10-31 20:46:41','2024-10-31 20:46:41','[\"main\\/products\\/product-8.jpg\"]'),(275,6,NULL,NULL,30,2.00,'As a developer I reviewed this script. This is really awesome ecommerce script. I have convinced when I noticed that it\'s built on fully WordPress concept.','published','2024-10-31 20:46:41','2024-10-31 20:46:41','[\"main\\/products\\/product-1.jpg\",\"main\\/products\\/product-7.jpg\",\"main\\/products\\/product-20.jpg\"]'),(276,4,NULL,NULL,40,4.00,'Solution is too robust for our purpose so we didn\'t use it at the end. But I appreciate customer support during initial configuration.','published','2024-10-31 20:46:41','2024-10-31 20:46:41','[\"main\\/products\\/product-15.jpg\",\"main\\/products\\/product-details-desc-3.jpg\"]'),(277,2,NULL,NULL,36,4.00,'Very enthusiastic support! Excellent code is written. It\'s a true pleasure working with.','published','2024-10-31 20:46:41','2024-10-31 20:46:41','[\"main\\/products\\/product-1.jpg\",\"main\\/products\\/product-11.jpg\",\"main\\/products\\/product-details-desc-3.jpg\"]'),(278,9,NULL,NULL,39,5.00,'Best ecommerce CMS online store!','published','2024-10-31 20:46:41','2024-10-31 20:46:41','[\"main\\/products\\/product-13.jpg\",\"main\\/products\\/product-16.jpg\",\"main\\/products\\/product-19.jpg\"]'),(282,7,NULL,NULL,55,2.00,'The code is good, in general, if you like it, can you give it 5 stars?','published','2024-10-31 20:46:41','2024-10-31 20:46:41','[\"main\\/products\\/product-3.jpg\",\"main\\/products\\/product-10.jpg\",\"main\\/products\\/product-details-desc-2.jpg\"]'),(286,3,NULL,NULL,42,3.00,'Clean & perfect source code','published','2024-10-31 20:46:41','2024-10-31 20:46:41','[\"main\\/products\\/product-2.jpg\",\"main\\/products\\/product-4.jpg\",\"main\\/products\\/product-details-desc-2.jpg\"]'),(289,10,NULL,NULL,56,2.00,'Ok good product. I have some issues in customizations. But its not correct to blame the developer. The product is good. Good luck for your business.','published','2024-10-31 20:46:41','2024-10-31 20:46:41','[\"main\\/products\\/product-18.jpg\",\"main\\/products\\/product-details-desc-3.jpg\"]'),(293,4,NULL,NULL,6,5.00,'The best store template! Excellent coding! Very good support! Thank you so much for all the help, I really appreciated.','published','2024-10-31 20:46:41','2024-10-31 20:46:41','[\"main\\/products\\/product-9.jpg\"]'),(294,8,NULL,NULL,5,5.00,'Ok good product. I have some issues in customizations. But its not correct to blame the developer. The product is good. Good luck for your business.','published','2024-10-31 20:46:41','2024-10-31 20:46:41','[\"main\\/products\\/product-7.jpg\",\"main\\/products\\/product-15.jpg\",\"main\\/products\\/product-19.jpg\"]'),(295,4,NULL,NULL,53,3.00,'Amazing code, amazing support. Overall, im really confident in Botble and im happy I made the right choice! Thank you so much guys for coding this masterpiece','published','2024-10-31 20:46:41','2024-10-31 20:46:41','[\"main\\/products\\/product-4.jpg\"]'),(296,9,NULL,NULL,27,5.00,'This web app is really good in design, code quality & features. Besides, the customer support provided by the Botble team was really fast & helpful. You guys are awesome!','published','2024-10-31 20:46:41','2024-10-31 20:46:41','[\"main\\/products\\/product-1.jpg\",\"main\\/products\\/product-14.jpg\",\"main\\/products\\/product-details-desc-1.jpg\",\"main\\/products\\/product-details-desc-2.jpg\"]'),(299,9,NULL,NULL,25,1.00,'The best ecommerce CMS! Excellent coding! best support service! Thank you so much..... I really like your hard work.','published','2024-10-31 20:46:41','2024-10-31 20:46:41','[\"main\\/products\\/product-6.jpg\",\"main\\/products\\/product-14.jpg\",\"main\\/products\\/product-details-desc-1.jpg\"]'),(300,3,NULL,NULL,26,2.00,'As a developer I reviewed this script. This is really awesome ecommerce script. I have convinced when I noticed that it\'s built on fully WordPress concept.','published','2024-10-31 20:46:41','2024-10-31 20:46:41','[\"main\\/products\\/product-5.jpg\",\"main\\/products\\/product-11.jpg\",\"main\\/products\\/product-16.jpg\"]'),(302,10,NULL,NULL,40,1.00,'Ok good product. I have some issues in customizations. But its not correct to blame the developer. The product is good. Good luck for your business.','published','2024-10-31 20:46:41','2024-10-31 20:46:41','[\"main\\/products\\/product-11.jpg\",\"main\\/products\\/product-details-desc-3.jpg\"]'),(303,6,NULL,NULL,51,3.00,'Very enthusiastic support! Excellent code is written. It\'s a true pleasure working with.','published','2024-10-31 20:46:41','2024-10-31 20:46:41','[\"main\\/products\\/product-9.jpg\",\"main\\/products\\/product-14.jpg\"]'),(304,8,NULL,NULL,47,3.00,'The best ecommerce CMS! Excellent coding! best support service! Thank you so much..... I really like your hard work.','published','2024-10-31 20:46:41','2024-10-31 20:46:41','[\"main\\/products\\/product-4.jpg\",\"main\\/products\\/product-6.jpg\",\"main\\/products\\/product-11.jpg\",\"main\\/products\\/product-16.jpg\"]'),(306,1,NULL,NULL,56,3.00,'We have received brilliant service support and will be expanding the features with the developer. Nice product!','published','2024-10-31 20:46:41','2024-10-31 20:46:41','[\"main\\/products\\/product-11.jpg\",\"main\\/products\\/product-details-desc-2.jpg\"]'),(307,4,NULL,NULL,24,2.00,'Great E-commerce system. And much more : Wonderful Customer Support.','published','2024-10-31 20:46:41','2024-10-31 20:46:41','[\"main\\/products\\/product-11.jpg\"]'),(308,6,NULL,NULL,26,5.00,'The script is the best of its class, fast, easy to implement and work with , and the most important thing is the great support team , Recommend with no doubt.','published','2024-10-31 20:46:41','2024-10-31 20:46:41','[\"main\\/products\\/product-5.jpg\",\"main\\/products\\/product-16.jpg\",\"main\\/products\\/product-19.jpg\"]'),(309,2,NULL,NULL,5,1.00,'Perfect +++++++++ i love it really also i get to fast ticket answers... Thanks Lot BOTBLE Teams','published','2024-10-31 20:46:41','2024-10-31 20:46:41','[\"main\\/products\\/product-10.jpg\",\"main\\/products\\/product-16.jpg\",\"main\\/products\\/product-17.jpg\"]'),(310,8,NULL,NULL,22,4.00,'Clean & perfect source code','published','2024-10-31 20:46:41','2024-10-31 20:46:41','[\"main\\/products\\/product-8.jpg\",\"main\\/products\\/product-16.jpg\"]'),(311,8,NULL,NULL,37,5.00,'Great E-commerce system. And much more : Wonderful Customer Support.','published','2024-10-31 20:46:41','2024-10-31 20:46:41','[\"main\\/products\\/product-5.jpg\",\"main\\/products\\/product-14.jpg\",\"main\\/products\\/product-19.jpg\",\"main\\/products\\/product-details-desc-1.jpg\"]'),(312,3,NULL,NULL,25,4.00,'We have received brilliant service support and will be expanding the features with the developer. Nice product!','published','2024-10-31 20:46:41','2024-10-31 20:46:41','[\"main\\/products\\/product-2.jpg\",\"main\\/products\\/product-9.jpg\",\"main\\/products\\/product-details-desc-3.jpg\"]'),(314,2,NULL,NULL,56,2.00,'It\'s not my first experience here on Codecanyon and I can honestly tell you all that Botble puts a LOT of effort into the support. They answer so fast, they helped me tons of times. REALLY by far THE BEST EXPERIENCE on Codecanyon. Those guys at Botble are so good that they deserve 5 stars. I recommend them, I trust them and I can\'t wait to see what they will sell in a near future. Thank you Botble :)','published','2024-10-31 20:46:41','2024-10-31 20:46:41','[\"main\\/products\\/product-4.jpg\",\"main\\/products\\/product-7.jpg\"]'),(315,3,NULL,NULL,49,5.00,'It\'s not my first experience here on Codecanyon and I can honestly tell you all that Botble puts a LOT of effort into the support. They answer so fast, they helped me tons of times. REALLY by far THE BEST EXPERIENCE on Codecanyon. Those guys at Botble are so good that they deserve 5 stars. I recommend them, I trust them and I can\'t wait to see what they will sell in a near future. Thank you Botble :)','published','2024-10-31 20:46:41','2024-10-31 20:46:41','[\"main\\/products\\/product-2.jpg\",\"main\\/products\\/product-9.jpg\"]'),(317,5,NULL,NULL,18,5.00,'The best ecommerce CMS! Excellent coding! best support service! Thank you so much..... I really like your hard work.','published','2024-10-31 20:46:41','2024-10-31 20:46:41','[\"main\\/products\\/product-1.jpg\",\"main\\/products\\/product-2.jpg\",\"main\\/products\\/product-details-desc-3.jpg\"]'),(319,1,NULL,NULL,36,4.00,'For me the best eCommerce script on Envato at this moment: modern, clean code, a lot of great features. The customer support is great too: I always get an answer within hours!','published','2024-10-31 20:46:41','2024-10-31 20:46:41','[\"main\\/products\\/product-13.jpg\",\"main\\/products\\/product-details-desc-3.jpg\"]'),(320,1,NULL,NULL,15,2.00,'For me the best eCommerce script on Envato at this moment: modern, clean code, a lot of great features. The customer support is great too: I always get an answer within hours!','published','2024-10-31 20:46:41','2024-10-31 20:46:41','[\"main\\/products\\/product-9.jpg\",\"main\\/products\\/product-13.jpg\",\"main\\/products\\/product-17.jpg\",\"main\\/products\\/product-details-desc-2.jpg\"]'),(322,3,NULL,NULL,10,1.00,'Perfect +++++++++ i love it really also i get to fast ticket answers... Thanks Lot BOTBLE Teams','published','2024-10-31 20:46:41','2024-10-31 20:46:41','[\"main\\/products\\/product-4.jpg\"]'),(324,5,NULL,NULL,35,5.00,'Ok good product. I have some issues in customizations. But its not correct to blame the developer. The product is good. Good luck for your business.','published','2024-10-31 20:46:41','2024-10-31 20:46:41','[\"main\\/products\\/product-1.jpg\",\"main\\/products\\/product-5.jpg\",\"main\\/products\\/product-15.jpg\",\"main\\/products\\/product-19.jpg\"]'),(325,10,NULL,NULL,26,2.00,'As a developer I reviewed this script. This is really awesome ecommerce script. I have convinced when I noticed that it\'s built on fully WordPress concept.','published','2024-10-31 20:46:41','2024-10-31 20:46:41','[\"main\\/products\\/product-5.jpg\"]'),(326,5,NULL,NULL,2,1.00,'Those guys now what they are doing, the release such a good product that it\'s a pleasure to work with ! Even when I was stuck on the project, I created a ticket and the next day it was replied by the team. GOOD JOB guys. I love working with them :)','published','2024-10-31 20:46:41','2024-10-31 20:46:41','[\"main\\/products\\/product-18.jpg\"]'),(327,8,NULL,NULL,56,2.00,'As a developer I reviewed this script. This is really awesome ecommerce script. I have convinced when I noticed that it\'s built on fully WordPress concept.','published','2024-10-31 20:46:41','2024-10-31 20:46:41','[\"main\\/products\\/product-10.jpg\",\"main\\/products\\/product-13.jpg\",\"main\\/products\\/product-19.jpg\",\"main\\/products\\/product-details-desc-1.jpg\"]'),(329,5,NULL,NULL,27,4.00,'As a developer I reviewed this script. This is really awesome ecommerce script. I have convinced when I noticed that it\'s built on fully WordPress concept.','published','2024-10-31 20:46:41','2024-10-31 20:46:41','[\"main\\/products\\/product-17.jpg\",\"main\\/products\\/product-18.jpg\",\"main\\/products\\/product-details-desc-1.jpg\"]'),(330,10,NULL,NULL,41,3.00,'Very enthusiastic support! Excellent code is written. It\'s a true pleasure working with.','published','2024-10-31 20:46:41','2024-10-31 20:46:41','[\"main\\/products\\/product-5.jpg\",\"main\\/products\\/product-10.jpg\",\"main\\/products\\/product-14.jpg\"]'),(331,3,NULL,NULL,40,5.00,'The script is the best of its class, fast, easy to implement and work with , and the most important thing is the great support team , Recommend with no doubt.','published','2024-10-31 20:46:41','2024-10-31 20:46:41','[\"main\\/products\\/product-1.jpg\"]'),(333,3,NULL,NULL,50,3.00,'Very enthusiastic support! Excellent code is written. It\'s a true pleasure working with.','published','2024-10-31 20:46:41','2024-10-31 20:46:41','[\"main\\/products\\/product-3.jpg\",\"main\\/products\\/product-9.jpg\",\"main\\/products\\/product-11.jpg\",\"main\\/products\\/product-19.jpg\"]'),(337,3,NULL,NULL,14,1.00,'Clean & perfect source code','published','2024-10-31 20:46:41','2024-10-31 20:46:41','[\"main\\/products\\/product-3.jpg\",\"main\\/products\\/product-7.jpg\",\"main\\/products\\/product-19.jpg\"]'),(340,4,NULL,NULL,38,1.00,'The best ecommerce CMS! Excellent coding! best support service! Thank you so much..... I really like your hard work.','published','2024-10-31 20:46:41','2024-10-31 20:46:41','[\"main\\/products\\/product-7.jpg\",\"main\\/products\\/product-11.jpg\",\"main\\/products\\/product-12.jpg\"]'),(341,8,NULL,NULL,19,2.00,'The code is good, in general, if you like it, can you give it 5 stars?','published','2024-10-31 20:46:41','2024-10-31 20:46:41','[\"main\\/products\\/product-12.jpg\"]'),(343,1,NULL,NULL,42,3.00,'Great system, great support, good job Botble. I\'m looking forward to more great functional plugins.','published','2024-10-31 20:46:41','2024-10-31 20:46:41','[\"main\\/products\\/product-3.jpg\",\"main\\/products\\/product-16.jpg\",\"main\\/products\\/product-17.jpg\",\"main\\/products\\/product-details-desc-2.jpg\"]'),(344,8,NULL,NULL,3,4.00,'For me the best eCommerce script on Envato at this moment: modern, clean code, a lot of great features. The customer support is great too: I always get an answer within hours!','published','2024-10-31 20:46:41','2024-10-31 20:46:41','[\"main\\/products\\/product-3.jpg\",\"main\\/products\\/product-9.jpg\"]'),(345,1,NULL,NULL,17,1.00,'This script is well coded and is super fast. The support is pretty quick. Very patient and helpful team. I strongly recommend it and they deserve more than 5 stars.','published','2024-10-31 20:46:41','2024-10-31 20:46:41','[\"main\\/products\\/product-details-desc-1.jpg\"]'),(346,4,NULL,NULL,54,3.00,'The code is good, in general, if you like it, can you give it 5 stars?','published','2024-10-31 20:46:41','2024-10-31 20:46:41','[\"main\\/products\\/product-5.jpg\",\"main\\/products\\/product-15.jpg\"]'),(347,7,NULL,NULL,36,5.00,'Customer Support are grade (A*), however the code is a way too over engineered for it\'s purpose.','published','2024-10-31 20:46:41','2024-10-31 20:46:41','[\"main\\/products\\/product-15.jpg\"]'),(348,9,NULL,NULL,30,1.00,'Perfect +++++++++ i love it really also i get to fast ticket answers... Thanks Lot BOTBLE Teams','published','2024-10-31 20:46:41','2024-10-31 20:46:41','[\"main\\/products\\/product-13.jpg\",\"main\\/products\\/product-15.jpg\",\"main\\/products\\/product-17.jpg\",\"main\\/products\\/product-19.jpg\"]'),(354,9,NULL,NULL,13,3.00,'I Love this Script. I also found how to add other fees. Now I just wait the BIG update for the Marketplace with the Bulk Import. Just do not forget to make it to be Multi-language for us the Botble Fans.','published','2024-10-31 20:46:41','2024-10-31 20:46:41','[\"main\\/products\\/product-19.jpg\"]'),(355,3,NULL,NULL,51,5.00,'Great E-commerce system. And much more : Wonderful Customer Support.','published','2024-10-31 20:46:41','2024-10-31 20:46:41','[\"main\\/products\\/product-3.jpg\",\"main\\/products\\/product-8.jpg\",\"main\\/products\\/product-10.jpg\"]'),(357,2,NULL,NULL,27,5.00,'The best ecommerce CMS! Excellent coding! best support service! Thank you so much..... I really like your hard work.','published','2024-10-31 20:46:41','2024-10-31 20:46:41','[\"main\\/products\\/product-3.jpg\",\"main\\/products\\/product-20.jpg\",\"main\\/products\\/product-details-desc-3.jpg\"]'),(361,9,NULL,NULL,18,1.00,'The best store template! Excellent coding! Very good support! Thank you so much for all the help, I really appreciated.','published','2024-10-31 20:46:41','2024-10-31 20:46:41','[\"main\\/products\\/product-6.jpg\",\"main\\/products\\/product-7.jpg\",\"main\\/products\\/product-11.jpg\",\"main\\/products\\/product-17.jpg\"]'),(367,2,NULL,NULL,38,3.00,'This script is well coded and is super fast. The support is pretty quick. Very patient and helpful team. I strongly recommend it and they deserve more than 5 stars.','published','2024-10-31 20:46:41','2024-10-31 20:46:41','[\"main\\/products\\/product-14.jpg\",\"main\\/products\\/product-17.jpg\"]'),(368,2,NULL,NULL,41,5.00,'Great system, great support, good job Botble. I\'m looking forward to more great functional plugins.','published','2024-10-31 20:46:41','2024-10-31 20:46:41','[\"main\\/products\\/product-4.jpg\",\"main\\/products\\/product-6.jpg\",\"main\\/products\\/product-10.jpg\",\"main\\/products\\/product-13.jpg\"]'),(369,5,NULL,NULL,7,3.00,'As a developer I reviewed this script. This is really awesome ecommerce script. I have convinced when I noticed that it\'s built on fully WordPress concept.','published','2024-10-31 20:46:41','2024-10-31 20:46:41','[\"main\\/products\\/product-2.jpg\",\"main\\/products\\/product-7.jpg\",\"main\\/products\\/product-13.jpg\",\"main\\/products\\/product-20.jpg\"]'),(370,8,NULL,NULL,28,1.00,'I Love this Script. I also found how to add other fees. Now I just wait the BIG update for the Marketplace with the Bulk Import. Just do not forget to make it to be Multi-language for us the Botble Fans.','published','2024-10-31 20:46:41','2024-10-31 20:46:41','[\"main\\/products\\/product-1.jpg\",\"main\\/products\\/product-14.jpg\"]'),(372,10,NULL,NULL,57,3.00,'The code is good, in general, if you like it, can you give it 5 stars?','published','2024-10-31 20:46:41','2024-10-31 20:46:41','[\"main\\/products\\/product-15.jpg\"]'),(377,2,NULL,NULL,24,2.00,'Solution is too robust for our purpose so we didn\'t use it at the end. But I appreciate customer support during initial configuration.','published','2024-10-31 20:46:41','2024-10-31 20:46:41','[\"main\\/products\\/product-20.jpg\"]'),(380,8,NULL,NULL,1,3.00,'The best ecommerce CMS! Excellent coding! best support service! Thank you so much..... I really like your hard work.','published','2024-10-31 20:46:41','2024-10-31 20:46:41','[\"main\\/products\\/product-details-desc-1.jpg\"]'),(382,5,NULL,NULL,53,1.00,'The best ecommerce CMS! Excellent coding! best support service! Thank you so much..... I really like your hard work.','published','2024-10-31 20:46:41','2024-10-31 20:46:41','[\"main\\/products\\/product-4.jpg\"]'),(383,1,NULL,NULL,41,1.00,'The best ecommerce CMS! Excellent coding! best support service! Thank you so much..... I really like your hard work.','published','2024-10-31 20:46:41','2024-10-31 20:46:41','[\"main\\/products\\/product-12.jpg\"]'),(384,6,NULL,NULL,15,4.00,'These guys are amazing! Responses immediately, amazing support and help... I immediately feel at ease after Purchasing..','published','2024-10-31 20:46:41','2024-10-31 20:46:41','[\"main\\/products\\/product-12.jpg\",\"main\\/products\\/product-16.jpg\",\"main\\/products\\/product-19.jpg\"]'),(388,10,NULL,NULL,34,3.00,'The code is good, in general, if you like it, can you give it 5 stars?','published','2024-10-31 20:46:41','2024-10-31 20:46:41','[\"main\\/products\\/product-2.jpg\",\"main\\/products\\/product-11.jpg\"]'),(390,4,NULL,NULL,42,3.00,'Great system, great support, good job Botble. I\'m looking forward to more great functional plugins.','published','2024-10-31 20:46:41','2024-10-31 20:46:41','[\"main\\/products\\/product-18.jpg\"]'),(392,10,NULL,NULL,49,2.00,'Great E-commerce system. And much more : Wonderful Customer Support.','published','2024-10-31 20:46:41','2024-10-31 20:46:41','[\"main\\/products\\/product-7.jpg\",\"main\\/products\\/product-18.jpg\",\"main\\/products\\/product-20.jpg\"]'),(394,8,NULL,NULL,54,5.00,'Clean & perfect source code','published','2024-10-31 20:46:41','2024-10-31 20:46:41','[\"main\\/products\\/product-4.jpg\",\"main\\/products\\/product-8.jpg\",\"main\\/products\\/product-19.jpg\"]'),(396,7,NULL,NULL,51,2.00,'Second or third time that I buy a Botble product, happy with the products and support. You guys do a good job :)','published','2024-10-31 20:46:41','2024-10-31 20:46:41','[\"main\\/products\\/product-4.jpg\"]'),(397,6,NULL,NULL,7,3.00,'As a developer I reviewed this script. This is really awesome ecommerce script. I have convinced when I noticed that it\'s built on fully WordPress concept.','published','2024-10-31 20:46:41','2024-10-31 20:46:41','[\"main\\/products\\/product-13.jpg\",\"main\\/products\\/product-16.jpg\"]'),(398,7,NULL,NULL,23,4.00,'Second or third time that I buy a Botble product, happy with the products and support. You guys do a good job :)','published','2024-10-31 20:46:41','2024-10-31 20:46:41','[\"main\\/products\\/product-9.jpg\"]'),(401,7,NULL,NULL,39,2.00,'Very enthusiastic support! Excellent code is written. It\'s a true pleasure working with.','published','2024-10-31 20:46:41','2024-10-31 20:46:41','[\"main\\/products\\/product-6.jpg\",\"main\\/products\\/product-8.jpg\",\"main\\/products\\/product-12.jpg\",\"main\\/products\\/product-details-desc-3.jpg\"]'),(405,1,NULL,NULL,37,4.00,'It\'s not my first experience here on Codecanyon and I can honestly tell you all that Botble puts a LOT of effort into the support. They answer so fast, they helped me tons of times. REALLY by far THE BEST EXPERIENCE on Codecanyon. Those guys at Botble are so good that they deserve 5 stars. I recommend them, I trust them and I can\'t wait to see what they will sell in a near future. Thank you Botble :)','published','2024-10-31 20:46:41','2024-10-31 20:46:41','[\"main\\/products\\/product-12.jpg\"]'),(410,6,NULL,NULL,8,5.00,'Solution is too robust for our purpose so we didn\'t use it at the end. But I appreciate customer support during initial configuration.','published','2024-10-31 20:46:41','2024-10-31 20:46:41','[\"main\\/products\\/product-4.jpg\",\"main\\/products\\/product-5.jpg\",\"main\\/products\\/product-7.jpg\"]'),(414,7,NULL,NULL,37,4.00,'Clean & perfect source code','published','2024-10-31 20:46:41','2024-10-31 20:46:41','[\"main\\/products\\/product-5.jpg\",\"main\\/products\\/product-10.jpg\"]'),(415,1,NULL,NULL,49,4.00,'Good app, good backup service and support. Good documentation.','published','2024-10-31 20:46:41','2024-10-31 20:46:41','[\"main\\/products\\/product-2.jpg\"]'),(416,10,NULL,NULL,14,4.00,'For me the best eCommerce script on Envato at this moment: modern, clean code, a lot of great features. The customer support is great too: I always get an answer within hours!','published','2024-10-31 20:46:41','2024-10-31 20:46:41','[\"main\\/products\\/product-5.jpg\",\"main\\/products\\/product-20.jpg\",\"main\\/products\\/product-details-desc-1.jpg\",\"main\\/products\\/product-details-desc-3.jpg\"]'),(417,3,NULL,NULL,12,4.00,'Ok good product. I have some issues in customizations. But its not correct to blame the developer. The product is good. Good luck for your business.','published','2024-10-31 20:46:41','2024-10-31 20:46:41','[\"main\\/products\\/product-12.jpg\",\"main\\/products\\/product-20.jpg\"]'),(418,10,NULL,NULL,22,3.00,'Very enthusiastic support! Excellent code is written. It\'s a true pleasure working with.','published','2024-10-31 20:46:41','2024-10-31 20:46:41','[\"main\\/products\\/product-5.jpg\",\"main\\/products\\/product-18.jpg\",\"main\\/products\\/product-details-desc-3.jpg\"]'),(424,8,NULL,NULL,10,3.00,'It\'s not my first experience here on Codecanyon and I can honestly tell you all that Botble puts a LOT of effort into the support. They answer so fast, they helped me tons of times. REALLY by far THE BEST EXPERIENCE on Codecanyon. Those guys at Botble are so good that they deserve 5 stars. I recommend them, I trust them and I can\'t wait to see what they will sell in a near future. Thank you Botble :)','published','2024-10-31 20:46:41','2024-10-31 20:46:41','[\"main\\/products\\/product-17.jpg\"]'),(427,10,NULL,NULL,45,5.00,'Very enthusiastic support! Excellent code is written. It\'s a true pleasure working with.','published','2024-10-31 20:46:41','2024-10-31 20:46:41','[\"main\\/products\\/product-16.jpg\"]'),(428,1,NULL,NULL,22,1.00,'As a developer I reviewed this script. This is really awesome ecommerce script. I have convinced when I noticed that it\'s built on fully WordPress concept.','published','2024-10-31 20:46:41','2024-10-31 20:46:41','[\"main\\/products\\/product-1.jpg\",\"main\\/products\\/product-6.jpg\"]'),(431,8,NULL,NULL,7,1.00,'Great E-commerce system. And much more : Wonderful Customer Support.','published','2024-10-31 20:46:41','2024-10-31 20:46:41','[\"main\\/products\\/product-6.jpg\",\"main\\/products\\/product-13.jpg\",\"main\\/products\\/product-15.jpg\",\"main\\/products\\/product-details-desc-2.jpg\"]'),(435,5,NULL,NULL,3,4.00,'Great system, great support, good job Botble. I\'m looking forward to more great functional plugins.','published','2024-10-31 20:46:41','2024-10-31 20:46:41','[\"main\\/products\\/product-13.jpg\"]'),(436,5,NULL,NULL,17,1.00,'Best ecommerce CMS online store!','published','2024-10-31 20:46:41','2024-10-31 20:46:41','[\"main\\/products\\/product-10.jpg\",\"main\\/products\\/product-12.jpg\",\"main\\/products\\/product-16.jpg\",\"main\\/products\\/product-details-desc-1.jpg\"]'),(440,6,NULL,NULL,56,1.00,'Amazing code, amazing support. Overall, im really confident in Botble and im happy I made the right choice! Thank you so much guys for coding this masterpiece','published','2024-10-31 20:46:41','2024-10-31 20:46:41','[\"main\\/products\\/product-9.jpg\",\"main\\/products\\/product-12.jpg\"]'),(443,10,NULL,NULL,10,1.00,'As a developer I reviewed this script. This is really awesome ecommerce script. I have convinced when I noticed that it\'s built on fully WordPress concept.','published','2024-10-31 20:46:41','2024-10-31 20:46:41','[\"main\\/products\\/product-17.jpg\",\"main\\/products\\/product-18.jpg\",\"main\\/products\\/product-details-desc-2.jpg\",\"main\\/products\\/product-details-desc-3.jpg\"]'),(444,7,NULL,NULL,1,1.00,'Great E-commerce system. And much more : Wonderful Customer Support.','published','2024-10-31 20:46:41','2024-10-31 20:46:41','[\"main\\/products\\/product-2.jpg\",\"main\\/products\\/product-12.jpg\"]'),(445,5,NULL,NULL,23,5.00,'It\'s not my first experience here on Codecanyon and I can honestly tell you all that Botble puts a LOT of effort into the support. They answer so fast, they helped me tons of times. REALLY by far THE BEST EXPERIENCE on Codecanyon. Those guys at Botble are so good that they deserve 5 stars. I recommend them, I trust them and I can\'t wait to see what they will sell in a near future. Thank you Botble :)','published','2024-10-31 20:46:41','2024-10-31 20:46:41','[\"main\\/products\\/product-3.jpg\",\"main\\/products\\/product-11.jpg\",\"main\\/products\\/product-14.jpg\"]'),(447,5,NULL,NULL,34,1.00,'Ok good product. I have some issues in customizations. But its not correct to blame the developer. The product is good. Good luck for your business.','published','2024-10-31 20:46:41','2024-10-31 20:46:41','[\"main\\/products\\/product-12.jpg\"]'),(448,9,NULL,NULL,7,3.00,'The best ecommerce CMS! Excellent coding! best support service! Thank you so much..... I really like your hard work.','published','2024-10-31 20:46:41','2024-10-31 20:46:41','[\"main\\/products\\/product-3.jpg\"]'),(453,3,NULL,NULL,37,3.00,'The script is the best of its class, fast, easy to implement and work with , and the most important thing is the great support team , Recommend with no doubt.','published','2024-10-31 20:46:41','2024-10-31 20:46:41','[\"main\\/products\\/product-19.jpg\"]'),(456,2,NULL,NULL,20,4.00,'For me the best eCommerce script on Envato at this moment: modern, clean code, a lot of great features. The customer support is great too: I always get an answer within hours!','published','2024-10-31 20:46:41','2024-10-31 20:46:41','[\"main\\/products\\/product-3.jpg\",\"main\\/products\\/product-4.jpg\",\"main\\/products\\/product-14.jpg\",\"main\\/products\\/product-19.jpg\"]'),(459,5,NULL,NULL,14,1.00,'For me the best eCommerce script on Envato at this moment: modern, clean code, a lot of great features. The customer support is great too: I always get an answer within hours!','published','2024-10-31 20:46:41','2024-10-31 20:46:41','[\"main\\/products\\/product-details-desc-2.jpg\"]'),(461,6,NULL,NULL,33,4.00,'Very enthusiastic support! Excellent code is written. It\'s a true pleasure working with.','published','2024-10-31 20:46:41','2024-10-31 20:46:41','[\"main\\/products\\/product-details-desc-1.jpg\",\"main\\/products\\/product-details-desc-2.jpg\",\"main\\/products\\/product-details-desc-3.jpg\"]'),(463,1,NULL,NULL,48,2.00,'Solution is too robust for our purpose so we didn\'t use it at the end. But I appreciate customer support during initial configuration.','published','2024-10-31 20:46:41','2024-10-31 20:46:41','[\"main\\/products\\/product-3.jpg\",\"main\\/products\\/product-10.jpg\",\"main\\/products\\/product-12.jpg\",\"main\\/products\\/product-20.jpg\"]'),(464,1,NULL,NULL,20,4.00,'Perfect +++++++++ i love it really also i get to fast ticket answers... Thanks Lot BOTBLE Teams','published','2024-10-31 20:46:41','2024-10-31 20:46:41','[\"main\\/products\\/product-11.jpg\",\"main\\/products\\/product-18.jpg\",\"main\\/products\\/product-details-desc-1.jpg\"]'),(465,10,NULL,NULL,16,2.00,'We have received brilliant service support and will be expanding the features with the developer. Nice product!','published','2024-10-31 20:46:41','2024-10-31 20:46:41','[\"main\\/products\\/product-9.jpg\",\"main\\/products\\/product-15.jpg\",\"main\\/products\\/product-17.jpg\",\"main\\/products\\/product-details-desc-1.jpg\"]'),(466,9,NULL,NULL,36,4.00,'This script is well coded and is super fast. The support is pretty quick. Very patient and helpful team. I strongly recommend it and they deserve more than 5 stars.','published','2024-10-31 20:46:41','2024-10-31 20:46:41','[\"main\\/products\\/product-14.jpg\"]'),(467,6,NULL,NULL,31,2.00,'We have received brilliant service support and will be expanding the features with the developer. Nice product!','published','2024-10-31 20:46:41','2024-10-31 20:46:41','[\"main\\/products\\/product-9.jpg\"]'),(468,8,NULL,NULL,53,3.00,'The code is good, in general, if you like it, can you give it 5 stars?','published','2024-10-31 20:46:41','2024-10-31 20:46:41','[\"main\\/products\\/product-9.jpg\"]'),(470,1,NULL,NULL,33,1.00,'I Love this Script. I also found how to add other fees. Now I just wait the BIG update for the Marketplace with the Bulk Import. Just do not forget to make it to be Multi-language for us the Botble Fans.','published','2024-10-31 20:46:41','2024-10-31 20:46:41','[\"main\\/products\\/product-15.jpg\",\"main\\/products\\/product-18.jpg\",\"main\\/products\\/product-details-desc-1.jpg\"]'),(471,4,NULL,NULL,36,3.00,'I Love this Script. I also found how to add other fees. Now I just wait the BIG update for the Marketplace with the Bulk Import. Just do not forget to make it to be Multi-language for us the Botble Fans.','published','2024-10-31 20:46:41','2024-10-31 20:46:41','[\"main\\/products\\/product-18.jpg\"]'),(476,10,NULL,NULL,32,1.00,'Second or third time that I buy a Botble product, happy with the products and support. You guys do a good job :)','published','2024-10-31 20:46:41','2024-10-31 20:46:41','[\"main\\/products\\/product-19.jpg\",\"main\\/products\\/product-details-desc-2.jpg\"]'),(477,10,NULL,NULL,2,1.00,'Ok good product. I have some issues in customizations. But its not correct to blame the developer. The product is good. Good luck for your business.','published','2024-10-31 20:46:41','2024-10-31 20:46:41','[\"main\\/products\\/product-20.jpg\"]'),(478,1,NULL,NULL,12,2.00,'The best ecommerce CMS! Excellent coding! best support service! Thank you so much..... I really like your hard work.','published','2024-10-31 20:46:41','2024-10-31 20:46:41','[\"main\\/products\\/product-5.jpg\",\"main\\/products\\/product-11.jpg\"]'),(488,1,NULL,NULL,39,3.00,'The best store template! Excellent coding! Very good support! Thank you so much for all the help, I really appreciated.','published','2024-10-31 20:46:41','2024-10-31 20:46:41','[\"main\\/products\\/product-13.jpg\",\"main\\/products\\/product-16.jpg\",\"main\\/products\\/product-20.jpg\"]'),(489,10,NULL,NULL,21,1.00,'We have received brilliant service support and will be expanding the features with the developer. Nice product!','published','2024-10-31 20:46:41','2024-10-31 20:46:41','[\"main\\/products\\/product-2.jpg\",\"main\\/products\\/product-details-desc-2.jpg\"]'),(490,2,NULL,NULL,4,1.00,'Ok good product. I have some issues in customizations. But its not correct to blame the developer. The product is good. Good luck for your business.','published','2024-10-31 20:46:41','2024-10-31 20:46:41','[\"main\\/products\\/product-details-desc-2.jpg\"]'),(491,2,NULL,NULL,10,2.00,'The best ecommerce CMS! Excellent coding! best support service! Thank you so much..... I really like your hard work.','published','2024-10-31 20:46:41','2024-10-31 20:46:41','[\"main\\/products\\/product-2.jpg\",\"main\\/products\\/product-7.jpg\",\"main\\/products\\/product-9.jpg\",\"main\\/products\\/product-17.jpg\"]'),(493,8,NULL,NULL,46,4.00,'These guys are amazing! Responses immediately, amazing support and help... I immediately feel at ease after Purchasing..','published','2024-10-31 20:46:41','2024-10-31 20:46:41','[\"main\\/products\\/product-1.jpg\",\"main\\/products\\/product-14.jpg\",\"main\\/products\\/product-17.jpg\",\"main\\/products\\/product-18.jpg\"]'),(494,3,NULL,NULL,45,4.00,'Best ecommerce CMS online store!','published','2024-10-31 20:46:41','2024-10-31 20:46:41','[\"main\\/products\\/product-10.jpg\",\"main\\/products\\/product-15.jpg\",\"main\\/products\\/product-20.jpg\"]'),(495,2,NULL,NULL,2,3.00,'Cool template. Excellent code quality. The support responds very quickly, which is very rare on themeforest and codecanyon.net, I buy a lot of templates, and everyone will have a response from technical support for two or three days. Thanks to tech support. I recommend to buy.','published','2024-10-31 20:46:41','2024-10-31 20:46:41','[\"main\\/products\\/product-1.jpg\",\"main\\/products\\/product-7.jpg\"]'),(497,5,NULL,NULL,12,3.00,'Second or third time that I buy a Botble product, happy with the products and support. You guys do a good job :)','published','2024-10-31 20:46:41','2024-10-31 20:46:41','[\"main\\/products\\/product-4.jpg\",\"main\\/products\\/product-6.jpg\"]'),(498,7,NULL,NULL,3,4.00,'These guys are amazing! Responses immediately, amazing support and help... I immediately feel at ease after Purchasing..','published','2024-10-31 20:46:41','2024-10-31 20:46:41','[\"main\\/products\\/product-4.jpg\",\"main\\/products\\/product-6.jpg\"]'),(499,9,NULL,NULL,21,5.00,'The script is the best of its class, fast, easy to implement and work with , and the most important thing is the great support team , Recommend with no doubt.','published','2024-10-31 20:46:41','2024-10-31 20:46:41','[\"main\\/products\\/product-10.jpg\",\"main\\/products\\/product-13.jpg\"]'),(503,5,NULL,NULL,54,5.00,'Good app, good backup service and support. Good documentation.','published','2024-10-31 20:46:41','2024-10-31 20:46:41','[\"main\\/products\\/product-4.jpg\",\"main\\/products\\/product-8.jpg\"]'),(504,4,NULL,NULL,10,4.00,'As a developer I reviewed this script. This is really awesome ecommerce script. I have convinced when I noticed that it\'s built on fully WordPress concept.','published','2024-10-31 20:46:41','2024-10-31 20:46:41','[\"main\\/products\\/product-2.jpg\",\"main\\/products\\/product-10.jpg\",\"main\\/products\\/product-13.jpg\",\"main\\/products\\/product-16.jpg\"]'),(505,7,NULL,NULL,27,2.00,'Perfect +++++++++ i love it really also i get to fast ticket answers... Thanks Lot BOTBLE Teams','published','2024-10-31 20:46:41','2024-10-31 20:46:41','[\"main\\/products\\/product-14.jpg\"]'),(506,10,NULL,NULL,8,4.00,'Great system, great support, good job Botble. I\'m looking forward to more great functional plugins.','published','2024-10-31 20:46:41','2024-10-31 20:46:41','[\"main\\/products\\/product-2.jpg\",\"main\\/products\\/product-9.jpg\",\"main\\/products\\/product-15.jpg\",\"main\\/products\\/product-details-desc-3.jpg\"]'),(511,8,NULL,NULL,43,3.00,'As a developer I reviewed this script. This is really awesome ecommerce script. I have convinced when I noticed that it\'s built on fully WordPress concept.','published','2024-10-31 20:46:41','2024-10-31 20:46:41','[\"main\\/products\\/product-3.jpg\",\"main\\/products\\/product-4.jpg\",\"main\\/products\\/product-8.jpg\"]'),(512,9,NULL,NULL,9,4.00,'I Love this Script. I also found how to add other fees. Now I just wait the BIG update for the Marketplace with the Bulk Import. Just do not forget to make it to be Multi-language for us the Botble Fans.','published','2024-10-31 20:46:41','2024-10-31 20:46:41','[\"main\\/products\\/product-8.jpg\",\"main\\/products\\/product-19.jpg\",\"main\\/products\\/product-details-desc-2.jpg\"]'),(516,9,NULL,NULL,4,3.00,'This script is well coded and is super fast. The support is pretty quick. Very patient and helpful team. I strongly recommend it and they deserve more than 5 stars.','published','2024-10-31 20:46:41','2024-10-31 20:46:41','[\"main\\/products\\/product-2.jpg\",\"main\\/products\\/product-13.jpg\",\"main\\/products\\/product-15.jpg\",\"main\\/products\\/product-details-desc-3.jpg\"]'),(517,8,NULL,NULL,38,3.00,'Ok good product. I have some issues in customizations. But its not correct to blame the developer. The product is good. Good luck for your business.','published','2024-10-31 20:46:41','2024-10-31 20:46:41','[\"main\\/products\\/product-3.jpg\",\"main\\/products\\/product-4.jpg\",\"main\\/products\\/product-7.jpg\",\"main\\/products\\/product-16.jpg\"]'),(519,9,NULL,NULL,50,3.00,'Ok good product. I have some issues in customizations. But its not correct to blame the developer. The product is good. Good luck for your business.','published','2024-10-31 20:46:41','2024-10-31 20:46:41','[\"main\\/products\\/product-1.jpg\"]'),(522,9,NULL,NULL,28,4.00,'Cool template. Excellent code quality. The support responds very quickly, which is very rare on themeforest and codecanyon.net, I buy a lot of templates, and everyone will have a response from technical support for two or three days. Thanks to tech support. I recommend to buy.','published','2024-10-31 20:46:41','2024-10-31 20:46:41','[\"main\\/products\\/product-9.jpg\",\"main\\/products\\/product-18.jpg\",\"main\\/products\\/product-19.jpg\",\"main\\/products\\/product-details-desc-2.jpg\"]'),(523,3,NULL,NULL,47,2.00,'Great system, great support, good job Botble. I\'m looking forward to more great functional plugins.','published','2024-10-31 20:46:41','2024-10-31 20:46:41','[\"main\\/products\\/product-3.jpg\",\"main\\/products\\/product-4.jpg\",\"main\\/products\\/product-8.jpg\",\"main\\/products\\/product-19.jpg\"]'),(524,7,NULL,NULL,53,4.00,'As a developer I reviewed this script. This is really awesome ecommerce script. I have convinced when I noticed that it\'s built on fully WordPress concept.','published','2024-10-31 20:46:41','2024-10-31 20:46:41','[\"main\\/products\\/product-6.jpg\"]'),(527,2,NULL,NULL,47,5.00,'We have received brilliant service support and will be expanding the features with the developer. Nice product!','published','2024-10-31 20:46:41','2024-10-31 20:46:41','[\"main\\/products\\/product-10.jpg\",\"main\\/products\\/product-13.jpg\"]'),(531,2,NULL,NULL,33,3.00,'Clean & perfect source code','published','2024-10-31 20:46:41','2024-10-31 20:46:41','[\"main\\/products\\/product-3.jpg\"]'),(533,1,NULL,NULL,13,5.00,'It\'s not my first experience here on Codecanyon and I can honestly tell you all that Botble puts a LOT of effort into the support. They answer so fast, they helped me tons of times. REALLY by far THE BEST EXPERIENCE on Codecanyon. Those guys at Botble are so good that they deserve 5 stars. I recommend them, I trust them and I can\'t wait to see what they will sell in a near future. Thank you Botble :)','published','2024-10-31 20:46:41','2024-10-31 20:46:41','[\"main\\/products\\/product-6.jpg\",\"main\\/products\\/product-7.jpg\",\"main\\/products\\/product-14.jpg\",\"main\\/products\\/product-details-desc-2.jpg\"]'),(534,6,NULL,NULL,6,3.00,'The script is the best of its class, fast, easy to implement and work with , and the most important thing is the great support team , Recommend with no doubt.','published','2024-10-31 20:46:41','2024-10-31 20:46:41','[\"main\\/products\\/product-20.jpg\"]'),(536,8,NULL,NULL,39,3.00,'I Love this Script. I also found how to add other fees. Now I just wait the BIG update for the Marketplace with the Bulk Import. Just do not forget to make it to be Multi-language for us the Botble Fans.','published','2024-10-31 20:46:41','2024-10-31 20:46:41','[\"main\\/products\\/product-8.jpg\",\"main\\/products\\/product-11.jpg\",\"main\\/products\\/product-20.jpg\",\"main\\/products\\/product-details-desc-2.jpg\"]'),(540,2,NULL,NULL,39,4.00,'This web app is really good in design, code quality & features. Besides, the customer support provided by the Botble team was really fast & helpful. You guys are awesome!','published','2024-10-31 20:46:41','2024-10-31 20:46:41','[\"main\\/products\\/product-7.jpg\",\"main\\/products\\/product-17.jpg\",\"main\\/products\\/product-20.jpg\",\"main\\/products\\/product-details-desc-3.jpg\"]'),(545,6,NULL,NULL,1,2.00,'The code is good, in general, if you like it, can you give it 5 stars?','published','2024-10-31 20:46:41','2024-10-31 20:46:41','[\"main\\/products\\/product-1.jpg\",\"main\\/products\\/product-20.jpg\"]'),(548,2,NULL,NULL,15,5.00,'Perfect +++++++++ i love it really also i get to fast ticket answers... Thanks Lot BOTBLE Teams','published','2024-10-31 20:46:41','2024-10-31 20:46:41','[\"main\\/products\\/product-16.jpg\",\"main\\/products\\/product-17.jpg\",\"main\\/products\\/product-details-desc-1.jpg\"]'),(550,4,NULL,NULL,12,3.00,'Customer Support are grade (A*), however the code is a way too over engineered for it\'s purpose.','published','2024-10-31 20:46:41','2024-10-31 20:46:41','[\"main\\/products\\/product-2.jpg\",\"main\\/products\\/product-6.jpg\",\"main\\/products\\/product-15.jpg\"]'),(551,9,NULL,NULL,54,1.00,'The best ecommerce CMS! Excellent coding! best support service! Thank you so much..... I really like your hard work.','published','2024-10-31 20:46:41','2024-10-31 20:46:41','[\"main\\/products\\/product-6.jpg\",\"main\\/products\\/product-details-desc-3.jpg\"]'),(557,2,NULL,NULL,6,2.00,'Great system, great support, good job Botble. I\'m looking forward to more great functional plugins.','published','2024-10-31 20:46:41','2024-10-31 20:46:41','[\"main\\/products\\/product-5.jpg\",\"main\\/products\\/product-9.jpg\",\"main\\/products\\/product-12.jpg\",\"main\\/products\\/product-16.jpg\"]'),(562,7,NULL,NULL,46,4.00,'Great E-commerce system. And much more : Wonderful Customer Support.','published','2024-10-31 20:46:41','2024-10-31 20:46:41','[\"main\\/products\\/product-details-desc-3.jpg\"]'),(565,1,NULL,NULL,51,3.00,'Clean & perfect source code','published','2024-10-31 20:46:41','2024-10-31 20:46:41','[\"main\\/products\\/product-6.jpg\"]'),(568,3,NULL,NULL,39,4.00,'Amazing code, amazing support. Overall, im really confident in Botble and im happy I made the right choice! Thank you so much guys for coding this masterpiece','published','2024-10-31 20:46:41','2024-10-31 20:46:41','[\"main\\/products\\/product-8.jpg\",\"main\\/products\\/product-9.jpg\",\"main\\/products\\/product-12.jpg\"]'),(570,9,NULL,NULL,43,2.00,'The best ecommerce CMS! Excellent coding! best support service! Thank you so much..... I really like your hard work.','published','2024-10-31 20:46:41','2024-10-31 20:46:41','[\"main\\/products\\/product-15.jpg\",\"main\\/products\\/product-details-desc-2.jpg\"]'),(571,6,NULL,NULL,57,1.00,'Good app, good backup service and support. Good documentation.','published','2024-10-31 20:46:41','2024-10-31 20:46:41','[\"main\\/products\\/product-10.jpg\"]'),(573,9,NULL,NULL,38,5.00,'Best ecommerce CMS online store!','published','2024-10-31 20:46:41','2024-10-31 20:46:41','[\"main\\/products\\/product-3.jpg\",\"main\\/products\\/product-10.jpg\",\"main\\/products\\/product-16.jpg\"]'),(574,6,NULL,NULL,2,3.00,'Great system, great support, good job Botble. I\'m looking forward to more great functional plugins.','published','2024-10-31 20:46:41','2024-10-31 20:46:41','[\"main\\/products\\/product-6.jpg\",\"main\\/products\\/product-7.jpg\",\"main\\/products\\/product-19.jpg\",\"main\\/products\\/product-details-desc-1.jpg\"]'),(577,7,NULL,NULL,49,2.00,'It\'s not my first experience here on Codecanyon and I can honestly tell you all that Botble puts a LOT of effort into the support. They answer so fast, they helped me tons of times. REALLY by far THE BEST EXPERIENCE on Codecanyon. Those guys at Botble are so good that they deserve 5 stars. I recommend them, I trust them and I can\'t wait to see what they will sell in a near future. Thank you Botble :)','published','2024-10-31 20:46:41','2024-10-31 20:46:41','[\"main\\/products\\/product-6.jpg\"]'),(580,4,NULL,NULL,55,5.00,'Solution is too robust for our purpose so we didn\'t use it at the end. But I appreciate customer support during initial configuration.','published','2024-10-31 20:46:41','2024-10-31 20:46:41','[\"main\\/products\\/product-5.jpg\",\"main\\/products\\/product-6.jpg\",\"main\\/products\\/product-12.jpg\",\"main\\/products\\/product-15.jpg\"]'),(582,5,NULL,NULL,22,4.00,'Great E-commerce system. And much more : Wonderful Customer Support.','published','2024-10-31 20:46:41','2024-10-31 20:46:41','[\"main\\/products\\/product-2.jpg\",\"main\\/products\\/product-10.jpg\"]'),(586,4,NULL,NULL,48,5.00,'Very enthusiastic support! Excellent code is written. It\'s a true pleasure working with.','published','2024-10-31 20:46:41','2024-10-31 20:46:41','[\"main\\/products\\/product-12.jpg\"]'),(595,3,NULL,NULL,44,1.00,'Great system, great support, good job Botble. I\'m looking forward to more great functional plugins.','published','2024-10-31 20:46:41','2024-10-31 20:46:41','[\"main\\/products\\/product-2.jpg\",\"main\\/products\\/product-12.jpg\",\"main\\/products\\/product-13.jpg\",\"main\\/products\\/product-18.jpg\"]'),(604,8,NULL,NULL,55,2.00,'Customer Support are grade (A*), however the code is a way too over engineered for it\'s purpose.','published','2024-10-31 20:46:41','2024-10-31 20:46:41','[\"main\\/products\\/product-1.jpg\",\"main\\/products\\/product-3.jpg\",\"main\\/products\\/product-7.jpg\",\"main\\/products\\/product-14.jpg\"]'),(605,10,NULL,NULL,6,2.00,'Ok good product. I have some issues in customizations. But its not correct to blame the developer. The product is good. Good luck for your business.','published','2024-10-31 20:46:41','2024-10-31 20:46:41','[\"main\\/products\\/product-4.jpg\"]'),(606,5,NULL,NULL,10,1.00,'I Love this Script. I also found how to add other fees. Now I just wait the BIG update for the Marketplace with the Bulk Import. Just do not forget to make it to be Multi-language for us the Botble Fans.','published','2024-10-31 20:46:41','2024-10-31 20:46:41','[\"main\\/products\\/product-3.jpg\",\"main\\/products\\/product-details-desc-2.jpg\"]'),(609,7,NULL,NULL,4,1.00,'Solution is too robust for our purpose so we didn\'t use it at the end. But I appreciate customer support during initial configuration.','published','2024-10-31 20:46:41','2024-10-31 20:46:41','[\"main\\/products\\/product-16.jpg\"]'),(612,1,NULL,NULL,54,3.00,'Best ecommerce CMS online store!','published','2024-10-31 20:46:41','2024-10-31 20:46:41','[\"main\\/products\\/product-11.jpg\"]'),(615,2,NULL,NULL,9,3.00,'Great system, great support, good job Botble. I\'m looking forward to more great functional plugins.','published','2024-10-31 20:46:41','2024-10-31 20:46:41','[\"main\\/products\\/product-3.jpg\",\"main\\/products\\/product-8.jpg\"]'),(616,5,NULL,NULL,21,4.00,'As a developer I reviewed this script. This is really awesome ecommerce script. I have convinced when I noticed that it\'s built on fully WordPress concept.','published','2024-10-31 20:46:41','2024-10-31 20:46:41','[\"main\\/products\\/product-2.jpg\",\"main\\/products\\/product-9.jpg\",\"main\\/products\\/product-12.jpg\",\"main\\/products\\/product-details-desc-2.jpg\"]'),(619,5,NULL,NULL,4,1.00,'Clean & perfect source code','published','2024-10-31 20:46:41','2024-10-31 20:46:41','[\"main\\/products\\/product-13.jpg\",\"main\\/products\\/product-15.jpg\"]'),(620,7,NULL,NULL,30,1.00,'Second or third time that I buy a Botble product, happy with the products and support. You guys do a good job :)','published','2024-10-31 20:46:41','2024-10-31 20:46:41','[\"main\\/products\\/product-6.jpg\",\"main\\/products\\/product-11.jpg\",\"main\\/products\\/product-17.jpg\"]'),(623,3,NULL,NULL,7,2.00,'As a developer I reviewed this script. This is really awesome ecommerce script. I have convinced when I noticed that it\'s built on fully WordPress concept.','published','2024-10-31 20:46:41','2024-10-31 20:46:41','[\"main\\/products\\/product-1.jpg\",\"main\\/products\\/product-details-desc-2.jpg\"]'),(626,4,NULL,NULL,33,1.00,'Ok good product. I have some issues in customizations. But its not correct to blame the developer. The product is good. Good luck for your business.','published','2024-10-31 20:46:41','2024-10-31 20:46:41','[\"main\\/products\\/product-6.jpg\",\"main\\/products\\/product-17.jpg\",\"main\\/products\\/product-18.jpg\",\"main\\/products\\/product-19.jpg\"]'),(630,5,NULL,NULL,13,2.00,'This web app is really good in design, code quality & features. Besides, the customer support provided by the Botble team was really fast & helpful. You guys are awesome!','published','2024-10-31 20:46:41','2024-10-31 20:46:41','[\"main\\/products\\/product-16.jpg\"]'),(641,2,NULL,NULL,3,2.00,'This script is well coded and is super fast. The support is pretty quick. Very patient and helpful team. I strongly recommend it and they deserve more than 5 stars.','published','2024-10-31 20:46:41','2024-10-31 20:46:41','[\"main\\/products\\/product-6.jpg\"]'),(646,2,NULL,NULL,53,4.00,'Clean & perfect source code','published','2024-10-31 20:46:41','2024-10-31 20:46:41','[\"main\\/products\\/product-details-desc-3.jpg\"]'),(661,4,NULL,NULL,18,2.00,'These guys are amazing! Responses immediately, amazing support and help... I immediately feel at ease after Purchasing..','published','2024-10-31 20:46:41','2024-10-31 20:46:41','[\"main\\/products\\/product-3.jpg\",\"main\\/products\\/product-19.jpg\",\"main\\/products\\/product-20.jpg\"]'),(663,5,NULL,NULL,42,2.00,'Cool template. Excellent code quality. The support responds very quickly, which is very rare on themeforest and codecanyon.net, I buy a lot of templates, and everyone will have a response from technical support for two or three days. Thanks to tech support. I recommend to buy.','published','2024-10-31 20:46:41','2024-10-31 20:46:41','[\"main\\/products\\/product-8.jpg\",\"main\\/products\\/product-17.jpg\",\"main\\/products\\/product-details-desc-1.jpg\"]'),(668,7,NULL,NULL,42,1.00,'The best store template! Excellent coding! Very good support! Thank you so much for all the help, I really appreciated.','published','2024-10-31 20:46:41','2024-10-31 20:46:41','[\"main\\/products\\/product-16.jpg\",\"main\\/products\\/product-17.jpg\"]'),(670,8,NULL,NULL,33,2.00,'Great system, great support, good job Botble. I\'m looking forward to more great functional plugins.','published','2024-10-31 20:46:41','2024-10-31 20:46:41','[\"main\\/products\\/product-7.jpg\",\"main\\/products\\/product-12.jpg\",\"main\\/products\\/product-18.jpg\"]'),(673,4,NULL,NULL,47,5.00,'Very enthusiastic support! Excellent code is written. It\'s a true pleasure working with.','published','2024-10-31 20:46:41','2024-10-31 20:46:41','[\"main\\/products\\/product-3.jpg\",\"main\\/products\\/product-8.jpg\",\"main\\/products\\/product-12.jpg\"]'),(682,4,NULL,NULL,43,2.00,'This script is well coded and is super fast. The support is pretty quick. Very patient and helpful team. I strongly recommend it and they deserve more than 5 stars.','published','2024-10-31 20:46:41','2024-10-31 20:46:41','[\"main\\/products\\/product-19.jpg\",\"main\\/products\\/product-details-desc-2.jpg\"]'),(683,5,NULL,NULL,25,4.00,'Clean & perfect source code','published','2024-10-31 20:46:41','2024-10-31 20:46:41','[\"main\\/products\\/product-3.jpg\",\"main\\/products\\/product-7.jpg\",\"main\\/products\\/product-12.jpg\",\"main\\/products\\/product-details-desc-3.jpg\"]'),(684,5,NULL,NULL,15,3.00,'Solution is too robust for our purpose so we didn\'t use it at the end. But I appreciate customer support during initial configuration.','published','2024-10-31 20:46:41','2024-10-31 20:46:41','[\"main\\/products\\/product-12.jpg\",\"main\\/products\\/product-15.jpg\"]'),(687,8,NULL,NULL,6,1.00,'Great system, great support, good job Botble. I\'m looking forward to more great functional plugins.','published','2024-10-31 20:46:41','2024-10-31 20:46:41','[\"main\\/products\\/product-13.jpg\",\"main\\/products\\/product-14.jpg\",\"main\\/products\\/product-18.jpg\"]'),(688,3,NULL,NULL,5,5.00,'For me the best eCommerce script on Envato at this moment: modern, clean code, a lot of great features. The customer support is great too: I always get an answer within hours!','published','2024-10-31 20:46:41','2024-10-31 20:46:41','[\"main\\/products\\/product-14.jpg\"]'),(689,5,NULL,NULL,57,5.00,'The code is good, in general, if you like it, can you give it 5 stars?','published','2024-10-31 20:46:41','2024-10-31 20:46:41','[\"main\\/products\\/product-2.jpg\",\"main\\/products\\/product-8.jpg\",\"main\\/products\\/product-18.jpg\",\"main\\/products\\/product-details-desc-3.jpg\"]'),(690,5,NULL,NULL,39,4.00,'Customer Support are grade (A*), however the code is a way too over engineered for it\'s purpose.','published','2024-10-31 20:46:41','2024-10-31 20:46:41','[\"main\\/products\\/product-3.jpg\"]'),(693,10,NULL,NULL,4,5.00,'These guys are amazing! Responses immediately, amazing support and help... I immediately feel at ease after Purchasing..','published','2024-10-31 20:46:41','2024-10-31 20:46:41','[\"main\\/products\\/product-8.jpg\",\"main\\/products\\/product-14.jpg\"]'),(704,4,NULL,NULL,50,4.00,'It\'s not my first experience here on Codecanyon and I can honestly tell you all that Botble puts a LOT of effort into the support. They answer so fast, they helped me tons of times. REALLY by far THE BEST EXPERIENCE on Codecanyon. Those guys at Botble are so good that they deserve 5 stars. I recommend them, I trust them and I can\'t wait to see what they will sell in a near future. Thank you Botble :)','published','2024-10-31 20:46:41','2024-10-31 20:46:41','[\"main\\/products\\/product-1.jpg\",\"main\\/products\\/product-5.jpg\",\"main\\/products\\/product-10.jpg\",\"main\\/products\\/product-18.jpg\"]'),(708,3,NULL,NULL,52,1.00,'Great system, great support, good job Botble. I\'m looking forward to more great functional plugins.','published','2024-10-31 20:46:41','2024-10-31 20:46:41','[\"main\\/products\\/product-11.jpg\",\"main\\/products\\/product-13.jpg\",\"main\\/products\\/product-17.jpg\"]'),(710,10,NULL,NULL,55,4.00,'Great E-commerce system. And much more : Wonderful Customer Support.','published','2024-10-31 20:46:41','2024-10-31 20:46:41','[\"main\\/products\\/product-5.jpg\"]'),(711,6,NULL,NULL,14,1.00,'Customer Support are grade (A*), however the code is a way too over engineered for it\'s purpose.','published','2024-10-31 20:46:41','2024-10-31 20:46:41','[\"main\\/products\\/product-6.jpg\"]'),(718,3,NULL,NULL,11,4.00,'Cool template. Excellent code quality. The support responds very quickly, which is very rare on themeforest and codecanyon.net, I buy a lot of templates, and everyone will have a response from technical support for two or three days. Thanks to tech support. I recommend to buy.','published','2024-10-31 20:46:41','2024-10-31 20:46:41','[\"main\\/products\\/product-20.jpg\"]'),(719,9,NULL,NULL,29,3.00,'We have received brilliant service support and will be expanding the features with the developer. Nice product!','published','2024-10-31 20:46:41','2024-10-31 20:46:41','[\"main\\/products\\/product-6.jpg\",\"main\\/products\\/product-details-desc-1.jpg\",\"main\\/products\\/product-details-desc-3.jpg\"]'),(722,10,NULL,NULL,47,1.00,'These guys are amazing! Responses immediately, amazing support and help... I immediately feel at ease after Purchasing..','published','2024-10-31 20:46:41','2024-10-31 20:46:41','[\"main\\/products\\/product-5.jpg\"]'),(726,4,NULL,NULL,13,3.00,'Perfect +++++++++ i love it really also i get to fast ticket answers... Thanks Lot BOTBLE Teams','published','2024-10-31 20:46:41','2024-10-31 20:46:41','[\"main\\/products\\/product-7.jpg\",\"main\\/products\\/product-10.jpg\",\"main\\/products\\/product-details-desc-1.jpg\",\"main\\/products\\/product-details-desc-3.jpg\"]'),(735,1,NULL,NULL,44,5.00,'These guys are amazing! Responses immediately, amazing support and help... I immediately feel at ease after Purchasing..','published','2024-10-31 20:46:41','2024-10-31 20:46:41','[\"main\\/products\\/product-details-desc-1.jpg\"]'),(738,8,NULL,NULL,49,3.00,'Cool template. Excellent code quality. The support responds very quickly, which is very rare on themeforest and codecanyon.net, I buy a lot of templates, and everyone will have a response from technical support for two or three days. Thanks to tech support. I recommend to buy.','published','2024-10-31 20:46:41','2024-10-31 20:46:41','[\"main\\/products\\/product-3.jpg\",\"main\\/products\\/product-5.jpg\",\"main\\/products\\/product-8.jpg\",\"main\\/products\\/product-11.jpg\"]'),(739,7,NULL,NULL,13,4.00,'Great system, great support, good job Botble. I\'m looking forward to more great functional plugins.','published','2024-10-31 20:46:41','2024-10-31 20:46:41','[\"main\\/products\\/product-15.jpg\",\"main\\/products\\/product-17.jpg\",\"main\\/products\\/product-details-desc-1.jpg\"]'),(740,10,NULL,NULL,44,4.00,'These guys are amazing! Responses immediately, amazing support and help... I immediately feel at ease after Purchasing..','published','2024-10-31 20:46:41','2024-10-31 20:46:41','[\"main\\/products\\/product-6.jpg\",\"main\\/products\\/product-9.jpg\"]'),(742,9,NULL,NULL,48,5.00,'Amazing code, amazing support. Overall, im really confident in Botble and im happy I made the right choice! Thank you so much guys for coding this masterpiece','published','2024-10-31 20:46:41','2024-10-31 20:46:41','[\"main\\/products\\/product-14.jpg\",\"main\\/products\\/product-details-desc-2.jpg\"]'),(744,6,NULL,NULL,48,5.00,'Amazing code, amazing support. Overall, im really confident in Botble and im happy I made the right choice! Thank you so much guys for coding this masterpiece','published','2024-10-31 20:46:41','2024-10-31 20:46:41','[\"main\\/products\\/product-2.jpg\"]'),(745,7,NULL,NULL,45,4.00,'Perfect +++++++++ i love it really also i get to fast ticket answers... Thanks Lot BOTBLE Teams','published','2024-10-31 20:46:41','2024-10-31 20:46:41','[\"main\\/products\\/product-details-desc-3.jpg\"]'),(746,7,NULL,NULL,9,1.00,'Perfect +++++++++ i love it really also i get to fast ticket answers... Thanks Lot BOTBLE Teams','published','2024-10-31 20:46:41','2024-10-31 20:46:41','[\"main\\/products\\/product-19.jpg\"]'),(751,8,NULL,NULL,29,5.00,'As a developer I reviewed this script. This is really awesome ecommerce script. I have convinced when I noticed that it\'s built on fully WordPress concept.','published','2024-10-31 20:46:41','2024-10-31 20:46:41','[\"main\\/products\\/product-2.jpg\",\"main\\/products\\/product-17.jpg\"]'),(757,8,NULL,NULL,14,4.00,'Cool template. Excellent code quality. The support responds very quickly, which is very rare on themeforest and codecanyon.net, I buy a lot of templates, and everyone will have a response from technical support for two or three days. Thanks to tech support. I recommend to buy.','published','2024-10-31 20:46:41','2024-10-31 20:46:41','[\"main\\/products\\/product-4.jpg\"]'),(761,8,NULL,NULL,45,2.00,'For me the best eCommerce script on Envato at this moment: modern, clean code, a lot of great features. The customer support is great too: I always get an answer within hours!','published','2024-10-31 20:46:41','2024-10-31 20:46:41','[\"main\\/products\\/product-6.jpg\",\"main\\/products\\/product-10.jpg\",\"main\\/products\\/product-18.jpg\",\"main\\/products\\/product-19.jpg\"]'),(764,6,NULL,NULL,27,3.00,'It\'s not my first experience here on Codecanyon and I can honestly tell you all that Botble puts a LOT of effort into the support. They answer so fast, they helped me tons of times. REALLY by far THE BEST EXPERIENCE on Codecanyon. Those guys at Botble are so good that they deserve 5 stars. I recommend them, I trust them and I can\'t wait to see what they will sell in a near future. Thank you Botble :)','published','2024-10-31 20:46:41','2024-10-31 20:46:41','[\"main\\/products\\/product-5.jpg\",\"main\\/products\\/product-7.jpg\",\"main\\/products\\/product-15.jpg\",\"main\\/products\\/product-17.jpg\"]'),(765,1,NULL,NULL,40,1.00,'The code is good, in general, if you like it, can you give it 5 stars?','published','2024-10-31 20:46:41','2024-10-31 20:46:41','[\"main\\/products\\/product-6.jpg\"]'),(769,10,NULL,NULL,35,2.00,'The best store template! Excellent coding! Very good support! Thank you so much for all the help, I really appreciated.','published','2024-10-31 20:46:41','2024-10-31 20:46:41','[\"main\\/products\\/product-7.jpg\",\"main\\/products\\/product-11.jpg\"]'),(772,8,NULL,NULL,4,5.00,'Those guys now what they are doing, the release such a good product that it\'s a pleasure to work with ! Even when I was stuck on the project, I created a ticket and the next day it was replied by the team. GOOD JOB guys. I love working with them :)','published','2024-10-31 20:46:41','2024-10-31 20:46:41','[\"main\\/products\\/product-8.jpg\",\"main\\/products\\/product-13.jpg\",\"main\\/products\\/product-15.jpg\"]'),(781,2,NULL,NULL,12,4.00,'Cool template. Excellent code quality. The support responds very quickly, which is very rare on themeforest and codecanyon.net, I buy a lot of templates, and everyone will have a response from technical support for two or three days. Thanks to tech support. I recommend to buy.','published','2024-10-31 20:46:41','2024-10-31 20:46:41','[\"main\\/products\\/product-16.jpg\"]'),(787,3,NULL,NULL,38,4.00,'This script is well coded and is super fast. The support is pretty quick. Very patient and helpful team. I strongly recommend it and they deserve more than 5 stars.','published','2024-10-31 20:46:41','2024-10-31 20:46:41','[\"main\\/products\\/product-14.jpg\",\"main\\/products\\/product-16.jpg\",\"main\\/products\\/product-details-desc-2.jpg\"]'),(794,4,NULL,NULL,15,5.00,'Good app, good backup service and support. Good documentation.','published','2024-10-31 20:46:41','2024-10-31 20:46:41','[\"main\\/products\\/product-1.jpg\",\"main\\/products\\/product-19.jpg\"]'),(799,4,NULL,NULL,22,3.00,'Perfect +++++++++ i love it really also i get to fast ticket answers... Thanks Lot BOTBLE Teams','published','2024-10-31 20:46:41','2024-10-31 20:46:41','[\"main\\/products\\/product-2.jpg\",\"main\\/products\\/product-4.jpg\",\"main\\/products\\/product-13.jpg\"]'),(802,5,NULL,NULL,36,2.00,'The script is the best of its class, fast, easy to implement and work with , and the most important thing is the great support team , Recommend with no doubt.','published','2024-10-31 20:46:41','2024-10-31 20:46:41','[\"main\\/products\\/product-7.jpg\"]'),(803,7,NULL,NULL,54,3.00,'Customer Support are grade (A*), however the code is a way too over engineered for it\'s purpose.','published','2024-10-31 20:46:41','2024-10-31 20:46:41','[\"main\\/products\\/product-8.jpg\",\"main\\/products\\/product-9.jpg\",\"main\\/products\\/product-13.jpg\",\"main\\/products\\/product-19.jpg\"]'),(811,9,NULL,NULL,35,3.00,'Great E-commerce system. And much more : Wonderful Customer Support.','published','2024-10-31 20:46:41','2024-10-31 20:46:41','[\"main\\/products\\/product-2.jpg\",\"main\\/products\\/product-5.jpg\",\"main\\/products\\/product-10.jpg\",\"main\\/products\\/product-13.jpg\"]'),(815,4,NULL,NULL,26,3.00,'Ok good product. I have some issues in customizations. But its not correct to blame the developer. The product is good. Good luck for your business.','published','2024-10-31 20:46:41','2024-10-31 20:46:41','[\"main\\/products\\/product-4.jpg\",\"main\\/products\\/product-5.jpg\",\"main\\/products\\/product-12.jpg\",\"main\\/products\\/product-15.jpg\"]'),(828,3,NULL,NULL,6,5.00,'Great system, great support, good job Botble. I\'m looking forward to more great functional plugins.','published','2024-10-31 20:46:41','2024-10-31 20:46:41','[\"main\\/products\\/product-4.jpg\",\"main\\/products\\/product-6.jpg\",\"main\\/products\\/product-15.jpg\",\"main\\/products\\/product-details-desc-2.jpg\"]'),(830,7,NULL,NULL,21,5.00,'The best ecommerce CMS! Excellent coding! best support service! Thank you so much..... I really like your hard work.','published','2024-10-31 20:46:41','2024-10-31 20:46:41','[\"main\\/products\\/product-9.jpg\",\"main\\/products\\/product-details-desc-3.jpg\"]'),(831,8,NULL,NULL,2,2.00,'The best store template! Excellent coding! Very good support! Thank you so much for all the help, I really appreciated.','published','2024-10-31 20:46:41','2024-10-31 20:46:41','[\"main\\/products\\/product-20.jpg\"]'),(832,8,NULL,NULL,25,2.00,'Perfect +++++++++ i love it really also i get to fast ticket answers... Thanks Lot BOTBLE Teams','published','2024-10-31 20:46:41','2024-10-31 20:46:41','[\"main\\/products\\/product-3.jpg\",\"main\\/products\\/product-6.jpg\",\"main\\/products\\/product-9.jpg\",\"main\\/products\\/product-12.jpg\"]'),(838,3,NULL,NULL,33,1.00,'Second or third time that I buy a Botble product, happy with the products and support. You guys do a good job :)','published','2024-10-31 20:46:41','2024-10-31 20:46:41','[\"main\\/products\\/product-6.jpg\",\"main\\/products\\/product-11.jpg\",\"main\\/products\\/product-details-desc-2.jpg\",\"main\\/products\\/product-details-desc-3.jpg\"]'),(840,1,NULL,NULL,57,2.00,'This web app is really good in design, code quality & features. Besides, the customer support provided by the Botble team was really fast & helpful. You guys are awesome!','published','2024-10-31 20:46:41','2024-10-31 20:46:41','[\"main\\/products\\/product-4.jpg\",\"main\\/products\\/product-15.jpg\"]'),(844,6,NULL,NULL,44,5.00,'Great E-commerce system. And much more : Wonderful Customer Support.','published','2024-10-31 20:46:41','2024-10-31 20:46:41','[\"main\\/products\\/product-3.jpg\",\"main\\/products\\/product-8.jpg\",\"main\\/products\\/product-9.jpg\",\"main\\/products\\/product-details-desc-1.jpg\"]'),(853,8,NULL,NULL,35,4.00,'This web app is really good in design, code quality & features. Besides, the customer support provided by the Botble team was really fast & helpful. You guys are awesome!','published','2024-10-31 20:46:41','2024-10-31 20:46:41','[\"main\\/products\\/product-5.jpg\",\"main\\/products\\/product-6.jpg\",\"main\\/products\\/product-8.jpg\",\"main\\/products\\/product-9.jpg\"]'),(858,10,NULL,NULL,19,4.00,'This script is well coded and is super fast. The support is pretty quick. Very patient and helpful team. I strongly recommend it and they deserve more than 5 stars.','published','2024-10-31 20:46:41','2024-10-31 20:46:41','[\"main\\/products\\/product-1.jpg\",\"main\\/products\\/product-10.jpg\",\"main\\/products\\/product-13.jpg\",\"main\\/products\\/product-17.jpg\"]'),(860,3,NULL,NULL,24,3.00,'It\'s not my first experience here on Codecanyon and I can honestly tell you all that Botble puts a LOT of effort into the support. They answer so fast, they helped me tons of times. REALLY by far THE BEST EXPERIENCE on Codecanyon. Those guys at Botble are so good that they deserve 5 stars. I recommend them, I trust them and I can\'t wait to see what they will sell in a near future. Thank you Botble :)','published','2024-10-31 20:46:41','2024-10-31 20:46:41','[\"main\\/products\\/product-2.jpg\",\"main\\/products\\/product-3.jpg\",\"main\\/products\\/product-details-desc-2.jpg\"]'),(862,2,NULL,NULL,48,4.00,'Great system, great support, good job Botble. I\'m looking forward to more great functional plugins.','published','2024-10-31 20:46:41','2024-10-31 20:46:41','[\"main\\/products\\/product-11.jpg\",\"main\\/products\\/product-19.jpg\"]'),(869,4,NULL,NULL,2,5.00,'We have received brilliant service support and will be expanding the features with the developer. Nice product!','published','2024-10-31 20:46:41','2024-10-31 20:46:41','[\"main\\/products\\/product-8.jpg\",\"main\\/products\\/product-15.jpg\",\"main\\/products\\/product-18.jpg\",\"main\\/products\\/product-details-desc-3.jpg\"]'),(870,10,NULL,NULL,25,3.00,'The best store template! Excellent coding! Very good support! Thank you so much for all the help, I really appreciated.','published','2024-10-31 20:46:41','2024-10-31 20:46:41','[\"main\\/products\\/product-3.jpg\",\"main\\/products\\/product-10.jpg\",\"main\\/products\\/product-details-desc-1.jpg\"]'),(872,6,NULL,NULL,34,3.00,'Good app, good backup service and support. Good documentation.','published','2024-10-31 20:46:41','2024-10-31 20:46:41','[\"main\\/products\\/product-2.jpg\",\"main\\/products\\/product-6.jpg\",\"main\\/products\\/product-11.jpg\"]'),(876,2,NULL,NULL,26,3.00,'Great system, great support, good job Botble. I\'m looking forward to more great functional plugins.','published','2024-10-31 20:46:41','2024-10-31 20:46:41','[\"main\\/products\\/product-2.jpg\",\"main\\/products\\/product-6.jpg\",\"main\\/products\\/product-13.jpg\",\"main\\/products\\/product-18.jpg\"]'),(887,7,NULL,NULL,52,5.00,'Second or third time that I buy a Botble product, happy with the products and support. You guys do a good job :)','published','2024-10-31 20:46:41','2024-10-31 20:46:41','[\"main\\/products\\/product-1.jpg\",\"main\\/products\\/product-7.jpg\",\"main\\/products\\/product-12.jpg\"]'),(893,8,NULL,NULL,52,1.00,'The code is good, in general, if you like it, can you give it 5 stars?','published','2024-10-31 20:46:41','2024-10-31 20:46:41','[\"main\\/products\\/product-7.jpg\",\"main\\/products\\/product-16.jpg\",\"main\\/products\\/product-17.jpg\"]'),(894,7,NULL,NULL,50,2.00,'Clean & perfect source code','published','2024-10-31 20:46:41','2024-10-31 20:46:41','[\"main\\/products\\/product-17.jpg\",\"main\\/products\\/product-details-desc-3.jpg\"]'),(895,7,NULL,NULL,16,1.00,'Best ecommerce CMS online store!','published','2024-10-31 20:46:41','2024-10-31 20:46:41','[\"main\\/products\\/product-4.jpg\",\"main\\/products\\/product-12.jpg\",\"main\\/products\\/product-17.jpg\"]'),(902,1,NULL,NULL,26,3.00,'It\'s not my first experience here on Codecanyon and I can honestly tell you all that Botble puts a LOT of effort into the support. They answer so fast, they helped me tons of times. REALLY by far THE BEST EXPERIENCE on Codecanyon. Those guys at Botble are so good that they deserve 5 stars. I recommend them, I trust them and I can\'t wait to see what they will sell in a near future. Thank you Botble :)','published','2024-10-31 20:46:41','2024-10-31 20:46:41','[\"main\\/products\\/product-1.jpg\",\"main\\/products\\/product-8.jpg\",\"main\\/products\\/product-10.jpg\",\"main\\/products\\/product-18.jpg\"]'),(915,4,NULL,NULL,21,5.00,'Clean & perfect source code','published','2024-10-31 20:46:41','2024-10-31 20:46:41','[\"main\\/products\\/product-5.jpg\",\"main\\/products\\/product-details-desc-3.jpg\"]'),(917,3,NULL,NULL,43,2.00,'The code is good, in general, if you like it, can you give it 5 stars?','published','2024-10-31 20:46:41','2024-10-31 20:46:41','[\"main\\/products\\/product-1.jpg\",\"main\\/products\\/product-7.jpg\",\"main\\/products\\/product-11.jpg\",\"main\\/products\\/product-14.jpg\"]'),(922,8,NULL,NULL,50,1.00,'I Love this Script. I also found how to add other fees. Now I just wait the BIG update for the Marketplace with the Bulk Import. Just do not forget to make it to be Multi-language for us the Botble Fans.','published','2024-10-31 20:46:41','2024-10-31 20:46:41','[\"main\\/products\\/product-1.jpg\",\"main\\/products\\/product-4.jpg\",\"main\\/products\\/product-17.jpg\",\"main\\/products\\/product-20.jpg\"]'),(926,3,NULL,NULL,31,4.00,'As a developer I reviewed this script. This is really awesome ecommerce script. I have convinced when I noticed that it\'s built on fully WordPress concept.','published','2024-10-31 20:46:41','2024-10-31 20:46:41','[\"main\\/products\\/product-5.jpg\"]'),(928,1,NULL,NULL,32,2.00,'This web app is really good in design, code quality & features. Besides, the customer support provided by the Botble team was really fast & helpful. You guys are awesome!','published','2024-10-31 20:46:41','2024-10-31 20:46:41','[\"main\\/products\\/product-6.jpg\",\"main\\/products\\/product-7.jpg\",\"main\\/products\\/product-9.jpg\",\"main\\/products\\/product-details-desc-3.jpg\"]'),(930,4,NULL,NULL,39,1.00,'The best ecommerce CMS! Excellent coding! best support service! Thank you so much..... I really like your hard work.','published','2024-10-31 20:46:41','2024-10-31 20:46:41','[\"main\\/products\\/product-3.jpg\",\"main\\/products\\/product-4.jpg\",\"main\\/products\\/product-11.jpg\",\"main\\/products\\/product-details-desc-3.jpg\"]'),(939,9,NULL,NULL,5,5.00,'It\'s not my first experience here on Codecanyon and I can honestly tell you all that Botble puts a LOT of effort into the support. They answer so fast, they helped me tons of times. REALLY by far THE BEST EXPERIENCE on Codecanyon. Those guys at Botble are so good that they deserve 5 stars. I recommend them, I trust them and I can\'t wait to see what they will sell in a near future. Thank you Botble :)','published','2024-10-31 20:46:41','2024-10-31 20:46:41','[\"main\\/products\\/product-6.jpg\",\"main\\/products\\/product-10.jpg\",\"main\\/products\\/product-12.jpg\",\"main\\/products\\/product-details-desc-1.jpg\"]'),(941,2,NULL,NULL,57,1.00,'Cool template. Excellent code quality. The support responds very quickly, which is very rare on themeforest and codecanyon.net, I buy a lot of templates, and everyone will have a response from technical support for two or three days. Thanks to tech support. I recommend to buy.','published','2024-10-31 20:46:41','2024-10-31 20:46:41','[\"main\\/products\\/product-14.jpg\",\"main\\/products\\/product-19.jpg\"]'),(942,3,NULL,NULL,21,3.00,'As a developer I reviewed this script. This is really awesome ecommerce script. I have convinced when I noticed that it\'s built on fully WordPress concept.','published','2024-10-31 20:46:41','2024-10-31 20:46:41','[\"main\\/products\\/product-3.jpg\"]'),(947,10,NULL,NULL,46,5.00,'The best ecommerce CMS! Excellent coding! best support service! Thank you so much..... I really like your hard work.','published','2024-10-31 20:46:41','2024-10-31 20:46:41','[\"main\\/products\\/product-13.jpg\"]'),(951,8,NULL,NULL,44,2.00,'Great system, great support, good job Botble. I\'m looking forward to more great functional plugins.','published','2024-10-31 20:46:41','2024-10-31 20:46:41','[\"main\\/products\\/product-6.jpg\",\"main\\/products\\/product-7.jpg\",\"main\\/products\\/product-10.jpg\"]'),(956,4,NULL,NULL,14,4.00,'Great system, great support, good job Botble. I\'m looking forward to more great functional plugins.','published','2024-10-31 20:46:41','2024-10-31 20:46:41','[\"main\\/products\\/product-6.jpg\",\"main\\/products\\/product-12.jpg\",\"main\\/products\\/product-15.jpg\",\"main\\/products\\/product-details-desc-1.jpg\"]'),(963,3,NULL,NULL,30,4.00,'Very enthusiastic support! Excellent code is written. It\'s a true pleasure working with.','published','2024-10-31 20:46:41','2024-10-31 20:46:41','[\"main\\/products\\/product-1.jpg\",\"main\\/products\\/product-8.jpg\",\"main\\/products\\/product-20.jpg\",\"main\\/products\\/product-details-desc-1.jpg\"]'),(964,5,NULL,NULL,52,5.00,'For me the best eCommerce script on Envato at this moment: modern, clean code, a lot of great features. The customer support is great too: I always get an answer within hours!','published','2024-10-31 20:46:41','2024-10-31 20:46:41','[\"main\\/products\\/product-8.jpg\",\"main\\/products\\/product-details-desc-2.jpg\",\"main\\/products\\/product-details-desc-3.jpg\"]'),(966,6,NULL,NULL,20,1.00,'These guys are amazing! Responses immediately, amazing support and help... I immediately feel at ease after Purchasing..','published','2024-10-31 20:46:41','2024-10-31 20:46:41','[\"main\\/products\\/product-2.jpg\",\"main\\/products\\/product-11.jpg\",\"main\\/products\\/product-13.jpg\"]'),(975,9,NULL,NULL,20,2.00,'Second or third time that I buy a Botble product, happy with the products and support. You guys do a good job :)','published','2024-10-31 20:46:41','2024-10-31 20:46:41','[\"main\\/products\\/product-11.jpg\",\"main\\/products\\/product-13.jpg\",\"main\\/products\\/product-16.jpg\",\"main\\/products\\/product-18.jpg\"]'),(978,2,NULL,NULL,21,1.00,'Best ecommerce CMS online store!','published','2024-10-31 20:46:41','2024-10-31 20:46:41','[\"main\\/products\\/product-17.jpg\"]'),(979,3,NULL,NULL,53,4.00,'The script is the best of its class, fast, easy to implement and work with , and the most important thing is the great support team , Recommend with no doubt.','published','2024-10-31 20:46:41','2024-10-31 20:46:41','[\"main\\/products\\/product-3.jpg\",\"main\\/products\\/product-7.jpg\"]'),(985,9,NULL,NULL,23,1.00,'This script is well coded and is super fast. The support is pretty quick. Very patient and helpful team. I strongly recommend it and they deserve more than 5 stars.','published','2024-10-31 20:46:41','2024-10-31 20:46:41','[\"main\\/products\\/product-4.jpg\"]'),(986,5,NULL,NULL,44,1.00,'Cool template. Excellent code quality. The support responds very quickly, which is very rare on themeforest and codecanyon.net, I buy a lot of templates, and everyone will have a response from technical support for two or three days. Thanks to tech support. I recommend to buy.','published','2024-10-31 20:46:41','2024-10-31 20:46:41','[\"main\\/products\\/product-5.jpg\"]'),(989,7,NULL,NULL,41,5.00,'Cool template. Excellent code quality. The support responds very quickly, which is very rare on themeforest and codecanyon.net, I buy a lot of templates, and everyone will have a response from technical support for two or three days. Thanks to tech support. I recommend to buy.','published','2024-10-31 20:46:41','2024-10-31 20:46:41','[\"main\\/products\\/product-7.jpg\",\"main\\/products\\/product-15.jpg\",\"main\\/products\\/product-17.jpg\"]'),(994,4,NULL,NULL,9,5.00,'These guys are amazing! Responses immediately, amazing support and help... I immediately feel at ease after Purchasing..','published','2024-10-31 20:46:41','2024-10-31 20:46:41','[\"main\\/products\\/product-1.jpg\",\"main\\/products\\/product-3.jpg\",\"main\\/products\\/product-4.jpg\",\"main\\/products\\/product-16.jpg\"]');

--
-- Table structure for table `ec_shared_wishlists`
--

CREATE TABLE `ec_shared_wishlists` (
  `id` bigint unsigned NOT NULL AUTO_INCREMENT,
  `code` varchar(191) COLLATE utf8mb4_unicode_ci NOT NULL,
  `product_ids` text COLLATE utf8mb4_unicode_ci,
  `created_at` timestamp NULL DEFAULT NULL,
  `updated_at` timestamp NULL DEFAULT NULL,
  PRIMARY KEY (`id`),
  UNIQUE KEY `ec_shared_wishlists_code_unique` (`code`)
) ENGINE=InnoDB DEFAULT CHARSET=utf8mb4 COLLATE=utf8mb4_unicode_ci;

--
-- Dumping data for table `ec_shared_wishlists`
--


--
-- Table structure for table `ec_shipment_histories`
--

CREATE TABLE `ec_shipment_histories` (
  `id` bigint unsigned NOT NULL AUTO_INCREMENT,
  `action` varchar(120) COLLATE utf8mb4_unicode_ci NOT NULL,
  `description` varchar(400) COLLATE utf8mb4_unicode_ci DEFAULT NULL,
  `user_id` bigint unsigned DEFAULT NULL,
  `shipment_id` bigint unsigned NOT NULL,
  `order_id` bigint unsigned NOT NULL,
  `created_at` timestamp NULL DEFAULT NULL,
  `updated_at` timestamp NULL DEFAULT NULL,
  `user_type` varchar(191) COLLATE utf8mb4_unicode_ci NOT NULL DEFAULT 'Botble\\ACL\\Models\\User',
  PRIMARY KEY (`id`)
) ENGINE=InnoDB DEFAULT CHARSET=utf8mb4 COLLATE=utf8mb4_unicode_ci;

--
-- Dumping data for table `ec_shipment_histories`
--


--
-- Table structure for table `ec_shipments`
--

CREATE TABLE `ec_shipments` (
  `id` bigint unsigned NOT NULL AUTO_INCREMENT,
  `order_id` bigint unsigned NOT NULL,
  `user_id` bigint unsigned DEFAULT NULL,
  `weight` double(8,2) DEFAULT '0.00',
  `shipment_id` varchar(120) COLLATE utf8mb4_unicode_ci DEFAULT NULL,
  `rate_id` varchar(120) COLLATE utf8mb4_unicode_ci DEFAULT NULL,
  `note` varchar(120) COLLATE utf8mb4_unicode_ci DEFAULT NULL,
  `status` varchar(120) COLLATE utf8mb4_unicode_ci NOT NULL DEFAULT 'pending',
  `cod_amount` decimal(15,2) DEFAULT '0.00',
  `cod_status` varchar(60) COLLATE utf8mb4_unicode_ci NOT NULL DEFAULT 'pending',
  `cross_checking_status` varchar(60) COLLATE utf8mb4_unicode_ci NOT NULL DEFAULT 'pending',
  `price` decimal(15,2) DEFAULT '0.00',
  `store_id` bigint unsigned DEFAULT NULL,
  `created_at` timestamp NULL DEFAULT NULL,
  `updated_at` timestamp NULL DEFAULT NULL,
  `tracking_id` varchar(191) COLLATE utf8mb4_unicode_ci DEFAULT NULL,
  `shipping_company_name` varchar(191) COLLATE utf8mb4_unicode_ci DEFAULT NULL,
  `tracking_link` varchar(191) COLLATE utf8mb4_unicode_ci DEFAULT NULL,
  `estimate_date_shipped` datetime DEFAULT NULL,
  `date_shipped` datetime DEFAULT NULL,
  `customer_delivered_confirmed_at` timestamp NULL DEFAULT NULL,
  `label_url` text COLLATE utf8mb4_unicode_ci,
  `metadata` mediumtext COLLATE utf8mb4_unicode_ci,
  PRIMARY KEY (`id`)
) ENGINE=InnoDB DEFAULT CHARSET=utf8mb4 COLLATE=utf8mb4_unicode_ci;

--
-- Dumping data for table `ec_shipments`
--


--
-- Table structure for table `ec_shipping`
--

CREATE TABLE `ec_shipping` (
  `id` bigint unsigned NOT NULL AUTO_INCREMENT,
  `title` varchar(191) COLLATE utf8mb4_unicode_ci DEFAULT NULL,
  `country` varchar(120) COLLATE utf8mb4_unicode_ci DEFAULT NULL,
  `created_at` timestamp NULL DEFAULT NULL,
  `updated_at` timestamp NULL DEFAULT NULL,
  PRIMARY KEY (`id`)
) ENGINE=InnoDB AUTO_INCREMENT=2 DEFAULT CHARSET=utf8mb4 COLLATE=utf8mb4_unicode_ci;

--
-- Dumping data for table `ec_shipping`
--

INSERT INTO `ec_shipping` VALUES (1,'All',NULL,'2024-10-31 20:46:31','2024-10-31 20:46:31');

--
-- Table structure for table `ec_shipping_rule_items`
--

CREATE TABLE `ec_shipping_rule_items` (
  `id` bigint unsigned NOT NULL AUTO_INCREMENT,
  `shipping_rule_id` bigint unsigned NOT NULL,
  `country` varchar(120) COLLATE utf8mb4_unicode_ci DEFAULT NULL,
  `state` varchar(120) COLLATE utf8mb4_unicode_ci DEFAULT NULL,
  `city` varchar(120) COLLATE utf8mb4_unicode_ci DEFAULT NULL,
  `zip_code` varchar(20) COLLATE utf8mb4_unicode_ci DEFAULT NULL,
  `adjustment_price` decimal(15,2) DEFAULT '0.00',
  `is_enabled` tinyint(1) NOT NULL DEFAULT '1',
  `created_at` timestamp NULL DEFAULT NULL,
  `updated_at` timestamp NULL DEFAULT NULL,
  PRIMARY KEY (`id`)
) ENGINE=InnoDB DEFAULT CHARSET=utf8mb4 COLLATE=utf8mb4_unicode_ci;

--
-- Dumping data for table `ec_shipping_rule_items`
--


--
-- Table structure for table `ec_shipping_rules`
--

CREATE TABLE `ec_shipping_rules` (
  `id` bigint unsigned NOT NULL AUTO_INCREMENT,
  `name` varchar(120) COLLATE utf8mb4_unicode_ci NOT NULL,
  `shipping_id` bigint unsigned NOT NULL,
  `type` varchar(24) COLLATE utf8mb4_unicode_ci DEFAULT 'based_on_price',
  `from` decimal(15,2) DEFAULT '0.00',
  `to` decimal(15,2) DEFAULT '0.00',
  `price` decimal(15,2) DEFAULT '0.00',
  `created_at` timestamp NULL DEFAULT NULL,
  `updated_at` timestamp NULL DEFAULT NULL,
  PRIMARY KEY (`id`)
) ENGINE=InnoDB AUTO_INCREMENT=4 DEFAULT CHARSET=utf8mb4 COLLATE=utf8mb4_unicode_ci;

--
-- Dumping data for table `ec_shipping_rules`
--

INSERT INTO `ec_shipping_rules` VALUES (1,'Free delivery',1,'based_on_price',1000.00,NULL,0.00,'2024-10-31 20:46:31','2024-10-31 20:46:31'),(2,'Flat Rate',1,'based_on_price',0.00,NULL,20.00,'2024-10-31 20:46:31','2024-10-31 20:46:31'),(3,'Local Pickup',1,'based_on_price',0.00,NULL,0.00,'2024-10-31 20:46:31','2024-10-31 20:46:31');

--
-- Table structure for table `ec_specification_attributes`
--

CREATE TABLE `ec_specification_attributes` (
  `id` bigint unsigned NOT NULL AUTO_INCREMENT,
  `group_id` bigint unsigned NOT NULL,
  `name` varchar(191) COLLATE utf8mb4_unicode_ci NOT NULL,
  `type` varchar(20) COLLATE utf8mb4_unicode_ci NOT NULL,
  `options` text COLLATE utf8mb4_unicode_ci,
  `default_value` varchar(191) COLLATE utf8mb4_unicode_ci DEFAULT NULL,
  `created_at` timestamp NULL DEFAULT NULL,
  `updated_at` timestamp NULL DEFAULT NULL,
  `author_type` varchar(191) COLLATE utf8mb4_unicode_ci DEFAULT NULL,
  `author_id` bigint unsigned DEFAULT NULL,
  PRIMARY KEY (`id`),
  KEY `ec_specification_attributes_author_type_author_id_index` (`author_type`,`author_id`)
) ENGINE=InnoDB AUTO_INCREMENT=9 DEFAULT CHARSET=utf8mb4 COLLATE=utf8mb4_unicode_ci;

--
-- Dumping data for table `ec_specification_attributes`
--

INSERT INTO `ec_specification_attributes` VALUES (1,1,'Height','text',NULL,NULL,'2024-10-31 20:46:39','2024-10-31 20:46:39',NULL,NULL),(2,1,'Width','text',NULL,NULL,'2024-10-31 20:46:39','2024-10-31 20:46:39',NULL,NULL),(3,1,'Weight','text',NULL,NULL,'2024-10-31 20:46:39','2024-10-31 20:46:39',NULL,NULL),(4,2,'Power','text',NULL,NULL,'2024-10-31 20:46:39','2024-10-31 20:46:39',NULL,NULL),(5,2,'Speed','text',NULL,NULL,'2024-10-31 20:46:39','2024-10-31 20:46:39',NULL,NULL),(6,3,'Battery Life','text',NULL,NULL,'2024-10-31 20:46:39','2024-10-31 20:46:39',NULL,NULL),(7,4,'Screen Size','text',NULL,NULL,'2024-10-31 20:46:39','2024-10-31 20:46:39',NULL,NULL),(8,4,'Resolution','select','[\"1920x1080\",\"2560x1440\",\"3840x2160\"]',NULL,'2024-10-31 20:46:39','2024-10-31 20:46:39',NULL,NULL);

--
-- Table structure for table `ec_specification_attributes_translations`
--

CREATE TABLE `ec_specification_attributes_translations` (
  `lang_code` varchar(20) COLLATE utf8mb4_unicode_ci NOT NULL,
  `ec_specification_attributes_id` bigint unsigned NOT NULL,
  `name` varchar(191) COLLATE utf8mb4_unicode_ci DEFAULT NULL,
  `options` text COLLATE utf8mb4_unicode_ci,
  `default_value` varchar(191) COLLATE utf8mb4_unicode_ci DEFAULT NULL,
  PRIMARY KEY (`lang_code`,`ec_specification_attributes_id`)
) ENGINE=InnoDB DEFAULT CHARSET=utf8mb4 COLLATE=utf8mb4_unicode_ci;

--
-- Dumping data for table `ec_specification_attributes_translations`
--


--
-- Table structure for table `ec_specification_groups`
--

CREATE TABLE `ec_specification_groups` (
  `id` bigint unsigned NOT NULL AUTO_INCREMENT,
  `name` varchar(191) COLLATE utf8mb4_unicode_ci NOT NULL,
  `description` varchar(400) COLLATE utf8mb4_unicode_ci DEFAULT NULL,
  `created_at` timestamp NULL DEFAULT NULL,
  `updated_at` timestamp NULL DEFAULT NULL,
  `author_type` varchar(191) COLLATE utf8mb4_unicode_ci DEFAULT NULL,
  `author_id` bigint unsigned DEFAULT NULL,
  PRIMARY KEY (`id`),
  KEY `ec_specification_groups_author_type_author_id_index` (`author_type`,`author_id`)
) ENGINE=InnoDB AUTO_INCREMENT=5 DEFAULT CHARSET=utf8mb4 COLLATE=utf8mb4_unicode_ci;

--
-- Dumping data for table `ec_specification_groups`
--

INSERT INTO `ec_specification_groups` VALUES (1,'Dimensions',NULL,'2024-10-31 20:46:39','2024-10-31 20:46:39',NULL,NULL),(2,'Performance',NULL,'2024-10-31 20:46:39','2024-10-31 20:46:39',NULL,NULL),(3,'Battery',NULL,'2024-10-31 20:46:39','2024-10-31 20:46:39',NULL,NULL),(4,'Display',NULL,'2024-10-31 20:46:39','2024-10-31 20:46:39',NULL,NULL);

--
-- Table structure for table `ec_specification_table_group`
--

CREATE TABLE `ec_specification_table_group` (
  `table_id` bigint unsigned NOT NULL,
  `group_id` bigint unsigned NOT NULL,
  `order` tinyint NOT NULL DEFAULT '0',
  PRIMARY KEY (`table_id`,`group_id`)
) ENGINE=InnoDB DEFAULT CHARSET=utf8mb4 COLLATE=utf8mb4_unicode_ci;

--
-- Dumping data for table `ec_specification_table_group`
--

INSERT INTO `ec_specification_table_group` VALUES (1,1,0),(1,2,0),(2,3,0),(2,4,0);

--
-- Table structure for table `ec_specification_tables`
--

CREATE TABLE `ec_specification_tables` (
  `id` bigint unsigned NOT NULL AUTO_INCREMENT,
  `name` varchar(191) COLLATE utf8mb4_unicode_ci NOT NULL,
  `description` varchar(400) COLLATE utf8mb4_unicode_ci DEFAULT NULL,
  `created_at` timestamp NULL DEFAULT NULL,
  `updated_at` timestamp NULL DEFAULT NULL,
  `author_type` varchar(191) COLLATE utf8mb4_unicode_ci DEFAULT NULL,
  `author_id` bigint unsigned DEFAULT NULL,
  PRIMARY KEY (`id`),
  KEY `ec_specification_tables_author_type_author_id_index` (`author_type`,`author_id`)
) ENGINE=InnoDB AUTO_INCREMENT=3 DEFAULT CHARSET=utf8mb4 COLLATE=utf8mb4_unicode_ci;

--
-- Dumping data for table `ec_specification_tables`
--

INSERT INTO `ec_specification_tables` VALUES (1,'General Specification',NULL,'2024-10-31 20:46:39','2024-10-31 20:46:39',NULL,NULL),(2,'Technical Specification',NULL,'2024-10-31 20:46:39','2024-10-31 20:46:39',NULL,NULL);

--
-- Table structure for table `ec_store_locators`
--

CREATE TABLE `ec_store_locators` (
  `id` bigint unsigned NOT NULL AUTO_INCREMENT,
  `name` varchar(60) COLLATE utf8mb4_unicode_ci NOT NULL,
  `email` varchar(60) COLLATE utf8mb4_unicode_ci DEFAULT NULL,
  `phone` varchar(20) COLLATE utf8mb4_unicode_ci NOT NULL,
  `address` varchar(191) COLLATE utf8mb4_unicode_ci NOT NULL,
  `country` varchar(120) COLLATE utf8mb4_unicode_ci DEFAULT NULL,
  `state` varchar(120) COLLATE utf8mb4_unicode_ci DEFAULT NULL,
  `city` varchar(120) COLLATE utf8mb4_unicode_ci DEFAULT NULL,
  `is_primary` tinyint(1) DEFAULT '0',
  `is_shipping_location` tinyint(1) DEFAULT '1',
  `created_at` timestamp NULL DEFAULT NULL,
  `updated_at` timestamp NULL DEFAULT NULL,
  `zip_code` varchar(20) COLLATE utf8mb4_unicode_ci DEFAULT NULL,
  PRIMARY KEY (`id`)
) ENGINE=InnoDB AUTO_INCREMENT=2 DEFAULT CHARSET=utf8mb4 COLLATE=utf8mb4_unicode_ci;

--
-- Dumping data for table `ec_store_locators`
--

INSERT INTO `ec_store_locators` VALUES (1,'Shofy','sales@botble.com','1800979769','502 New Street','AU','Brighton VIC','Brighton VIC',1,1,'2024-10-31 20:46:32','2024-10-31 20:46:32',NULL);

--
-- Table structure for table `ec_tax_products`
--

CREATE TABLE `ec_tax_products` (
  `tax_id` bigint unsigned NOT NULL,
  `product_id` bigint unsigned NOT NULL,
  PRIMARY KEY (`product_id`,`tax_id`),
  KEY `ec_tax_products_tax_id_index` (`tax_id`),
  KEY `ec_tax_products_product_id_index` (`product_id`)
) ENGINE=InnoDB DEFAULT CHARSET=utf8mb4 COLLATE=utf8mb4_unicode_ci;

--
-- Dumping data for table `ec_tax_products`
--

INSERT INTO `ec_tax_products` VALUES (1,1),(1,6),(1,7),(1,8),(1,10),(1,12),(1,13),(1,16),(1,17),(1,18),(1,21),(1,25),(1,26),(1,36),(1,38),(1,41),(1,44),(1,46),(1,49),(1,53),(2,3),(2,5),(2,9),(2,15),(2,24),(2,27),(2,30),(2,31),(2,33),(2,35),(2,37),(2,39),(2,40),(2,48),(2,50),(2,51),(2,52),(3,2),(3,4),(3,11),(3,14),(3,19),(3,20),(3,22),(3,23),(3,28),(3,29),(3,32),(3,34),(3,42),(3,43),(3,45),(3,47),(3,54),(3,55),(3,56),(3,57);

--
-- Table structure for table `ec_tax_rules`
--

CREATE TABLE `ec_tax_rules` (
  `id` bigint unsigned NOT NULL AUTO_INCREMENT,
  `tax_id` bigint unsigned NOT NULL,
  `country` varchar(120) COLLATE utf8mb4_unicode_ci DEFAULT NULL,
  `state` varchar(120) COLLATE utf8mb4_unicode_ci DEFAULT NULL,
  `city` varchar(120) COLLATE utf8mb4_unicode_ci DEFAULT NULL,
  `zip_code` varchar(20) COLLATE utf8mb4_unicode_ci DEFAULT NULL,
  `priority` int DEFAULT NULL,
  `is_enabled` tinyint(1) NOT NULL DEFAULT '1',
  `created_at` timestamp NULL DEFAULT NULL,
  `updated_at` timestamp NULL DEFAULT NULL,
  `percentage` double(8,6) DEFAULT NULL,
  PRIMARY KEY (`id`)
) ENGINE=InnoDB DEFAULT CHARSET=utf8mb4 COLLATE=utf8mb4_unicode_ci;

--
-- Dumping data for table `ec_tax_rules`
--


--
-- Table structure for table `ec_taxes`
--

CREATE TABLE `ec_taxes` (
  `id` bigint unsigned NOT NULL AUTO_INCREMENT,
  `title` varchar(191) COLLATE utf8mb4_unicode_ci DEFAULT NULL,
  `percentage` double(8,6) DEFAULT NULL,
  `priority` int DEFAULT NULL,
  `status` varchar(60) COLLATE utf8mb4_unicode_ci NOT NULL DEFAULT 'published',
  `created_at` timestamp NULL DEFAULT NULL,
  `updated_at` timestamp NULL DEFAULT NULL,
  PRIMARY KEY (`id`)
) ENGINE=InnoDB AUTO_INCREMENT=4 DEFAULT CHARSET=utf8mb4 COLLATE=utf8mb4_unicode_ci;

--
-- Dumping data for table `ec_taxes`
--

INSERT INTO `ec_taxes` VALUES (1,'VAT',10.000000,1,'published','2024-10-31 20:46:31','2024-10-31 20:46:31'),(2,'None',0.000000,2,'published','2024-10-31 20:46:31','2024-10-31 20:46:31'),(3,'Import Tax',15.000000,3,'published','2024-10-31 20:46:31','2024-10-31 20:46:31');

--
-- Table structure for table `ec_wish_lists`
--

CREATE TABLE `ec_wish_lists` (
  `customer_id` bigint unsigned NOT NULL,
  `product_id` bigint unsigned NOT NULL,
  `created_at` timestamp NULL DEFAULT NULL,
  `updated_at` timestamp NULL DEFAULT NULL,
  PRIMARY KEY (`customer_id`,`product_id`),
  KEY `wishlist_relation_index` (`product_id`,`customer_id`)
) ENGINE=InnoDB DEFAULT CHARSET=utf8mb4 COLLATE=utf8mb4_unicode_ci;

--
-- Dumping data for table `ec_wish_lists`
--


--
-- Table structure for table `failed_jobs`
--

CREATE TABLE `failed_jobs` (
  `id` bigint unsigned NOT NULL AUTO_INCREMENT,
  `uuid` varchar(191) COLLATE utf8mb4_unicode_ci NOT NULL,
  `connection` text COLLATE utf8mb4_unicode_ci NOT NULL,
  `queue` text COLLATE utf8mb4_unicode_ci NOT NULL,
  `payload` longtext COLLATE utf8mb4_unicode_ci NOT NULL,
  `exception` longtext COLLATE utf8mb4_unicode_ci NOT NULL,
  `failed_at` timestamp NOT NULL DEFAULT CURRENT_TIMESTAMP,
  PRIMARY KEY (`id`),
  UNIQUE KEY `failed_jobs_uuid_unique` (`uuid`)
) ENGINE=InnoDB DEFAULT CHARSET=utf8mb4 COLLATE=utf8mb4_unicode_ci;

--
-- Dumping data for table `failed_jobs`
--


--
-- Table structure for table `faq_categories`
--

CREATE TABLE `faq_categories` (
  `id` bigint unsigned NOT NULL AUTO_INCREMENT,
  `name` varchar(120) COLLATE utf8mb4_unicode_ci NOT NULL,
  `order` tinyint NOT NULL DEFAULT '0',
  `status` varchar(60) COLLATE utf8mb4_unicode_ci NOT NULL DEFAULT 'published',
  `created_at` timestamp NULL DEFAULT NULL,
  `updated_at` timestamp NULL DEFAULT NULL,
  `description` varchar(400) COLLATE utf8mb4_unicode_ci DEFAULT NULL,
  PRIMARY KEY (`id`)
) ENGINE=InnoDB AUTO_INCREMENT=4 DEFAULT CHARSET=utf8mb4 COLLATE=utf8mb4_unicode_ci;

--
-- Dumping data for table `faq_categories`
--

INSERT INTO `faq_categories` VALUES (1,'Shipping',0,'published','2024-10-31 20:46:28','2024-10-31 20:46:28',NULL),(2,'Payment',1,'published','2024-10-31 20:46:28','2024-10-31 20:46:28',NULL),(3,'Order &amp; Returns',2,'published','2024-10-31 20:46:28','2024-10-31 20:46:28',NULL);

--
-- Table structure for table `faq_categories_translations`
--

CREATE TABLE `faq_categories_translations` (
  `lang_code` varchar(20) COLLATE utf8mb4_unicode_ci NOT NULL,
  `faq_categories_id` bigint unsigned NOT NULL,
  `name` varchar(120) COLLATE utf8mb4_unicode_ci DEFAULT NULL,
  PRIMARY KEY (`lang_code`,`faq_categories_id`)
) ENGINE=InnoDB DEFAULT CHARSET=utf8mb4 COLLATE=utf8mb4_unicode_ci;

--
-- Dumping data for table `faq_categories_translations`
--


--
-- Table structure for table `faqs`
--

CREATE TABLE `faqs` (
  `id` bigint unsigned NOT NULL AUTO_INCREMENT,
  `question` text COLLATE utf8mb4_unicode_ci NOT NULL,
  `answer` text COLLATE utf8mb4_unicode_ci NOT NULL,
  `category_id` bigint unsigned NOT NULL,
  `status` varchar(60) COLLATE utf8mb4_unicode_ci NOT NULL DEFAULT 'published',
  `created_at` timestamp NULL DEFAULT NULL,
  `updated_at` timestamp NULL DEFAULT NULL,
  PRIMARY KEY (`id`)
) ENGINE=InnoDB AUTO_INCREMENT=11 DEFAULT CHARSET=utf8mb4 COLLATE=utf8mb4_unicode_ci;

--
-- Dumping data for table `faqs`
--

INSERT INTO `faqs` VALUES (1,'What Shipping Methods Are Available?','Ex Portland Pitchfork irure mustache. Eutra fap before they sold out literally. Aliquip ugh bicycle rights actually mlkshk, seitan squid craft beer tempor.',1,'published','2024-10-31 20:46:28','2024-10-31 20:46:28'),(2,'Do You Ship Internationally?','Hoodie tote bag mixtape tofu. Typewriter jean shorts wolf quinoa, messenger bag organic freegan cray.',1,'published','2024-10-31 20:46:28','2024-10-31 20:46:28'),(3,'How Long Will It Take To Get My Package?','Swag slow-carb quinoa VHS typewriter pork belly brunch, paleo single-origin coffee Wes Anderson. Flexitarian Pitchfork forage, literally paleo fap pour-over. Wes Anderson Pinterest YOLO fanny pack meggings, deep v XOXO chambray sustainable slow-carb raw denim church-key fap chillwave Etsy. +1 typewriter kitsch, American Apparel tofu Banksy Vice.',1,'published','2024-10-31 20:46:28','2024-10-31 20:46:28'),(4,'What Payment Methods Are Accepted?','Fashion axe DIY jean shorts, swag kale chips meh polaroid kogi butcher Wes Anderson chambray next level semiotics gentrify yr. Voluptate photo booth fugiat Vice. Austin sed Williamsburg, ea labore raw denim voluptate cred proident mixtape excepteur mustache. Twee chia photo booth readymade food truck, hoodie roof party swag keytar PBR DIY.',2,'published','2024-10-31 20:46:28','2024-10-31 20:46:28'),(5,'Is Buying On-Line Safe?','Art party authentic freegan semiotics jean shorts chia cred. Neutra Austin roof party Brooklyn, synth Thundercats swag 8-bit photo booth. Plaid letterpress leggings craft beer meh ethical Pinterest.',2,'published','2024-10-31 20:46:28','2024-10-31 20:46:28'),(6,'How do I place an Order?','Keytar cray slow-carb, Godard banh mi salvia pour-over. Slow-carb Odd Future seitan normcore. Master cleanse American Apparel gentrify flexitarian beard slow-carb next level. Raw denim polaroid paleo farm-to-table, put a bird on it lo-fi tattooed Wes Anderson Pinterest letterpress. Fingerstache McSweeney’s pour-over, letterpress Schlitz photo booth master cleanse bespoke hashtag chillwave gentrify.',3,'published','2024-10-31 20:46:28','2024-10-31 20:46:28'),(7,'How Can I Cancel Or Change My Order?','Plaid letterpress leggings craft beer meh ethical Pinterest. Art party authentic freegan semiotics jean shorts chia cred. Neutra Austin roof party Brooklyn, synth Thundercats swag 8-bit photo booth.',3,'published','2024-10-31 20:46:28','2024-10-31 20:46:28'),(8,'Do I need an account to place an order?','Thundercats swag 8-bit photo booth. Plaid letterpress leggings craft beer meh ethical Pinterest. Twee chia photo booth readymade food truck, hoodie roof party swag keytar PBR DIY. Cray ugh 3 wolf moon fap, fashion axe irony butcher cornhole typewriter chambray VHS banjo street art.',3,'published','2024-10-31 20:46:28','2024-10-31 20:46:28'),(9,'How Do I Track My Order?','Keytar cray slow-carb, Godard banh mi salvia pour-over. Slow-carb @Odd Future seitan normcore. Master cleanse American Apparel gentrify flexitarian beard slow-carb next level.',3,'published','2024-10-31 20:46:28','2024-10-31 20:46:28'),(10,'How Can I Return a Product?','Kale chips Truffaut Williamsburg, hashtag fixie Pinterest raw denim c hambray drinking vinegar Carles street art Bushwick gastropub. Wolf Tumblr paleo church-key. Plaid food truck Echo Park YOLO bitters hella, direct trade Thundercats leggings quinoa before they sold out. You probably haven’t heard of them wayfarers authentic umami drinking vinegar Pinterest Cosby sweater, fingerstache fap High Life.',3,'published','2024-10-31 20:46:28','2024-10-31 20:46:28');

--
-- Table structure for table `faqs_translations`
--

CREATE TABLE `faqs_translations` (
  `lang_code` varchar(20) COLLATE utf8mb4_unicode_ci NOT NULL,
  `faqs_id` bigint unsigned NOT NULL,
  `question` text COLLATE utf8mb4_unicode_ci,
  `answer` text COLLATE utf8mb4_unicode_ci,
  PRIMARY KEY (`lang_code`,`faqs_id`)
) ENGINE=InnoDB DEFAULT CHARSET=utf8mb4 COLLATE=utf8mb4_unicode_ci;

--
-- Dumping data for table `faqs_translations`
--


--
-- Table structure for table `galleries`
--

CREATE TABLE `galleries` (
  `id` bigint unsigned NOT NULL AUTO_INCREMENT,
  `name` varchar(120) COLLATE utf8mb4_unicode_ci NOT NULL,
  `description` longtext COLLATE utf8mb4_unicode_ci NOT NULL,
  `is_featured` tinyint unsigned NOT NULL DEFAULT '0',
  `order` tinyint unsigned NOT NULL DEFAULT '0',
  `image` varchar(191) COLLATE utf8mb4_unicode_ci DEFAULT NULL,
  `user_id` bigint unsigned DEFAULT NULL,
  `status` varchar(60) COLLATE utf8mb4_unicode_ci NOT NULL DEFAULT 'published',
  `created_at` timestamp NULL DEFAULT NULL,
  `updated_at` timestamp NULL DEFAULT NULL,
  PRIMARY KEY (`id`),
  KEY `galleries_user_id_index` (`user_id`)
) ENGINE=InnoDB AUTO_INCREMENT=6 DEFAULT CHARSET=utf8mb4 COLLATE=utf8mb4_unicode_ci;

--
-- Dumping data for table `galleries`
--

INSERT INTO `galleries` VALUES (1,'Perfect','Alice. \'I\'m glad I\'ve seen that done,\' thought Alice. One of the busy farm-yard--while the lowing of the pack, she could get away without speaking, but at the great puzzle!\' And she thought it would.',1,0,'main/galleries/1.jpg',1,'published','2024-10-31 20:46:40','2024-10-31 20:46:40'),(2,'New Day','I don\'t believe you do either!\' And the muscular strength, which it gave to my right size: the next witness would be offended again. \'Mine is a very small cake, on which the words did not quite like.',1,0,'main/galleries/2.jpg',1,'published','2024-10-31 20:46:40','2024-10-31 20:46:40'),(3,'Happy Day','The cook threw a frying-pan after her as she heard one of the crowd below, and there was a very humble tone, going down on one knee. \'I\'m a poor man, your Majesty,\' the Hatter said, turning to.',1,0,'main/galleries/3.jpg',1,'published','2024-10-31 20:46:40','2024-10-31 20:46:40'),(4,'Nature','NOT!\' cried the Mouse, in a fight with another hedgehog, which seemed to listen, the whole pack rose up into the court, arm-in-arm with the Gryphon. \'Then, you know,\' said the Gryphon: and it put.',1,0,'main/galleries/4.jpg',1,'published','2024-10-31 20:46:40','2024-10-31 20:46:40'),(5,'Morning','HE taught us Drawling, Stretching, and Fainting in Coils.\' \'What was that?\' inquired Alice. \'Reeling and Writhing, of course, Alice could see her after the rest of the house till she heard it say to.',1,0,'main/galleries/5.jpg',1,'published','2024-10-31 20:46:40','2024-10-31 20:46:40');

--
-- Table structure for table `galleries_translations`
--

CREATE TABLE `galleries_translations` (
  `lang_code` varchar(20) COLLATE utf8mb4_unicode_ci NOT NULL,
  `galleries_id` bigint unsigned NOT NULL,
  `name` varchar(191) COLLATE utf8mb4_unicode_ci DEFAULT NULL,
  `description` longtext COLLATE utf8mb4_unicode_ci,
  PRIMARY KEY (`lang_code`,`galleries_id`)
) ENGINE=InnoDB DEFAULT CHARSET=utf8mb4 COLLATE=utf8mb4_unicode_ci;

--
-- Dumping data for table `galleries_translations`
--


--
-- Table structure for table `gallery_meta`
--

CREATE TABLE `gallery_meta` (
  `id` bigint unsigned NOT NULL AUTO_INCREMENT,
  `images` text COLLATE utf8mb4_unicode_ci,
  `reference_id` bigint unsigned NOT NULL,
  `reference_type` varchar(120) COLLATE utf8mb4_unicode_ci NOT NULL,
  `created_at` timestamp NULL DEFAULT NULL,
  `updated_at` timestamp NULL DEFAULT NULL,
  PRIMARY KEY (`id`),
  KEY `gallery_meta_reference_id_index` (`reference_id`)
) ENGINE=InnoDB AUTO_INCREMENT=6 DEFAULT CHARSET=utf8mb4 COLLATE=utf8mb4_unicode_ci;

--
-- Dumping data for table `gallery_meta`
--

INSERT INTO `gallery_meta` VALUES (1,'[{\"img\":\"main\\/galleries\\/2.jpg\",\"description\":\"Mock Turtle at last, more calmly, though still sobbing a little way forwards each time and a Canary called out in a helpless sort of thing that would happen: \'\\\"Miss Alice! Come here directly, and.\"},{\"img\":\"main\\/galleries\\/1.jpg\",\"description\":\"Dormouse, and repeated her question. \'Why did they draw?\' said Alice, \'how am I to do?\' said Alice. \'Exactly so,\' said the King, \'unless it was the only difficulty was, that you never had fits, my.\"},{\"img\":\"main\\/galleries\\/5.jpg\",\"description\":\"I know!\' exclaimed Alice, who was beginning to end,\' said the Cat, \'or you wouldn\'t have come here.\' Alice didn\'t think that there was a treacle-well.\' \'There\'s no sort of a book,\' thought Alice.\"}]',1,'Botble\\Gallery\\Models\\Gallery','2024-10-31 20:46:40','2024-10-31 20:46:40'),(2,'[{\"img\":\"main\\/galleries\\/2.jpg\",\"description\":\"Mock Turtle at last, more calmly, though still sobbing a little way forwards each time and a Canary called out in a helpless sort of thing that would happen: \'\\\"Miss Alice! Come here directly, and.\"},{\"img\":\"main\\/galleries\\/1.jpg\",\"description\":\"Dormouse, and repeated her question. \'Why did they draw?\' said Alice, \'how am I to do?\' said Alice. \'Exactly so,\' said the King, \'unless it was the only difficulty was, that you never had fits, my.\"},{\"img\":\"main\\/galleries\\/5.jpg\",\"description\":\"I know!\' exclaimed Alice, who was beginning to end,\' said the Cat, \'or you wouldn\'t have come here.\' Alice didn\'t think that there was a treacle-well.\' \'There\'s no sort of a book,\' thought Alice.\"}]',2,'Botble\\Gallery\\Models\\Gallery','2024-10-31 20:46:40','2024-10-31 20:46:40'),(3,'[{\"img\":\"main\\/galleries\\/2.jpg\",\"description\":\"Mock Turtle at last, more calmly, though still sobbing a little way forwards each time and a Canary called out in a helpless sort of thing that would happen: \'\\\"Miss Alice! Come here directly, and.\"},{\"img\":\"main\\/galleries\\/1.jpg\",\"description\":\"Dormouse, and repeated her question. \'Why did they draw?\' said Alice, \'how am I to do?\' said Alice. \'Exactly so,\' said the King, \'unless it was the only difficulty was, that you never had fits, my.\"},{\"img\":\"main\\/galleries\\/5.jpg\",\"description\":\"I know!\' exclaimed Alice, who was beginning to end,\' said the Cat, \'or you wouldn\'t have come here.\' Alice didn\'t think that there was a treacle-well.\' \'There\'s no sort of a book,\' thought Alice.\"}]',3,'Botble\\Gallery\\Models\\Gallery','2024-10-31 20:46:40','2024-10-31 20:46:40'),(4,'[{\"img\":\"main\\/galleries\\/2.jpg\",\"description\":\"Mock Turtle at last, more calmly, though still sobbing a little way forwards each time and a Canary called out in a helpless sort of thing that would happen: \'\\\"Miss Alice! Come here directly, and.\"},{\"img\":\"main\\/galleries\\/1.jpg\",\"description\":\"Dormouse, and repeated her question. \'Why did they draw?\' said Alice, \'how am I to do?\' said Alice. \'Exactly so,\' said the King, \'unless it was the only difficulty was, that you never had fits, my.\"},{\"img\":\"main\\/galleries\\/5.jpg\",\"description\":\"I know!\' exclaimed Alice, who was beginning to end,\' said the Cat, \'or you wouldn\'t have come here.\' Alice didn\'t think that there was a treacle-well.\' \'There\'s no sort of a book,\' thought Alice.\"}]',4,'Botble\\Gallery\\Models\\Gallery','2024-10-31 20:46:40','2024-10-31 20:46:40'),(5,'[{\"img\":\"main\\/galleries\\/2.jpg\",\"description\":\"Mock Turtle at last, more calmly, though still sobbing a little way forwards each time and a Canary called out in a helpless sort of thing that would happen: \'\\\"Miss Alice! Come here directly, and.\"},{\"img\":\"main\\/galleries\\/1.jpg\",\"description\":\"Dormouse, and repeated her question. \'Why did they draw?\' said Alice, \'how am I to do?\' said Alice. \'Exactly so,\' said the King, \'unless it was the only difficulty was, that you never had fits, my.\"},{\"img\":\"main\\/galleries\\/5.jpg\",\"description\":\"I know!\' exclaimed Alice, who was beginning to end,\' said the Cat, \'or you wouldn\'t have come here.\' Alice didn\'t think that there was a treacle-well.\' \'There\'s no sort of a book,\' thought Alice.\"}]',5,'Botble\\Gallery\\Models\\Gallery','2024-10-31 20:46:40','2024-10-31 20:46:40');

--
-- Table structure for table `gallery_meta_translations`
--

CREATE TABLE `gallery_meta_translations` (
  `lang_code` varchar(20) COLLATE utf8mb4_unicode_ci NOT NULL,
  `gallery_meta_id` bigint unsigned NOT NULL,
  `images` text COLLATE utf8mb4_unicode_ci,
  PRIMARY KEY (`lang_code`,`gallery_meta_id`)
) ENGINE=InnoDB DEFAULT CHARSET=utf8mb4 COLLATE=utf8mb4_unicode_ci;

--
-- Dumping data for table `gallery_meta_translations`
--


--
-- Table structure for table `jobs`
--

CREATE TABLE `jobs` (
  `id` bigint unsigned NOT NULL AUTO_INCREMENT,
  `queue` varchar(191) COLLATE utf8mb4_unicode_ci NOT NULL,
  `payload` longtext COLLATE utf8mb4_unicode_ci NOT NULL,
  `attempts` tinyint unsigned NOT NULL,
  `reserved_at` int unsigned DEFAULT NULL,
  `available_at` int unsigned NOT NULL,
  `created_at` int unsigned NOT NULL,
  PRIMARY KEY (`id`),
  KEY `jobs_queue_index` (`queue`)
) ENGINE=InnoDB DEFAULT CHARSET=utf8mb4 COLLATE=utf8mb4_unicode_ci;

--
-- Dumping data for table `jobs`
--


--
-- Table structure for table `language_meta`
--

CREATE TABLE `language_meta` (
  `lang_meta_id` bigint unsigned NOT NULL AUTO_INCREMENT,
  `lang_meta_code` varchar(20) COLLATE utf8mb4_unicode_ci DEFAULT NULL,
  `lang_meta_origin` varchar(32) COLLATE utf8mb4_unicode_ci NOT NULL,
  `reference_id` bigint unsigned NOT NULL,
  `reference_type` varchar(120) COLLATE utf8mb4_unicode_ci NOT NULL,
  PRIMARY KEY (`lang_meta_id`),
  KEY `language_meta_reference_id_index` (`reference_id`),
  KEY `meta_code_index` (`lang_meta_code`),
  KEY `meta_origin_index` (`lang_meta_origin`),
  KEY `meta_reference_type_index` (`reference_type`)
) ENGINE=InnoDB AUTO_INCREMENT=6 DEFAULT CHARSET=utf8mb4 COLLATE=utf8mb4_unicode_ci;

--
-- Dumping data for table `language_meta`
--

INSERT INTO `language_meta` VALUES (1,'en_US','100fb7236d4326281f4c122cec496629',1,'Botble\\SimpleSlider\\Models\\SimpleSlider'),(2,'en_US','a383b43223d10feddc75ab03da70ecab',1,'Botble\\Menu\\Models\\MenuLocation'),(3,'en_US','e9277b8eec2aae26dc962ea2a75e0ee9',1,'Botble\\Menu\\Models\\Menu'),(4,'en_US','85ad93810184b3cfb183f00967497101',2,'Botble\\Menu\\Models\\Menu'),(5,'en_US','66a1e17ea9405d03268df1ce495a8bbe',3,'Botble\\Menu\\Models\\Menu');

--
-- Table structure for table `languages`
--

CREATE TABLE `languages` (
  `lang_id` bigint unsigned NOT NULL AUTO_INCREMENT,
  `lang_name` varchar(120) COLLATE utf8mb4_unicode_ci NOT NULL,
  `lang_locale` varchar(20) COLLATE utf8mb4_unicode_ci NOT NULL,
  `lang_code` varchar(20) COLLATE utf8mb4_unicode_ci NOT NULL,
  `lang_flag` varchar(20) COLLATE utf8mb4_unicode_ci DEFAULT NULL,
  `lang_is_default` tinyint unsigned NOT NULL DEFAULT '0',
  `lang_order` int NOT NULL DEFAULT '0',
  `lang_is_rtl` tinyint unsigned NOT NULL DEFAULT '0',
  PRIMARY KEY (`lang_id`),
  KEY `lang_locale_index` (`lang_locale`),
  KEY `lang_code_index` (`lang_code`),
  KEY `lang_is_default_index` (`lang_is_default`)
) ENGINE=InnoDB AUTO_INCREMENT=2 DEFAULT CHARSET=utf8mb4 COLLATE=utf8mb4_unicode_ci;

--
-- Dumping data for table `languages`
--

INSERT INTO `languages` VALUES (1,'English','en','en_US','us',1,0,0);

--
-- Table structure for table `media_files`
--

CREATE TABLE `media_files` (
  `id` bigint unsigned NOT NULL AUTO_INCREMENT,
  `user_id` bigint unsigned NOT NULL,
  `name` varchar(191) COLLATE utf8mb4_unicode_ci NOT NULL,
  `alt` varchar(191) COLLATE utf8mb4_unicode_ci DEFAULT NULL,
  `folder_id` bigint unsigned NOT NULL DEFAULT '0',
  `mime_type` varchar(120) COLLATE utf8mb4_unicode_ci NOT NULL,
  `size` int NOT NULL,
  `url` varchar(191) COLLATE utf8mb4_unicode_ci NOT NULL,
  `options` text COLLATE utf8mb4_unicode_ci,
  `created_at` timestamp NULL DEFAULT NULL,
  `updated_at` timestamp NULL DEFAULT NULL,
  `deleted_at` timestamp NULL DEFAULT NULL,
  `visibility` varchar(191) COLLATE utf8mb4_unicode_ci NOT NULL DEFAULT 'public',
  PRIMARY KEY (`id`),
  KEY `media_files_user_id_index` (`user_id`),
  KEY `media_files_index` (`folder_id`,`user_id`,`created_at`)
) ENGINE=InnoDB AUTO_INCREMENT=163 DEFAULT CHARSET=utf8mb4 COLLATE=utf8mb4_unicode_ci;

--
-- Dumping data for table `media_files`
--

INSERT INTO `media_files` VALUES (1,0,'404','404',2,'image/png',16004,'main/general/404.png','[]','2024-10-31 20:46:25','2024-10-31 20:46:25',NULL,'public'),(2,0,'about-1','about-1',2,'image/jpeg',9222,'main/general/about-1.jpg','[]','2024-10-31 20:46:26','2024-10-31 20:46:26',NULL,'public'),(3,0,'about-2','about-2',2,'image/jpeg',5105,'main/general/about-2.jpg','[]','2024-10-31 20:46:26','2024-10-31 20:46:26',NULL,'public'),(4,0,'auth-banner','auth-banner',2,'image/png',48468,'main/general/auth-banner.png','[]','2024-10-31 20:46:26','2024-10-31 20:46:26',NULL,'public'),(5,0,'breadcrumb','breadcrumb',2,'image/jpeg',5276,'main/general/breadcrumb.jpg','[]','2024-10-31 20:46:26','2024-10-31 20:46:26',NULL,'public'),(6,0,'contact-img','contact-img',2,'image/jpeg',13078,'main/general/contact-img.jpg','[]','2024-10-31 20:46:26','2024-10-31 20:46:26',NULL,'public'),(7,0,'cta-shape-1','cta-shape-1',2,'image/png',23294,'main/general/cta-shape-1.png','[]','2024-10-31 20:46:26','2024-10-31 20:46:26',NULL,'public'),(8,0,'cta-shape-2','cta-shape-2',2,'image/png',16820,'main/general/cta-shape-2.png','[]','2024-10-31 20:46:26','2024-10-31 20:46:26',NULL,'public'),(9,0,'cta-thumb-1','cta-thumb-1',2,'image/jpeg',6053,'main/general/cta-thumb-1.jpg','[]','2024-10-31 20:46:26','2024-10-31 20:46:26',NULL,'public'),(10,0,'favicon','favicon',2,'image/png',1822,'main/general/favicon.png','[]','2024-10-31 20:46:26','2024-10-31 20:46:26',NULL,'public'),(11,0,'footer-pay','footer-pay',2,'image/png',490,'main/general/footer-pay.png','[]','2024-10-31 20:46:26','2024-10-31 20:46:26',NULL,'public'),(12,0,'logo-white','logo-white',2,'image/png',21450,'main/general/logo-white.png','[]','2024-10-31 20:46:26','2024-10-31 20:46:26',NULL,'public'),(13,0,'logo','logo',2,'image/png',22334,'main/general/logo.png','[]','2024-10-31 20:46:26','2024-10-31 20:46:26',NULL,'public'),(14,0,'newsletter-popup','newsletter-popup',2,'image/png',17253,'main/general/newsletter-popup.png','[]','2024-10-31 20:46:26','2024-10-31 20:46:26',NULL,'public'),(15,0,'placeholder','placeholder',2,'image/png',2100,'main/general/placeholder.png','[]','2024-10-31 20:46:26','2024-10-31 20:46:26',NULL,'public'),(16,0,'preloader-icon','preloader-icon',2,'image/png',4160,'main/general/preloader-icon.png','[]','2024-10-31 20:46:26','2024-10-31 20:46:26',NULL,'public'),(17,0,'signature','signature',2,'image/png',2330,'main/general/signature.png','[]','2024-10-31 20:46:27','2024-10-31 20:46:27',NULL,'public'),(18,0,'slider-offer','slider-offer',2,'image/png',970,'main/general/slider-offer.png','[]','2024-10-31 20:46:27','2024-10-31 20:46:27',NULL,'public'),(29,0,'1','1',4,'image/png',948,'main/brands/1.png','[]','2024-10-31 20:46:27','2024-10-31 20:46:27',NULL,'public'),(30,0,'2','2',4,'image/png',948,'main/brands/2.png','[]','2024-10-31 20:46:28','2024-10-31 20:46:28',NULL,'public'),(31,0,'3','3',4,'image/png',948,'main/brands/3.png','[]','2024-10-31 20:46:28','2024-10-31 20:46:28',NULL,'public'),(32,0,'4','4',4,'image/png',948,'main/brands/4.png','[]','2024-10-31 20:46:28','2024-10-31 20:46:28',NULL,'public'),(33,0,'5','5',4,'image/png',948,'main/brands/5.png','[]','2024-10-31 20:46:28','2024-10-31 20:46:28',NULL,'public'),(34,0,'1','1',5,'image/jpeg',4294,'main/customers/1.jpg','[]','2024-10-31 20:46:28','2024-10-31 20:46:28',NULL,'public'),(35,0,'10','10',5,'image/jpeg',4294,'main/customers/10.jpg','[]','2024-10-31 20:46:28','2024-10-31 20:46:28',NULL,'public'),(36,0,'2','2',5,'image/jpeg',4294,'main/customers/2.jpg','[]','2024-10-31 20:46:28','2024-10-31 20:46:28',NULL,'public'),(37,0,'3','3',5,'image/jpeg',4294,'main/customers/3.jpg','[]','2024-10-31 20:46:28','2024-10-31 20:46:28',NULL,'public'),(38,0,'4','4',5,'image/jpeg',4294,'main/customers/4.jpg','[]','2024-10-31 20:46:28','2024-10-31 20:46:28',NULL,'public'),(39,0,'5','5',5,'image/jpeg',4294,'main/customers/5.jpg','[]','2024-10-31 20:46:28','2024-10-31 20:46:28',NULL,'public'),(40,0,'6','6',5,'image/jpeg',4294,'main/customers/6.jpg','[]','2024-10-31 20:46:28','2024-10-31 20:46:28',NULL,'public'),(41,0,'7','7',5,'image/jpeg',4294,'main/customers/7.jpg','[]','2024-10-31 20:46:28','2024-10-31 20:46:28',NULL,'public'),(42,0,'8','8',5,'image/jpeg',4294,'main/customers/8.jpg','[]','2024-10-31 20:46:28','2024-10-31 20:46:28',NULL,'public'),(43,0,'9','9',5,'image/jpeg',4294,'main/customers/9.jpg','[]','2024-10-31 20:46:28','2024-10-31 20:46:28',NULL,'public'),(44,0,'blog-big-1','blog-big-1',6,'image/jpeg',13885,'main/blog/blog-big-1.jpg','[]','2024-10-31 20:46:31','2024-10-31 20:46:31',NULL,'public'),(45,0,'blog-details-sm-1','blog-details-sm-1',6,'image/jpeg',8166,'main/blog/blog-details-sm-1.jpg','[]','2024-10-31 20:46:31','2024-10-31 20:46:31',NULL,'public'),(46,0,'post-1','post-1',6,'image/jpeg',6189,'main/blog/post-1.jpg','[]','2024-10-31 20:46:31','2024-10-31 20:46:31',NULL,'public'),(47,0,'post-10','post-10',6,'image/jpeg',5907,'main/blog/post-10.jpg','[]','2024-10-31 20:46:31','2024-10-31 20:46:31',NULL,'public'),(48,0,'post-11','post-11',6,'image/jpeg',5907,'main/blog/post-11.jpg','[]','2024-10-31 20:46:31','2024-10-31 20:46:31',NULL,'public'),(49,0,'post-12','post-12',6,'image/jpeg',5907,'main/blog/post-12.jpg','[]','2024-10-31 20:46:31','2024-10-31 20:46:31',NULL,'public'),(50,0,'post-2','post-2',6,'image/jpeg',6189,'main/blog/post-2.jpg','[]','2024-10-31 20:46:31','2024-10-31 20:46:31',NULL,'public'),(51,0,'post-3','post-3',6,'image/jpeg',6189,'main/blog/post-3.jpg','[]','2024-10-31 20:46:31','2024-10-31 20:46:31',NULL,'public'),(52,0,'post-4','post-4',6,'image/jpeg',6045,'main/blog/post-4.jpg','[]','2024-10-31 20:46:31','2024-10-31 20:46:31',NULL,'public'),(53,0,'post-5','post-5',6,'image/jpeg',6045,'main/blog/post-5.jpg','[]','2024-10-31 20:46:31','2024-10-31 20:46:31',NULL,'public'),(54,0,'post-6','post-6',6,'image/jpeg',6045,'main/blog/post-6.jpg','[]','2024-10-31 20:46:31','2024-10-31 20:46:31',NULL,'public'),(55,0,'post-7','post-7',6,'image/jpeg',5907,'main/blog/post-7.jpg','[]','2024-10-31 20:46:32','2024-10-31 20:46:32',NULL,'public'),(56,0,'post-8','post-8',6,'image/jpeg',5907,'main/blog/post-8.jpg','[]','2024-10-31 20:46:32','2024-10-31 20:46:32',NULL,'public'),(57,0,'post-9','post-9',6,'image/jpeg',5907,'main/blog/post-9.jpg','[]','2024-10-31 20:46:32','2024-10-31 20:46:32',NULL,'public'),(58,0,'1','1',3,'image/jpeg',4068,'main/users/1.jpg','[]','2024-10-31 20:46:32','2024-10-31 20:46:32',NULL,'public'),(59,0,'10','10',3,'image/jpeg',7599,'main/users/10.jpg','[]','2024-10-31 20:46:32','2024-10-31 20:46:32',NULL,'public'),(60,0,'2','2',3,'image/jpeg',7599,'main/users/2.jpg','[]','2024-10-31 20:46:32','2024-10-31 20:46:32',NULL,'public'),(61,0,'3','3',3,'image/jpeg',6387,'main/users/3.jpg','[]','2024-10-31 20:46:32','2024-10-31 20:46:32',NULL,'public'),(62,0,'4','4',3,'image/jpeg',7599,'main/users/4.jpg','[]','2024-10-31 20:46:32','2024-10-31 20:46:32',NULL,'public'),(63,0,'5','5',3,'image/jpeg',6387,'main/users/5.jpg','[]','2024-10-31 20:46:32','2024-10-31 20:46:32',NULL,'public'),(64,0,'6','6',3,'image/jpeg',7599,'main/users/6.jpg','[]','2024-10-31 20:46:32','2024-10-31 20:46:32',NULL,'public'),(65,0,'7','7',3,'image/jpeg',6387,'main/users/7.jpg','[]','2024-10-31 20:46:32','2024-10-31 20:46:32',NULL,'public'),(66,0,'8','8',3,'image/jpeg',7599,'main/users/8.jpg','[]','2024-10-31 20:46:32','2024-10-31 20:46:32',NULL,'public'),(67,0,'9','9',3,'image/jpeg',6387,'main/users/9.jpg','[]','2024-10-31 20:46:32','2024-10-31 20:46:32',NULL,'public'),(68,0,'1','1',7,'image/png',9022,'main/stores/1.png','[]','2024-10-31 20:46:32','2024-10-31 20:46:32',NULL,'public'),(69,0,'10','10',7,'image/png',4384,'main/stores/10.png','[]','2024-10-31 20:46:32','2024-10-31 20:46:32',NULL,'public'),(70,0,'11','11',7,'image/png',4706,'main/stores/11.png','[]','2024-10-31 20:46:32','2024-10-31 20:46:32',NULL,'public'),(71,0,'12','12',7,'image/png',5075,'main/stores/12.png','[]','2024-10-31 20:46:32','2024-10-31 20:46:32',NULL,'public'),(72,0,'13','13',7,'image/png',3700,'main/stores/13.png','[]','2024-10-31 20:46:33','2024-10-31 20:46:33',NULL,'public'),(73,0,'14','14',7,'image/png',4239,'main/stores/14.png','[]','2024-10-31 20:46:33','2024-10-31 20:46:33',NULL,'public'),(74,0,'15','15',7,'image/png',5304,'main/stores/15.png','[]','2024-10-31 20:46:33','2024-10-31 20:46:33',NULL,'public'),(75,0,'16','16',7,'image/png',4796,'main/stores/16.png','[]','2024-10-31 20:46:33','2024-10-31 20:46:33',NULL,'public'),(76,0,'17','17',7,'image/png',4919,'main/stores/17.png','[]','2024-10-31 20:46:33','2024-10-31 20:46:33',NULL,'public'),(77,0,'2','2',7,'image/png',8598,'main/stores/2.png','[]','2024-10-31 20:46:33','2024-10-31 20:46:33',NULL,'public'),(78,0,'3','3',7,'image/png',7888,'main/stores/3.png','[]','2024-10-31 20:46:33','2024-10-31 20:46:33',NULL,'public'),(79,0,'4','4',7,'image/png',8393,'main/stores/4.png','[]','2024-10-31 20:46:33','2024-10-31 20:46:33',NULL,'public'),(80,0,'5','5',7,'image/png',10159,'main/stores/5.png','[]','2024-10-31 20:46:33','2024-10-31 20:46:33',NULL,'public'),(81,0,'6','6',7,'image/png',10312,'main/stores/6.png','[]','2024-10-31 20:46:33','2024-10-31 20:46:33',NULL,'public'),(82,0,'7','7',7,'image/png',3764,'main/stores/7.png','[]','2024-10-31 20:46:33','2024-10-31 20:46:33',NULL,'public'),(83,0,'8','8',7,'image/png',4237,'main/stores/8.png','[]','2024-10-31 20:46:33','2024-10-31 20:46:33',NULL,'public'),(84,0,'9','9',7,'image/png',4096,'main/stores/9.png','[]','2024-10-31 20:46:33','2024-10-31 20:46:33',NULL,'public'),(85,0,'cover-1','cover-1',7,'image/png',4208,'main/stores/cover-1.png','[]','2024-10-31 20:46:33','2024-10-31 20:46:33',NULL,'public'),(86,0,'cover-2','cover-2',7,'image/png',8798,'main/stores/cover-2.png','[]','2024-10-31 20:46:33','2024-10-31 20:46:33',NULL,'public'),(87,0,'cover-3','cover-3',7,'image/png',3888,'main/stores/cover-3.png','[]','2024-10-31 20:46:33','2024-10-31 20:46:33',NULL,'public'),(88,0,'cover-4','cover-4',7,'image/png',11893,'main/stores/cover-4.png','[]','2024-10-31 20:46:33','2024-10-31 20:46:33',NULL,'public'),(89,0,'cover-5','cover-5',7,'image/png',8798,'main/stores/cover-5.png','[]','2024-10-31 20:46:33','2024-10-31 20:46:33',NULL,'public'),(90,0,'shape-1','shape-1',8,'image/png',19103,'main/sliders/shape-1.png','[]','2024-10-31 20:46:35','2024-10-31 20:46:35',NULL,'public'),(91,0,'shape-2','shape-2',8,'image/png',815,'main/sliders/shape-2.png','[]','2024-10-31 20:46:35','2024-10-31 20:46:35',NULL,'public'),(92,0,'shape-3','shape-3',8,'image/png',689,'main/sliders/shape-3.png','[]','2024-10-31 20:46:35','2024-10-31 20:46:35',NULL,'public'),(93,0,'shape-4','shape-4',8,'image/png',458,'main/sliders/shape-4.png','[]','2024-10-31 20:46:35','2024-10-31 20:46:35',NULL,'public'),(94,0,'slider-1','slider-1',8,'image/png',7405,'main/sliders/slider-1.png','[]','2024-10-31 20:46:35','2024-10-31 20:46:35',NULL,'public'),(95,0,'slider-2','slider-2',8,'image/png',8434,'main/sliders/slider-2.png','[]','2024-10-31 20:46:36','2024-10-31 20:46:36',NULL,'public'),(96,0,'slider-3','slider-3',8,'image/png',7794,'main/sliders/slider-3.png','[]','2024-10-31 20:46:36','2024-10-31 20:46:36',NULL,'public'),(97,0,'1','1',9,'image/png',4294,'main/product-categories/1.png','[]','2024-10-31 20:46:36','2024-10-31 20:46:36',NULL,'public'),(98,0,'2','2',9,'image/png',4294,'main/product-categories/2.png','[]','2024-10-31 20:46:36','2024-10-31 20:46:36',NULL,'public'),(99,0,'3','3',9,'image/png',4294,'main/product-categories/3.png','[]','2024-10-31 20:46:36','2024-10-31 20:46:36',NULL,'public'),(100,0,'4','4',9,'image/png',4294,'main/product-categories/4.png','[]','2024-10-31 20:46:36','2024-10-31 20:46:36',NULL,'public'),(101,0,'5','5',9,'image/png',4294,'main/product-categories/5.png','[]','2024-10-31 20:46:36','2024-10-31 20:46:36',NULL,'public'),(102,0,'category-thumb-1','category-thumb-1',9,'image/jpeg',4294,'main/product-categories/category-thumb-1.jpg','[]','2024-10-31 20:46:36','2024-10-31 20:46:36',NULL,'public'),(103,0,'category-thumb-10','category-thumb-10',9,'image/jpeg',4294,'main/product-categories/category-thumb-10.jpg','[]','2024-10-31 20:46:36','2024-10-31 20:46:36',NULL,'public'),(104,0,'category-thumb-11','category-thumb-11',9,'image/jpeg',4294,'main/product-categories/category-thumb-11.jpg','[]','2024-10-31 20:46:36','2024-10-31 20:46:36',NULL,'public'),(105,0,'category-thumb-12','category-thumb-12',9,'image/jpeg',4294,'main/product-categories/category-thumb-12.jpg','[]','2024-10-31 20:46:36','2024-10-31 20:46:36',NULL,'public'),(106,0,'category-thumb-3','category-thumb-3',9,'image/jpeg',4294,'main/product-categories/category-thumb-3.jpg','[]','2024-10-31 20:46:36','2024-10-31 20:46:36',NULL,'public'),(107,0,'category-thumb-4','category-thumb-4',9,'image/jpeg',4294,'main/product-categories/category-thumb-4.jpg','[]','2024-10-31 20:46:36','2024-10-31 20:46:36',NULL,'public'),(108,0,'category-thumb-5','category-thumb-5',9,'image/jpeg',4294,'main/product-categories/category-thumb-5.jpg','[]','2024-10-31 20:46:36','2024-10-31 20:46:36',NULL,'public'),(109,0,'category-thumb-6','category-thumb-6',9,'image/jpeg',4294,'main/product-categories/category-thumb-6.jpg','[]','2024-10-31 20:46:36','2024-10-31 20:46:36',NULL,'public'),(110,0,'category-thumb-8','category-thumb-8',9,'image/jpeg',4294,'main/product-categories/category-thumb-8.jpg','[]','2024-10-31 20:46:36','2024-10-31 20:46:36',NULL,'public'),(111,0,'category-thumb-9','category-thumb-9',9,'image/jpeg',4294,'main/product-categories/category-thumb-9.jpg','[]','2024-10-31 20:46:36','2024-10-31 20:46:36',NULL,'public'),(112,0,'menu-1','menu-1',9,'image/jpeg',4294,'main/product-categories/menu-1.jpg','[]','2024-10-31 20:46:36','2024-10-31 20:46:36',NULL,'public'),(113,0,'menu-2','menu-2',9,'image/jpeg',4294,'main/product-categories/menu-2.jpg','[]','2024-10-31 20:46:36','2024-10-31 20:46:36',NULL,'public'),(114,0,'menu-3','menu-3',9,'image/jpeg',4294,'main/product-categories/menu-3.jpg','[]','2024-10-31 20:46:36','2024-10-31 20:46:36',NULL,'public'),(115,0,'product-1','product-1',10,'image/jpeg',9803,'main/products/product-1.jpg','[]','2024-10-31 20:46:36','2024-10-31 20:46:36',NULL,'public'),(116,0,'product-10','product-10',10,'image/jpeg',9803,'main/products/product-10.jpg','[]','2024-10-31 20:46:37','2024-10-31 20:46:37',NULL,'public'),(117,0,'product-11','product-11',10,'image/jpeg',9803,'main/products/product-11.jpg','[]','2024-10-31 20:46:37','2024-10-31 20:46:37',NULL,'public'),(118,0,'product-12','product-12',10,'image/jpeg',9803,'main/products/product-12.jpg','[]','2024-10-31 20:46:37','2024-10-31 20:46:37',NULL,'public'),(119,0,'product-13','product-13',10,'image/jpeg',9803,'main/products/product-13.jpg','[]','2024-10-31 20:46:37','2024-10-31 20:46:37',NULL,'public'),(120,0,'product-14','product-14',10,'image/jpeg',9803,'main/products/product-14.jpg','[]','2024-10-31 20:46:37','2024-10-31 20:46:37',NULL,'public'),(121,0,'product-15','product-15',10,'image/jpeg',9803,'main/products/product-15.jpg','[]','2024-10-31 20:46:37','2024-10-31 20:46:37',NULL,'public'),(122,0,'product-16','product-16',10,'image/jpeg',9803,'main/products/product-16.jpg','[]','2024-10-31 20:46:37','2024-10-31 20:46:37',NULL,'public'),(123,0,'product-17','product-17',10,'image/jpeg',9803,'main/products/product-17.jpg','[]','2024-10-31 20:46:37','2024-10-31 20:46:37',NULL,'public'),(124,0,'product-18','product-18',10,'image/jpeg',9803,'main/products/product-18.jpg','[]','2024-10-31 20:46:37','2024-10-31 20:46:37',NULL,'public'),(125,0,'product-19','product-19',10,'image/jpeg',9803,'main/products/product-19.jpg','[]','2024-10-31 20:46:37','2024-10-31 20:46:37',NULL,'public'),(126,0,'product-2','product-2',10,'image/jpeg',9803,'main/products/product-2.jpg','[]','2024-10-31 20:46:37','2024-10-31 20:46:37',NULL,'public'),(127,0,'product-20','product-20',10,'image/jpeg',9803,'main/products/product-20.jpg','[]','2024-10-31 20:46:37','2024-10-31 20:46:37',NULL,'public'),(128,0,'product-3','product-3',10,'image/jpeg',9803,'main/products/product-3.jpg','[]','2024-10-31 20:46:37','2024-10-31 20:46:37',NULL,'public'),(129,0,'product-4','product-4',10,'image/jpeg',9803,'main/products/product-4.jpg','[]','2024-10-31 20:46:37','2024-10-31 20:46:37',NULL,'public'),(130,0,'product-5','product-5',10,'image/jpeg',9803,'main/products/product-5.jpg','[]','2024-10-31 20:46:37','2024-10-31 20:46:37',NULL,'public'),(131,0,'product-6','product-6',10,'image/jpeg',9803,'main/products/product-6.jpg','[]','2024-10-31 20:46:37','2024-10-31 20:46:37',NULL,'public'),(132,0,'product-7','product-7',10,'image/jpeg',9803,'main/products/product-7.jpg','[]','2024-10-31 20:46:37','2024-10-31 20:46:37',NULL,'public'),(133,0,'product-8','product-8',10,'image/jpeg',9803,'main/products/product-8.jpg','[]','2024-10-31 20:46:38','2024-10-31 20:46:38',NULL,'public'),(134,0,'product-9','product-9',10,'image/jpeg',9803,'main/products/product-9.jpg','[]','2024-10-31 20:46:38','2024-10-31 20:46:38',NULL,'public'),(135,0,'product-details-desc-1','product-details-desc-1',10,'image/jpeg',9803,'main/products/product-details-desc-1.jpg','[]','2024-10-31 20:46:38','2024-10-31 20:46:38',NULL,'public'),(136,0,'product-details-desc-2','product-details-desc-2',10,'image/jpeg',9803,'main/products/product-details-desc-2.jpg','[]','2024-10-31 20:46:38','2024-10-31 20:46:38',NULL,'public'),(137,0,'product-details-desc-3','product-details-desc-3',10,'image/jpeg',9803,'main/products/product-details-desc-3.jpg','[]','2024-10-31 20:46:38','2024-10-31 20:46:38',NULL,'public'),(138,0,'1','1',11,'image/jpeg',15433,'main/video/1.jpg','[]','2024-10-31 20:46:38','2024-10-31 20:46:38',NULL,'public'),(139,0,'2','2',11,'image/jpeg',18347,'main/video/2.jpg','[]','2024-10-31 20:46:38','2024-10-31 20:46:38',NULL,'public'),(140,0,'video-1','video-1',11,'video/mp4',4959871,'main/video/video-1.mp4','[]','2024-10-31 20:46:38','2024-10-31 20:46:38',NULL,'public'),(141,0,'video-2','video-2',11,'video/mp4',1077550,'main/video/video-2.mp4','[]','2024-10-31 20:46:38','2024-10-31 20:46:38',NULL,'public'),(142,0,'1','1',12,'image/jpeg',6309,'main/banners/1.jpg','[]','2024-10-31 20:46:40','2024-10-31 20:46:40',NULL,'public'),(143,0,'2','2',12,'image/jpeg',6275,'main/banners/2.jpg','[]','2024-10-31 20:46:40','2024-10-31 20:46:40',NULL,'public'),(144,0,'slider-1','slider-1',12,'image/png',8207,'main/banners/slider-1.png','[]','2024-10-31 20:46:40','2024-10-31 20:46:40',NULL,'public'),(145,0,'slider-2','slider-2',12,'image/png',8497,'main/banners/slider-2.png','[]','2024-10-31 20:46:40','2024-10-31 20:46:40',NULL,'public'),(146,0,'slider-3','slider-3',12,'image/png',6239,'main/banners/slider-3.png','[]','2024-10-31 20:46:40','2024-10-31 20:46:40',NULL,'public'),(147,0,'gadget-banner-1','gadget-banner-1',13,'image/jpeg',3870,'main/gadgets/gadget-banner-1.jpg','[]','2024-10-31 20:46:40','2024-10-31 20:46:40',NULL,'public'),(148,0,'gadget-banner-2','gadget-banner-2',13,'image/jpeg',3870,'main/gadgets/gadget-banner-2.jpg','[]','2024-10-31 20:46:40','2024-10-31 20:46:40',NULL,'public'),(149,0,'gadget-girl','gadget-girl',13,'image/png',4417,'main/gadgets/gadget-girl.png','[]','2024-10-31 20:46:40','2024-10-31 20:46:40',NULL,'public'),(150,0,'1','1',14,'image/jpeg',4294,'main/galleries/1.jpg','[]','2024-10-31 20:46:40','2024-10-31 20:46:40',NULL,'public'),(151,0,'2','2',14,'image/jpeg',4294,'main/galleries/2.jpg','[]','2024-10-31 20:46:40','2024-10-31 20:46:40',NULL,'public'),(152,0,'3','3',14,'image/jpeg',4294,'main/galleries/3.jpg','[]','2024-10-31 20:46:40','2024-10-31 20:46:40',NULL,'public'),(153,0,'4','4',14,'image/jpeg',4294,'main/galleries/4.jpg','[]','2024-10-31 20:46:40','2024-10-31 20:46:40',NULL,'public'),(154,0,'5','5',14,'image/jpeg',4294,'main/galleries/5.jpg','[]','2024-10-31 20:46:40','2024-10-31 20:46:40',NULL,'public'),(158,0,'icon-1','icon-1',15,'image/png',4492,'main/contact/icon-1.png','[]','2024-10-31 20:46:41','2024-10-31 20:46:41',NULL,'public'),(159,0,'icon-2','icon-2',15,'image/png',5753,'main/contact/icon-2.png','[]','2024-10-31 20:46:41','2024-10-31 20:46:41',NULL,'public'),(160,0,'icon-3','icon-3',15,'image/png',5987,'main/contact/icon-3.png','[]','2024-10-31 20:46:41','2024-10-31 20:46:41',NULL,'public'),(161,0,'line','line',16,'image/png',6598,'main/shapes/line.png','[]','2024-10-31 20:46:41','2024-10-31 20:46:41',NULL,'public'),(162,0,'quote','quote',16,'image/png',592,'main/shapes/quote.png','[]','2024-10-31 20:46:41','2024-10-31 20:46:41',NULL,'public');

--
-- Table structure for table `media_folders`
--

CREATE TABLE `media_folders` (
  `id` bigint unsigned NOT NULL AUTO_INCREMENT,
  `user_id` bigint unsigned NOT NULL,
  `name` varchar(191) COLLATE utf8mb4_unicode_ci DEFAULT NULL,
  `color` varchar(191) COLLATE utf8mb4_unicode_ci DEFAULT NULL,
  `slug` varchar(191) COLLATE utf8mb4_unicode_ci DEFAULT NULL,
  `parent_id` bigint unsigned NOT NULL DEFAULT '0',
  `created_at` timestamp NULL DEFAULT NULL,
  `updated_at` timestamp NULL DEFAULT NULL,
  `deleted_at` timestamp NULL DEFAULT NULL,
  PRIMARY KEY (`id`),
  KEY `media_folders_user_id_index` (`user_id`),
  KEY `media_folders_index` (`parent_id`,`user_id`,`created_at`)
) ENGINE=InnoDB AUTO_INCREMENT=17 DEFAULT CHARSET=utf8mb4 COLLATE=utf8mb4_unicode_ci;

--
-- Dumping data for table `media_folders`
--

INSERT INTO `media_folders` VALUES (1,0,'main',NULL,'main',0,'2024-10-31 20:46:25','2024-10-31 20:46:25',NULL),(2,0,'general',NULL,'general',1,'2024-10-31 20:46:25','2024-10-31 20:46:25',NULL),(3,0,'users',NULL,'users',1,'2024-10-31 20:46:27','2024-10-31 20:46:27',NULL),(4,0,'brands',NULL,'brands',1,'2024-10-31 20:46:27','2024-10-31 20:46:27',NULL),(5,0,'customers',NULL,'customers',1,'2024-10-31 20:46:28','2024-10-31 20:46:28',NULL),(6,0,'blog',NULL,'blog',1,'2024-10-31 20:46:31','2024-10-31 20:46:31',NULL),(7,0,'stores',NULL,'stores',1,'2024-10-31 20:46:32','2024-10-31 20:46:32',NULL),(8,0,'sliders',NULL,'sliders',1,'2024-10-31 20:46:35','2024-10-31 20:46:35',NULL),(9,0,'product-categories',NULL,'product-categories',1,'2024-10-31 20:46:36','2024-10-31 20:46:36',NULL),(10,0,'products',NULL,'products',1,'2024-10-31 20:46:36','2024-10-31 20:46:36',NULL),(11,0,'video',NULL,'video',1,'2024-10-31 20:46:38','2024-10-31 20:46:38',NULL),(12,0,'banners',NULL,'banners',1,'2024-10-31 20:46:40','2024-10-31 20:46:40',NULL),(13,0,'gadgets',NULL,'gadgets',1,'2024-10-31 20:46:40','2024-10-31 20:46:40',NULL),(14,0,'galleries',NULL,'galleries',1,'2024-10-31 20:46:40','2024-10-31 20:46:40',NULL),(15,0,'contact',NULL,'contact',1,'2024-10-31 20:46:41','2024-10-31 20:46:41',NULL),(16,0,'shapes',NULL,'shapes',1,'2024-10-31 20:46:41','2024-10-31 20:46:41',NULL);

--
-- Table structure for table `media_settings`
--

CREATE TABLE `media_settings` (
  `id` bigint unsigned NOT NULL AUTO_INCREMENT,
  `key` varchar(120) COLLATE utf8mb4_unicode_ci NOT NULL,
  `value` text COLLATE utf8mb4_unicode_ci,
  `media_id` bigint unsigned DEFAULT NULL,
  `user_id` bigint unsigned DEFAULT NULL,
  `created_at` timestamp NULL DEFAULT NULL,
  `updated_at` timestamp NULL DEFAULT NULL,
  PRIMARY KEY (`id`)
) ENGINE=InnoDB DEFAULT CHARSET=utf8mb4 COLLATE=utf8mb4_unicode_ci;

--
-- Dumping data for table `media_settings`
--


--
-- Table structure for table `menu_locations`
--

CREATE TABLE `menu_locations` (
  `id` bigint unsigned NOT NULL AUTO_INCREMENT,
  `menu_id` bigint unsigned NOT NULL,
  `location` varchar(191) COLLATE utf8mb4_unicode_ci NOT NULL,
  `created_at` timestamp NULL DEFAULT NULL,
  `updated_at` timestamp NULL DEFAULT NULL,
  PRIMARY KEY (`id`),
  KEY `menu_locations_menu_id_created_at_index` (`menu_id`,`created_at`)
) ENGINE=InnoDB AUTO_INCREMENT=2 DEFAULT CHARSET=utf8mb4 COLLATE=utf8mb4_unicode_ci;

--
-- Dumping data for table `menu_locations`
--

INSERT INTO `menu_locations` VALUES (1,1,'main-menu','2024-10-31 20:46:41','2024-10-31 20:46:41');

--
-- Table structure for table `menu_nodes`
--

CREATE TABLE `menu_nodes` (
  `id` bigint unsigned NOT NULL AUTO_INCREMENT,
  `menu_id` bigint unsigned NOT NULL,
  `parent_id` bigint unsigned NOT NULL DEFAULT '0',
  `reference_id` bigint unsigned DEFAULT NULL,
  `reference_type` varchar(191) COLLATE utf8mb4_unicode_ci DEFAULT NULL,
  `url` varchar(191) COLLATE utf8mb4_unicode_ci DEFAULT NULL,
  `icon_font` varchar(191) COLLATE utf8mb4_unicode_ci DEFAULT NULL,
  `position` tinyint unsigned NOT NULL DEFAULT '0',
  `title` varchar(191) COLLATE utf8mb4_unicode_ci DEFAULT NULL,
  `css_class` varchar(191) COLLATE utf8mb4_unicode_ci DEFAULT NULL,
  `target` varchar(20) COLLATE utf8mb4_unicode_ci NOT NULL DEFAULT '_self',
  `has_child` tinyint unsigned NOT NULL DEFAULT '0',
  `created_at` timestamp NULL DEFAULT NULL,
  `updated_at` timestamp NULL DEFAULT NULL,
  PRIMARY KEY (`id`),
  KEY `menu_nodes_menu_id_index` (`menu_id`),
  KEY `menu_nodes_parent_id_index` (`parent_id`),
  KEY `reference_id` (`reference_id`),
  KEY `reference_type` (`reference_type`)
) ENGINE=InnoDB AUTO_INCREMENT=42 DEFAULT CHARSET=utf8mb4 COLLATE=utf8mb4_unicode_ci;

--
-- Dumping data for table `menu_nodes`
--

INSERT INTO `menu_nodes` VALUES (1,1,0,1,'Botble\\Page\\Models\\Page','/home',NULL,0,'Home',NULL,'_self',1,'2024-10-31 20:46:41','2024-10-31 20:46:41'),(2,1,1,NULL,NULL,'https://shofy.botble.com',NULL,0,'Electronics',NULL,'_self',0,'2024-10-31 20:46:41','2024-10-31 20:46:41'),(3,1,1,NULL,NULL,'https://shofy-fashion.botble.com',NULL,0,'Fashion',NULL,'_self',0,'2024-10-31 20:46:41','2024-10-31 20:46:41'),(4,1,1,NULL,NULL,'https://shofy-beauty.botble.com',NULL,0,'Beauty',NULL,'_self',0,'2024-10-31 20:46:41','2024-10-31 20:46:41'),(5,1,1,NULL,NULL,'https://shofy-jewelry.botble.com',NULL,0,'Jewelry',NULL,'_self',0,'2024-10-31 20:46:41','2024-10-31 20:46:41'),(6,1,1,NULL,NULL,'https://shofy-grocery.botble.com',NULL,0,'Grocery',NULL,'_self',0,'2024-10-31 20:46:41','2024-10-31 20:46:41'),(7,1,0,NULL,NULL,NULL,NULL,0,'Shop',NULL,'_self',1,'2024-10-31 20:46:41','2024-10-31 20:46:41'),(8,1,7,2,'Botble\\Page\\Models\\Page','/categories',NULL,0,'Shop Categories',NULL,'_self',0,'2024-10-31 20:46:41','2024-10-31 20:46:41'),(9,1,7,3,'Botble\\Page\\Models\\Page','/brands',NULL,0,'Shop Brands',NULL,'_self',0,'2024-10-31 20:46:41','2024-10-31 20:46:41'),(10,1,7,NULL,NULL,'/products?layout=list',NULL,0,'Shop List',NULL,'_self',0,'2024-10-31 20:46:41','2024-10-31 20:46:41'),(11,1,7,NULL,NULL,'/products?layout=grid',NULL,0,'Shop Grid',NULL,'_self',0,'2024-10-31 20:46:41','2024-10-31 20:46:41'),(12,1,7,NULL,NULL,'/products/amazon-fire-tv-stick-4k-max',NULL,0,'Product Detail',NULL,'_self',0,'2024-10-31 20:46:41','2024-10-31 20:46:41'),(13,1,7,4,'Botble\\Page\\Models\\Page','/coupons',NULL,0,'Grab Coupons',NULL,'_self',0,'2024-10-31 20:46:41','2024-10-31 20:46:41'),(14,1,7,NULL,NULL,'/cart',NULL,0,'Cart',NULL,'_self',0,'2024-10-31 20:46:41','2024-10-31 20:46:41'),(15,1,7,NULL,NULL,'/compare',NULL,0,'Compare',NULL,'_self',0,'2024-10-31 20:46:41','2024-10-31 20:46:41'),(16,1,7,NULL,NULL,'/wishlist',NULL,0,'Wishlist',NULL,'_self',0,'2024-10-31 20:46:41','2024-10-31 20:46:41'),(17,1,7,NULL,NULL,'/orders/tracking',NULL,0,'Track Your Order',NULL,'_self',0,'2024-10-31 20:46:41','2024-10-31 20:46:41'),(18,1,0,NULL,NULL,'/stores',NULL,0,'Vendors',NULL,'_self',0,'2024-10-31 20:46:41','2024-10-31 20:46:41'),(19,1,0,NULL,NULL,NULL,NULL,0,'Pages',NULL,'_self',1,'2024-10-31 20:46:41','2024-10-31 20:46:41'),(20,1,19,7,'Botble\\Page\\Models\\Page','/faqs',NULL,0,'FAQs',NULL,'_self',0,'2024-10-31 20:46:41','2024-10-31 20:46:41'),(21,1,19,NULL,NULL,'/login',NULL,0,'Login',NULL,'_self',0,'2024-10-31 20:46:41','2024-10-31 20:46:41'),(22,1,19,NULL,NULL,'/register',NULL,0,'Register',NULL,'_self',0,'2024-10-31 20:46:41','2024-10-31 20:46:41'),(23,1,19,NULL,NULL,'/password/reset',NULL,0,'Forgot Password',NULL,'_self',0,'2024-10-31 20:46:41','2024-10-31 20:46:41'),(24,1,19,NULL,NULL,'/404',NULL,0,'404 Error',NULL,'_self',0,'2024-10-31 20:46:41','2024-10-31 20:46:41'),(25,1,19,NULL,NULL,'/coming-soon',NULL,0,'Coming Soon',NULL,'_self',0,'2024-10-31 20:46:41','2024-10-31 20:46:41'),(26,1,0,5,'Botble\\Page\\Models\\Page','/blog',NULL,0,'Blog',NULL,'_self',1,'2024-10-31 20:46:41','2024-10-31 20:46:41'),(27,1,26,NULL,NULL,'/blog?layout=grid',NULL,0,'Blog Grid',NULL,'_self',0,'2024-10-31 20:46:41','2024-10-31 20:46:41'),(28,1,26,NULL,NULL,'/blog?layout=list',NULL,0,'Blog List',NULL,'_self',0,'2024-10-31 20:46:41','2024-10-31 20:46:41'),(29,1,26,NULL,NULL,'/blog/how-to-care-for-leather-bags',NULL,0,'Blog Detail',NULL,'_self',0,'2024-10-31 20:46:41','2024-10-31 20:46:41'),(30,1,0,6,'Botble\\Page\\Models\\Page','/contact',NULL,0,'Contact',NULL,'_self',0,'2024-10-31 20:46:41','2024-10-31 20:46:41'),(31,2,0,NULL,NULL,'/orders/tracking',NULL,1,'Track Orders',NULL,'_self',0,'2024-10-31 20:46:41','2024-10-31 20:46:41'),(32,2,0,11,'Botble\\Page\\Models\\Page','/shipping',NULL,1,'Shipping',NULL,'_self',0,'2024-10-31 20:46:41','2024-10-31 20:46:41'),(33,2,0,NULL,NULL,'/wishlist',NULL,1,'Wishlist',NULL,'_self',0,'2024-10-31 20:46:41','2024-10-31 20:46:41'),(34,2,0,NULL,NULL,'/customer/overview',NULL,1,'My Account',NULL,'_self',0,'2024-10-31 20:46:41','2024-10-31 20:46:41'),(35,2,0,NULL,NULL,'/customer/orders',NULL,1,'Order History',NULL,'_self',0,'2024-10-31 20:46:41','2024-10-31 20:46:41'),(36,2,0,NULL,NULL,'/customer/order-returns',NULL,1,'Returns',NULL,'_self',0,'2024-10-31 20:46:41','2024-10-31 20:46:41'),(37,3,0,9,'Botble\\Page\\Models\\Page','/our-story',NULL,2,'Our Story',NULL,'_self',0,'2024-10-31 20:46:41','2024-10-31 20:46:41'),(38,3,0,10,'Botble\\Page\\Models\\Page','/careers',NULL,2,'Careers',NULL,'_self',0,'2024-10-31 20:46:41','2024-10-31 20:46:41'),(39,3,0,8,'Botble\\Page\\Models\\Page','/cookie-policy',NULL,2,'Privacy Policy',NULL,'_self',0,'2024-10-31 20:46:41','2024-10-31 20:46:41'),(40,3,0,NULL,NULL,'/blog',NULL,2,'Latest News',NULL,'_self',0,'2024-10-31 20:46:41','2024-10-31 20:46:41'),(41,3,0,6,'Botble\\Page\\Models\\Page','/contact',NULL,2,'Contact Us',NULL,'_self',0,'2024-10-31 20:46:41','2024-10-31 20:46:41');

--
-- Table structure for table `menus`
--

CREATE TABLE `menus` (
  `id` bigint unsigned NOT NULL AUTO_INCREMENT,
  `name` varchar(120) COLLATE utf8mb4_unicode_ci NOT NULL,
  `slug` varchar(120) COLLATE utf8mb4_unicode_ci DEFAULT NULL,
  `status` varchar(60) COLLATE utf8mb4_unicode_ci NOT NULL DEFAULT 'published',
  `created_at` timestamp NULL DEFAULT NULL,
  `updated_at` timestamp NULL DEFAULT NULL,
  PRIMARY KEY (`id`),
  UNIQUE KEY `menus_slug_unique` (`slug`)
) ENGINE=InnoDB AUTO_INCREMENT=4 DEFAULT CHARSET=utf8mb4 COLLATE=utf8mb4_unicode_ci;

--
-- Dumping data for table `menus`
--

INSERT INTO `menus` VALUES (1,'Main menu','main-menu','published','2024-10-31 20:46:41','2024-10-31 20:46:41'),(2,'My Account','my-account','published','2024-10-31 20:46:41','2024-10-31 20:46:41'),(3,'Information','information','published','2024-10-31 20:46:41','2024-10-31 20:46:41');

--
-- Table structure for table `meta_boxes`
--

CREATE TABLE `meta_boxes` (
  `id` bigint unsigned NOT NULL AUTO_INCREMENT,
  `meta_key` varchar(191) COLLATE utf8mb4_unicode_ci NOT NULL,
  `meta_value` text COLLATE utf8mb4_unicode_ci,
  `reference_id` bigint unsigned NOT NULL,
  `reference_type` varchar(120) COLLATE utf8mb4_unicode_ci NOT NULL,
  `created_at` timestamp NULL DEFAULT NULL,
  `updated_at` timestamp NULL DEFAULT NULL,
  PRIMARY KEY (`id`),
  KEY `meta_boxes_reference_id_index` (`reference_id`)
) ENGINE=InnoDB AUTO_INCREMENT=91 DEFAULT CHARSET=utf8mb4 COLLATE=utf8mb4_unicode_ci;

--
-- Dumping data for table `meta_boxes`
--

INSERT INTO `meta_boxes` VALUES (1,'background_color','[\"#115061\"]',1,'Botble\\SimpleSlider\\Models\\SimpleSliderItem','2024-10-31 20:46:36','2024-10-31 20:46:36'),(2,'is_light','[0]',1,'Botble\\SimpleSlider\\Models\\SimpleSliderItem','2024-10-31 20:46:36','2024-10-31 20:46:36'),(3,'subtitle','[\"Starting at <b>$274.00<\\/b>\"]',1,'Botble\\SimpleSlider\\Models\\SimpleSliderItem','2024-10-31 20:46:36','2024-10-31 20:46:36'),(4,'button_label','[\"Shop Now\"]',1,'Botble\\SimpleSlider\\Models\\SimpleSliderItem','2024-10-31 20:46:36','2024-10-31 20:46:36'),(5,'background_color','[\"#115061\"]',2,'Botble\\SimpleSlider\\Models\\SimpleSliderItem','2024-10-31 20:46:36','2024-10-31 20:46:36'),(6,'is_light','[0]',2,'Botble\\SimpleSlider\\Models\\SimpleSliderItem','2024-10-31 20:46:36','2024-10-31 20:46:36'),(7,'subtitle','[\"Starting at <b>$999.00<\\/b>\"]',2,'Botble\\SimpleSlider\\Models\\SimpleSliderItem','2024-10-31 20:46:36','2024-10-31 20:46:36'),(8,'button_label','[\"Shop Now\"]',2,'Botble\\SimpleSlider\\Models\\SimpleSliderItem','2024-10-31 20:46:36','2024-10-31 20:46:36'),(9,'background_color','[\"#E3EDF6\"]',3,'Botble\\SimpleSlider\\Models\\SimpleSliderItem','2024-10-31 20:46:36','2024-10-31 20:46:36'),(10,'is_light','[1]',3,'Botble\\SimpleSlider\\Models\\SimpleSliderItem','2024-10-31 20:46:36','2024-10-31 20:46:36'),(11,'subtitle','[\"Starting at <b>$999.00<\\/b>\"]',3,'Botble\\SimpleSlider\\Models\\SimpleSliderItem','2024-10-31 20:46:36','2024-10-31 20:46:36'),(12,'button_label','[\"Shop Now\"]',3,'Botble\\SimpleSlider\\Models\\SimpleSliderItem','2024-10-31 20:46:36','2024-10-31 20:46:36'),(13,'faq_ids','[[1,2,4,7,8]]',1,'Botble\\Ecommerce\\Models\\Product','2024-10-31 20:46:38','2024-10-31 20:46:38'),(14,'faq_ids','[[5,6,7,8,10]]',2,'Botble\\Ecommerce\\Models\\Product','2024-10-31 20:46:38','2024-10-31 20:46:38'),(15,'faq_ids','[[1,3,7,8,9]]',3,'Botble\\Ecommerce\\Models\\Product','2024-10-31 20:46:38','2024-10-31 20:46:38'),(16,'faq_ids','[[1,5,6,9,10]]',4,'Botble\\Ecommerce\\Models\\Product','2024-10-31 20:46:38','2024-10-31 20:46:38'),(17,'faq_ids','[[3,4,6,7,10]]',5,'Botble\\Ecommerce\\Models\\Product','2024-10-31 20:46:38','2024-10-31 20:46:38'),(18,'faq_ids','[[3,5,7,8,10]]',6,'Botble\\Ecommerce\\Models\\Product','2024-10-31 20:46:38','2024-10-31 20:46:38'),(19,'faq_ids','[[6,7,8,9,10]]',7,'Botble\\Ecommerce\\Models\\Product','2024-10-31 20:46:38','2024-10-31 20:46:38'),(20,'faq_ids','[[1,4,6,9,10]]',8,'Botble\\Ecommerce\\Models\\Product','2024-10-31 20:46:38','2024-10-31 20:46:38'),(21,'faq_ids','[[3,6,7,8,10]]',9,'Botble\\Ecommerce\\Models\\Product','2024-10-31 20:46:38','2024-10-31 20:46:38'),(22,'faq_ids','[[2,7,8,9,10]]',10,'Botble\\Ecommerce\\Models\\Product','2024-10-31 20:46:38','2024-10-31 20:46:38'),(23,'faq_ids','[[2,4,6,7,9]]',11,'Botble\\Ecommerce\\Models\\Product','2024-10-31 20:46:38','2024-10-31 20:46:38'),(24,'faq_ids','[[2,3,4,7,10]]',12,'Botble\\Ecommerce\\Models\\Product','2024-10-31 20:46:38','2024-10-31 20:46:38'),(25,'faq_ids','[[1,2,6,7,9]]',13,'Botble\\Ecommerce\\Models\\Product','2024-10-31 20:46:38','2024-10-31 20:46:38'),(26,'faq_ids','[[4,5,6,8,10]]',14,'Botble\\Ecommerce\\Models\\Product','2024-10-31 20:46:38','2024-10-31 20:46:38'),(27,'faq_ids','[[1,2,4,7,9]]',15,'Botble\\Ecommerce\\Models\\Product','2024-10-31 20:46:38','2024-10-31 20:46:38'),(28,'faq_ids','[[4,5,6,7,10]]',16,'Botble\\Ecommerce\\Models\\Product','2024-10-31 20:46:38','2024-10-31 20:46:38'),(29,'faq_ids','[[1,4,5,7,9]]',17,'Botble\\Ecommerce\\Models\\Product','2024-10-31 20:46:38','2024-10-31 20:46:38'),(30,'faq_ids','[[1,4,5,8,10]]',18,'Botble\\Ecommerce\\Models\\Product','2024-10-31 20:46:38','2024-10-31 20:46:38'),(31,'faq_ids','[[1,2,6,9,10]]',19,'Botble\\Ecommerce\\Models\\Product','2024-10-31 20:46:38','2024-10-31 20:46:38'),(32,'faq_ids','[[5,6,7,8,9]]',20,'Botble\\Ecommerce\\Models\\Product','2024-10-31 20:46:38','2024-10-31 20:46:38'),(33,'faq_ids','[[2,3,4,5,9]]',21,'Botble\\Ecommerce\\Models\\Product','2024-10-31 20:46:38','2024-10-31 20:46:38'),(34,'faq_ids','[[1,3,4,7,8]]',22,'Botble\\Ecommerce\\Models\\Product','2024-10-31 20:46:38','2024-10-31 20:46:38'),(35,'faq_ids','[[2,4,8,9,10]]',23,'Botble\\Ecommerce\\Models\\Product','2024-10-31 20:46:38','2024-10-31 20:46:38'),(36,'faq_ids','[[2,6,7,9,10]]',24,'Botble\\Ecommerce\\Models\\Product','2024-10-31 20:46:38','2024-10-31 20:46:38'),(37,'faq_ids','[[1,4,5,7,10]]',25,'Botble\\Ecommerce\\Models\\Product','2024-10-31 20:46:38','2024-10-31 20:46:38'),(38,'faq_ids','[[2,3,4,5,8]]',26,'Botble\\Ecommerce\\Models\\Product','2024-10-31 20:46:38','2024-10-31 20:46:38'),(39,'faq_ids','[[3,4,5,6,10]]',27,'Botble\\Ecommerce\\Models\\Product','2024-10-31 20:46:38','2024-10-31 20:46:38'),(40,'faq_ids','[[2,3,4,6,9]]',28,'Botble\\Ecommerce\\Models\\Product','2024-10-31 20:46:38','2024-10-31 20:46:38'),(41,'faq_ids','[[1,3,4,7,9]]',29,'Botble\\Ecommerce\\Models\\Product','2024-10-31 20:46:38','2024-10-31 20:46:38'),(42,'faq_ids','[[2,5,6,7,10]]',30,'Botble\\Ecommerce\\Models\\Product','2024-10-31 20:46:38','2024-10-31 20:46:38'),(43,'faq_ids','[[2,4,6,7,9]]',31,'Botble\\Ecommerce\\Models\\Product','2024-10-31 20:46:38','2024-10-31 20:46:38'),(44,'faq_ids','[[1,3,5,7,9]]',32,'Botble\\Ecommerce\\Models\\Product','2024-10-31 20:46:38','2024-10-31 20:46:38'),(45,'faq_ids','[[1,5,6,8,10]]',33,'Botble\\Ecommerce\\Models\\Product','2024-10-31 20:46:38','2024-10-31 20:46:38'),(46,'faq_ids','[[1,3,4,6,9]]',34,'Botble\\Ecommerce\\Models\\Product','2024-10-31 20:46:38','2024-10-31 20:46:38'),(47,'faq_ids','[[1,2,7,8,10]]',35,'Botble\\Ecommerce\\Models\\Product','2024-10-31 20:46:38','2024-10-31 20:46:38'),(48,'faq_ids','[[1,4,8,9,10]]',36,'Botble\\Ecommerce\\Models\\Product','2024-10-31 20:46:38','2024-10-31 20:46:38'),(49,'faq_ids','[[1,3,4,8,10]]',37,'Botble\\Ecommerce\\Models\\Product','2024-10-31 20:46:38','2024-10-31 20:46:38'),(50,'faq_ids','[[5,6,7,9,10]]',38,'Botble\\Ecommerce\\Models\\Product','2024-10-31 20:46:38','2024-10-31 20:46:38'),(51,'faq_ids','[[2,3,7,8,9]]',39,'Botble\\Ecommerce\\Models\\Product','2024-10-31 20:46:38','2024-10-31 20:46:38'),(52,'faq_ids','[[1,2,4,5,6]]',40,'Botble\\Ecommerce\\Models\\Product','2024-10-31 20:46:38','2024-10-31 20:46:38'),(53,'faq_ids','[[2,5,7,8,9]]',41,'Botble\\Ecommerce\\Models\\Product','2024-10-31 20:46:38','2024-10-31 20:46:38'),(54,'faq_ids','[[1,2,5,9,10]]',42,'Botble\\Ecommerce\\Models\\Product','2024-10-31 20:46:38','2024-10-31 20:46:38'),(55,'faq_ids','[[3,4,5,6,8]]',43,'Botble\\Ecommerce\\Models\\Product','2024-10-31 20:46:38','2024-10-31 20:46:38'),(56,'faq_ids','[[1,5,6,7,9]]',44,'Botble\\Ecommerce\\Models\\Product','2024-10-31 20:46:38','2024-10-31 20:46:38'),(57,'faq_ids','[[1,2,5,8,9]]',45,'Botble\\Ecommerce\\Models\\Product','2024-10-31 20:46:38','2024-10-31 20:46:38'),(58,'faq_ids','[[1,3,4,8,9]]',46,'Botble\\Ecommerce\\Models\\Product','2024-10-31 20:46:38','2024-10-31 20:46:38'),(59,'faq_ids','[[2,3,6,7,10]]',47,'Botble\\Ecommerce\\Models\\Product','2024-10-31 20:46:38','2024-10-31 20:46:38'),(60,'faq_ids','[[1,4,7,8,10]]',48,'Botble\\Ecommerce\\Models\\Product','2024-10-31 20:46:38','2024-10-31 20:46:38'),(61,'faq_ids','[[1,3,4,6,7]]',49,'Botble\\Ecommerce\\Models\\Product','2024-10-31 20:46:39','2024-10-31 20:46:39'),(62,'faq_ids','[[3,4,6,9,10]]',50,'Botble\\Ecommerce\\Models\\Product','2024-10-31 20:46:39','2024-10-31 20:46:39'),(63,'faq_ids','[[2,3,4,6,8]]',51,'Botble\\Ecommerce\\Models\\Product','2024-10-31 20:46:39','2024-10-31 20:46:39'),(64,'faq_ids','[[3,4,8,9,10]]',52,'Botble\\Ecommerce\\Models\\Product','2024-10-31 20:46:39','2024-10-31 20:46:39'),(65,'faq_ids','[[1,2,4,5,7]]',53,'Botble\\Ecommerce\\Models\\Product','2024-10-31 20:46:39','2024-10-31 20:46:39'),(66,'faq_ids','[[1,4,6,8,9]]',54,'Botble\\Ecommerce\\Models\\Product','2024-10-31 20:46:39','2024-10-31 20:46:39'),(67,'faq_ids','[[5,6,7,8,9]]',55,'Botble\\Ecommerce\\Models\\Product','2024-10-31 20:46:39','2024-10-31 20:46:39'),(68,'faq_ids','[[1,2,5,8,9]]',56,'Botble\\Ecommerce\\Models\\Product','2024-10-31 20:46:39','2024-10-31 20:46:39'),(69,'faq_ids','[[2,5,7,8,9]]',57,'Botble\\Ecommerce\\Models\\Product','2024-10-31 20:46:39','2024-10-31 20:46:39'),(70,'title','[\"Smartphone \\n BLU G91 Pro 2022\"]',1,'Botble\\Ads\\Models\\Ads','2024-10-31 20:46:40','2024-10-31 20:46:40'),(71,'subtitle','[\"Sale 20% off all store\"]',1,'Botble\\Ads\\Models\\Ads','2024-10-31 20:46:40','2024-10-31 20:46:40'),(72,'button_label','[\"Shop Now\"]',1,'Botble\\Ads\\Models\\Ads','2024-10-31 20:46:40','2024-10-31 20:46:40'),(73,'title','[\"HyperX Cloud II \\n Wireless\"]',2,'Botble\\Ads\\Models\\Ads','2024-10-31 20:46:40','2024-10-31 20:46:40'),(74,'subtitle','[\"Sale 35% off\"]',2,'Botble\\Ads\\Models\\Ads','2024-10-31 20:46:40','2024-10-31 20:46:40'),(75,'button_label','[\"Shop Now\"]',2,'Botble\\Ads\\Models\\Ads','2024-10-31 20:46:40','2024-10-31 20:46:40'),(76,'title','[\"Selected novelty \\n Products\"]',3,'Botble\\Ads\\Models\\Ads','2024-10-31 20:46:40','2024-10-31 20:46:40'),(77,'subtitle','[\"Only $99.00\"]',3,'Botble\\Ads\\Models\\Ads','2024-10-31 20:46:40','2024-10-31 20:46:40'),(78,'title','[\"Top Rated \\n Products\"]',4,'Botble\\Ads\\Models\\Ads','2024-10-31 20:46:40','2024-10-31 20:46:40'),(79,'subtitle','[\"Only $55.00\"]',4,'Botble\\Ads\\Models\\Ads','2024-10-31 20:46:40','2024-10-31 20:46:40'),(80,'title','[\"Samsung Galaxy Tab S6, Wifi Tablet\"]',5,'Botble\\Ads\\Models\\Ads','2024-10-31 20:46:40','2024-10-31 20:46:40'),(81,'subtitle','[\"Tablet Collection 2023\"]',5,'Botble\\Ads\\Models\\Ads','2024-10-31 20:46:40','2024-10-31 20:46:40'),(82,'button_label','[\"Shop Now\"]',5,'Botble\\Ads\\Models\\Ads','2024-10-31 20:46:40','2024-10-31 20:46:40'),(83,'title','[\"Samsung Galaxy Tab S6, Wifi Tablet\"]',6,'Botble\\Ads\\Models\\Ads','2024-10-31 20:46:40','2024-10-31 20:46:40'),(84,'subtitle','[\"Tablet Collection 2023\"]',6,'Botble\\Ads\\Models\\Ads','2024-10-31 20:46:40','2024-10-31 20:46:40'),(85,'button_label','[\"Shop Now\"]',6,'Botble\\Ads\\Models\\Ads','2024-10-31 20:46:40','2024-10-31 20:46:40'),(86,'title','[\"Samsung Galaxy Tab S6, Wifi Tablet\"]',7,'Botble\\Ads\\Models\\Ads','2024-10-31 20:46:40','2024-10-31 20:46:40'),(87,'subtitle','[\"Tablet Collection 2023\"]',7,'Botble\\Ads\\Models\\Ads','2024-10-31 20:46:40','2024-10-31 20:46:40'),(88,'button_label','[\"Shop Now\"]',7,'Botble\\Ads\\Models\\Ads','2024-10-31 20:46:40','2024-10-31 20:46:40'),(89,'breadcrumb_style','[\"none\"]',1,'Botble\\Page\\Models\\Page','2024-10-31 20:46:41','2024-10-31 20:46:41'),(90,'breadcrumb_style','[\"align-center\"]',7,'Botble\\Page\\Models\\Page','2024-10-31 20:46:41','2024-10-31 20:46:41');

--
-- Table structure for table `migrations`
--

CREATE TABLE `migrations` (
  `id` int unsigned NOT NULL AUTO_INCREMENT,
  `migration` varchar(191) COLLATE utf8mb4_unicode_ci NOT NULL,
  `batch` int NOT NULL,
  PRIMARY KEY (`id`)
) ENGINE=InnoDB AUTO_INCREMENT=216 DEFAULT CHARSET=utf8mb4 COLLATE=utf8mb4_unicode_ci;

--
-- Dumping data for table `migrations`
--

INSERT INTO `migrations` VALUES (1,'2013_04_09_032329_create_base_tables',1),(2,'2013_04_09_062329_create_revisions_table',1),(3,'2014_10_12_000000_create_users_table',1),(4,'2014_10_12_100000_create_password_reset_tokens_table',1),(5,'2015_06_18_033822_create_blog_table',1),(6,'2015_06_29_025744_create_audit_history',1),(7,'2016_05_28_112028_create_system_request_logs_table',1),(8,'2016_06_10_230148_create_acl_tables',1),(9,'2016_06_14_230857_create_menus_table',1),(10,'2016_06_17_091537_create_contacts_table',1),(11,'2016_06_28_221418_create_pages_table',1),(12,'2016_10_03_032336_create_languages_table',1),(13,'2016_10_05_074239_create_setting_table',1),(14,'2016_10_07_193005_create_translations_table',1),(15,'2016_10_13_150201_create_galleries_table',1),(16,'2016_11_28_032840_create_dashboard_widget_tables',1),(17,'2016_12_16_084601_create_widgets_table',1),(18,'2017_05_09_070343_create_media_tables',1),(19,'2017_05_18_080441_create_payment_tables',1),(20,'2017_07_11_140018_create_simple_slider_table',1),(21,'2017_10_24_154832_create_newsletter_table',1),(22,'2017_11_03_070450_create_slug_table',1),(23,'2018_07_09_214610_create_testimonial_table',1),(24,'2018_07_09_221238_create_faq_table',1),(25,'2019_01_05_053554_create_jobs_table',1),(26,'2019_08_19_000000_create_failed_jobs_table',1),(27,'2019_11_18_061011_create_country_table',1),(28,'2019_12_14_000001_create_personal_access_tokens_table',1),(29,'2020_03_05_041139_create_ecommerce_tables',1),(30,'2020_11_18_150916_ads_create_ads_table',1),(31,'2021_01_01_044147_ecommerce_create_flash_sale_table',1),(32,'2021_01_17_082713_add_column_is_featured_to_product_collections_table',1),(33,'2021_01_18_024333_add_zip_code_into_table_customer_addresses',1),(34,'2021_02_16_092633_remove_default_value_for_author_type',1),(35,'2021_02_18_073505_update_table_ec_reviews',1),(36,'2021_03_10_024419_add_column_confirmed_at_to_table_ec_customers',1),(37,'2021_03_10_025153_change_column_tax_amount',1),(38,'2021_03_20_033103_add_column_availability_to_table_ec_products',1),(39,'2021_03_27_144913_add_customer_type_into_table_payments',1),(40,'2021_04_28_074008_ecommerce_create_product_label_table',1),(41,'2021_05_24_034720_make_column_currency_nullable',1),(42,'2021_05_31_173037_ecommerce_create_ec_products_translations',1),(43,'2021_07_06_030002_create_marketplace_table',1),(44,'2021_08_09_161302_add_metadata_column_to_payments_table',1),(45,'2021_08_17_105016_remove_column_currency_id_in_some_tables',1),(46,'2021_08_30_142128_add_images_column_to_ec_reviews_table',1),(47,'2021_09_04_150137_add_vendor_verified_at_to_ec_customers_table',1),(48,'2021_10_04_030050_add_column_created_by_to_table_ec_products',1),(49,'2021_10_04_033903_add_column_approved_by_into_table_ec_products',1),(50,'2021_10_05_122616_add_status_column_to_ec_customers_table',1),(51,'2021_10_06_124943_add_transaction_id_column_to_mp_customer_withdrawals_table',1),(52,'2021_10_10_054216_add_columns_to_mp_customer_revenues_table',1),(53,'2021_10_19_020859_update_metadata_field',1),(54,'2021_10_25_021023_fix-priority-load-for-language-advanced',1),(55,'2021_11_03_025806_nullable_phone_number_in_ec_customer_addresses',1),(56,'2021_11_23_071403_correct_languages_for_product_variations',1),(57,'2021_11_28_031808_add_product_tags_translations',1),(58,'2021_12_01_031123_add_featured_image_to_ec_products',1),(59,'2021_12_02_035301_add_ads_translations_table',1),(60,'2021_12_03_030600_create_blog_translations',1),(61,'2021_12_03_075608_create_page_translations',1),(62,'2021_12_03_082134_create_faq_translations',1),(63,'2021_12_03_082953_create_gallery_translations',1),(64,'2021_12_03_083642_create_testimonials_translations',1),(65,'2021_12_03_084118_create_location_translations',1),(66,'2021_12_03_094518_migrate_old_location_data',1),(67,'2021_12_06_031304_update_table_mp_customer_revenues',1),(68,'2021_12_10_034440_switch_plugin_location_to_use_language_advanced',1),(69,'2022_01_01_033107_update_table_ec_shipments',1),(70,'2022_01_16_085908_improve_plugin_location',1),(71,'2022_02_16_042457_improve_product_attribute_sets',1),(72,'2022_03_22_075758_correct_product_name',1),(73,'2022_04_19_113334_add_index_to_ec_products',1),(74,'2022_04_19_113923_add_index_to_table_posts',1),(75,'2022_04_20_100851_add_index_to_media_table',1),(76,'2022_04_20_101046_add_index_to_menu_table',1),(77,'2022_04_28_144405_remove_unused_table',1),(78,'2022_04_30_034048_create_gallery_meta_translations_table',1),(79,'2022_05_05_115015_create_ec_customer_recently_viewed_products_table',1),(80,'2022_05_18_143720_add_index_to_table_ec_product_categories',1),(81,'2022_06_16_095633_add_index_to_some_tables',1),(82,'2022_06_28_151901_activate_paypal_stripe_plugin',1),(83,'2022_06_30_035148_create_order_referrals_table',1),(84,'2022_07_07_153354_update_charge_id_in_table_payments',1),(85,'2022_07_10_034813_move_lang_folder_to_root',1),(86,'2022_07_24_153815_add_completed_at_to_ec_orders_table',1),(87,'2022_08_04_051940_add_missing_column_expires_at',1),(88,'2022_08_04_052122_delete_location_backup_tables',1),(89,'2022_08_14_032836_create_ec_order_returns_table',1),(90,'2022_08_14_033554_create_ec_order_return_items_table',1),(91,'2022_08_15_040324_add_billing_address',1),(92,'2022_08_30_091114_support_digital_products_table',1),(93,'2022_09_01_000001_create_admin_notifications_tables',1),(94,'2022_09_13_095744_create_options_table',1),(95,'2022_09_13_104347_create_option_value_table',1),(96,'2022_10_05_163518_alter_table_ec_order_product',1),(97,'2022_10_12_041517_create_invoices_table',1),(98,'2022_10_12_142226_update_orders_table',1),(99,'2022_10_13_024916_update_table_order_returns',1),(100,'2022_10_14_024629_drop_column_is_featured',1),(101,'2022_10_19_152916_add_columns_to_mp_stores_table',1),(102,'2022_10_20_062849_create_mp_category_sale_commissions_table',1),(103,'2022_10_21_030830_update_columns_in_ec_shipments_table',1),(104,'2022_10_28_021046_update_columns_in_ec_shipments_table',1),(105,'2022_11_02_071413_add_more_info_for_store',1),(106,'2022_11_02_080444_add_tax_info',1),(107,'2022_11_16_034522_update_type_column_in_ec_shipping_rules_table',1),(108,'2022_11_18_063357_add_missing_timestamp_in_table_settings',1),(109,'2022_11_19_041643_add_ec_tax_product_table',1),(110,'2022_12_02_093615_update_slug_index_columns',1),(111,'2022_12_12_063830_update_tax_defadult_in_ec_tax_products_table',1),(112,'2022_12_17_041532_fix_address_in_order_invoice',1),(113,'2022_12_26_070329_create_ec_product_views_table',1),(114,'2023_01_04_033051_fix_product_categories',1),(115,'2023_01_09_050400_add_ec_global_options_translations_table',1),(116,'2023_01_10_093754_add_missing_option_value_id',1),(117,'2023_01_17_082713_add_column_barcode_and_cost_per_item_to_product_table',1),(118,'2023_01_26_021854_add_ec_customer_used_coupons_table',1),(119,'2023_01_30_024431_add_alt_to_media_table',1),(120,'2023_02_01_062030_add_store_translations',1),(121,'2023_02_08_015900_update_options_column_in_ec_order_product_table',1),(122,'2023_02_13_032133_update_fee_column_mp_customer_revenues_table',1),(123,'2023_02_16_042611_drop_table_password_resets',1),(124,'2023_02_17_023648_fix_store_prefix',1),(125,'2023_02_27_095752_remove_duplicate_reviews',1),(126,'2023_03_20_115757_add_user_type_column_to_ec_shipment_histories_table',1),(127,'2023_04_17_062645_add_open_in_new_tab',1),(128,'2023_04_21_082427_create_ec_product_categorizables_table',1),(129,'2023_04_23_005903_add_column_permissions_to_admin_notifications',1),(130,'2023_04_23_061847_increase_state_translations_abbreviation_column',1),(131,'2023_05_03_011331_add_missing_column_price_into_invoice_items_table',1),(132,'2023_05_10_075124_drop_column_id_in_role_users_table',1),(133,'2023_05_17_025812_fix_invoice_issue',1),(134,'2023_05_26_073140_move_option_make_phone_field_optional_at_checkout_page_to_mandatory_fields',1),(135,'2023_05_27_144611_fix_exchange_rate_setting',1),(136,'2023_06_22_084331_add_generate_license_code_to_ec_products_table',1),(137,'2023_06_30_042512_create_ec_order_tax_information_table',1),(138,'2023_07_06_011444_create_slug_translations_table',1),(139,'2023_07_14_022724_remove_column_id_from_ec_product_collection_products',1),(140,'2023_07_26_041451_add_more_columns_to_location_table',1),(141,'2023_07_27_041451_add_more_columns_to_location_translation_table',1),(142,'2023_08_09_012940_remove_column_status_in_ec_product_attributes',1),(143,'2023_08_11_060908_create_announcements_table',1),(144,'2023_08_15_064505_create_ec_tax_rules_table',1),(145,'2023_08_15_073307_drop_unique_in_states_cities_translations',1),(146,'2023_08_21_021819_make_column_address_in_ec_customer_addresses_nullable',1),(147,'2023_08_21_090810_make_page_content_nullable',1),(148,'2023_08_22_094114_drop_unique_for_barcode',1),(149,'2023_08_29_074620_make_column_author_id_nullable',1),(150,'2023_08_29_075308_make_column_user_id_nullable',1),(151,'2023_08_30_031811_add_apply_via_url_column_to_ec_discounts_table',1),(152,'2023_09_07_094312_add_index_to_product_sku_and_translations',1),(153,'2023_09_14_021936_update_index_for_slugs_table',1),(154,'2023_09_14_022423_add_index_for_language_table',1),(155,'2023_09_19_024955_create_discount_product_categories_table',1),(156,'2023_10_17_070728_add_icon_and_icon_image_to_product_categories_table',1),(157,'2023_10_21_065016_make_state_id_in_table_cities_nullable',1),(158,'2023_11_07_023805_add_tablet_mobile_image',1),(159,'2023_11_10_080225_migrate_contact_blacklist_email_domains_to_core',1),(160,'2023_11_14_033417_change_request_column_in_table_audit_histories',1),(161,'2023_11_17_063408_add_description_column_to_faq_categories_table',1),(162,'2023_11_22_154643_add_unique_in_table_ec_products_variations',1),(163,'2023_11_27_032313_add_price_columns_to_ec_product_cross_sale_relations_table',1),(164,'2023_12_06_023945_add_display_on_checkout_column_to_ec_discounts_table',1),(165,'2023_12_07_095130_add_color_column_to_media_folders_table',1),(166,'2023_12_12_105220_drop_translations_table',1),(167,'2023_12_17_162208_make_sure_column_color_in_media_folders_nullable',1),(168,'2023_12_25_040604_ec_create_review_replies_table',1),(169,'2023_12_26_090340_add_private_notes_column_to_ec_customers_table',1),(170,'2024_01_16_070706_fix_translation_tables',1),(171,'2024_01_23_075227_add_proof_file_to_ec_orders_table',1),(172,'2024_03_14_041050_migrate_lazy_load_theme_options',1),(173,'2024_03_20_080001_migrate_change_attribute_email_to_nullable_form_contacts_table',1),(174,'2024_03_21_100334_update_section_title_shape',1),(175,'2024_03_25_000001_update_captcha_settings_for_contact',1),(176,'2024_03_25_000001_update_captcha_settings_for_newsletter',1),(177,'2024_03_26_041531_add_cancel_reason_to_ec_orders_table',1),(178,'2024_03_27_062402_create_ec_customer_deletion_requests_table',1),(179,'2024_03_29_042242_migrate_old_captcha_settings',1),(180,'2024_03_29_093946_create_ec_order_return_histories_table',1),(181,'2024_04_01_043317_add_google_adsense_slot_id_to_ads_table',1),(182,'2024_04_01_063523_add_customer_columns_to_ec_reviews_table',1),(183,'2024_04_03_062451_add_cover_image_to_table_mp_stores',1),(184,'2024_04_04_110758_update_value_column_in_user_meta_table',1),(185,'2024_04_15_092654_migrate_ecommerce_google_tag_manager_code_setting',1),(186,'2024_04_16_035713_add_min_max_order_quantity_columns_to_products_table',1),(187,'2024_04_19_063914_create_custom_fields_table',1),(188,'2024_04_27_100730_improve_analytics_setting',1),(189,'2024_05_07_073153_improve_table_wishlist',1),(190,'2024_05_07_082630_create_mp_messages_table',1),(191,'2024_05_07_093703_add_missing_zip_code_into_table_store_locators',1),(192,'2024_05_12_091229_add_column_visibility_to_table_media_files',1),(193,'2024_05_15_021503_fix_invoice_path',1),(194,'2024_06_20_160724_create_ec_shared_wishlists_table',1),(195,'2024_06_28_025104_add_notify_attachment_updated_column_to_ec_products_table',1),(196,'2024_07_03_030900_add_downloaded_at_column_to_ec_order_product_table',1),(197,'2024_07_04_083133_create_payment_logs_table',1),(198,'2024_07_07_091316_fix_column_url_in_menu_nodes_table',1),(199,'2024_07_12_100000_change_random_hash_for_media',1),(200,'2024_07_14_071826_make_customer_email_nullable',1),(201,'2024_07_15_104916_add_video_media_column_to_ec_products_table',1),(202,'2024_07_19_131849_add_documents_to_mp_stores_table',1),(203,'2024_07_26_052530_add_percentage_to_tax_rules_table',1),(204,'2024_07_30_091615_fix_order_column_in_categories_table',1),(205,'2024_08_14_123028_add_customer_delivered_confirmed_at_column_to_ec_shipments_table',1),(206,'2024_08_17_094600_add_image_into_countries',1),(207,'2024_08_18_083119_add_tax_id_column_to_mp_stores_table',1),(208,'2024_08_19_132849_create_specification_tables',1),(209,'2024_08_27_141244_add_block_reason_to_ec_customers_table',1),(210,'2024_09_07_060744_add_author_column_to_specification_tables',1),(211,'2024_09_14_064023_add_can_use_with_flash_sale_column_to_ec_discounts_table',1),(212,'2024_09_14_100108_add_stripe_connect_details_to_ec_customers_table',1),(213,'2024_09_17_125408_add_square_logo_to_stores_table',1),(214,'2024_09_25_073928_remove_wrong_product_slugs',1),(215,'2024_09_30_024515_create_sessions_table',1);

--
-- Table structure for table `mp_category_sale_commissions`
--

CREATE TABLE `mp_category_sale_commissions` (
  `id` bigint unsigned NOT NULL AUTO_INCREMENT,
  `product_category_id` bigint unsigned NOT NULL,
  `commission_percentage` decimal(8,2) NOT NULL DEFAULT '0.00',
  PRIMARY KEY (`id`),
  UNIQUE KEY `mp_category_sale_commissions_product_category_id_unique` (`product_category_id`)
) ENGINE=InnoDB DEFAULT CHARSET=utf8mb4 COLLATE=utf8mb4_unicode_ci;

--
-- Dumping data for table `mp_category_sale_commissions`
--


--
-- Table structure for table `mp_customer_revenues`
--

CREATE TABLE `mp_customer_revenues` (
  `id` bigint unsigned NOT NULL AUTO_INCREMENT,
  `customer_id` bigint unsigned DEFAULT NULL,
  `order_id` bigint unsigned DEFAULT NULL,
  `sub_amount` decimal(15,2) DEFAULT '0.00',
  `fee` decimal(15,2) DEFAULT '0.00',
  `amount` decimal(15,2) DEFAULT '0.00',
  `current_balance` decimal(15,2) DEFAULT '0.00',
  `currency` varchar(120) COLLATE utf8mb4_unicode_ci DEFAULT NULL,
  `description` text COLLATE utf8mb4_unicode_ci,
  `created_at` timestamp NULL DEFAULT NULL,
  `updated_at` timestamp NULL DEFAULT NULL,
  `user_id` bigint unsigned NOT NULL DEFAULT '0',
  `type` varchar(60) COLLATE utf8mb4_unicode_ci DEFAULT NULL,
  PRIMARY KEY (`id`)
) ENGINE=InnoDB DEFAULT CHARSET=utf8mb4 COLLATE=utf8mb4_unicode_ci;

--
-- Dumping data for table `mp_customer_revenues`
--


--
-- Table structure for table `mp_customer_withdrawals`
--

CREATE TABLE `mp_customer_withdrawals` (
  `id` bigint unsigned NOT NULL AUTO_INCREMENT,
  `customer_id` bigint unsigned DEFAULT NULL,
  `fee` decimal(15,2) unsigned DEFAULT '0.00',
  `amount` decimal(15,2) unsigned DEFAULT '0.00',
  `current_balance` decimal(15,2) unsigned DEFAULT '0.00',
  `currency` varchar(120) COLLATE utf8mb4_unicode_ci DEFAULT NULL,
  `description` text COLLATE utf8mb4_unicode_ci,
  `bank_info` text COLLATE utf8mb4_unicode_ci,
  `payment_channel` varchar(60) COLLATE utf8mb4_unicode_ci DEFAULT NULL,
  `user_id` bigint unsigned NOT NULL DEFAULT '0',
  `status` varchar(60) COLLATE utf8mb4_unicode_ci NOT NULL DEFAULT 'pending',
  `images` text COLLATE utf8mb4_unicode_ci,
  `created_at` timestamp NULL DEFAULT NULL,
  `updated_at` timestamp NULL DEFAULT NULL,
  `transaction_id` varchar(60) COLLATE utf8mb4_unicode_ci DEFAULT NULL,
  PRIMARY KEY (`id`)
) ENGINE=InnoDB DEFAULT CHARSET=utf8mb4 COLLATE=utf8mb4_unicode_ci;

--
-- Dumping data for table `mp_customer_withdrawals`
--


--
-- Table structure for table `mp_messages`
--

CREATE TABLE `mp_messages` (
  `id` bigint unsigned NOT NULL AUTO_INCREMENT,
  `store_id` bigint unsigned NOT NULL,
  `customer_id` bigint unsigned DEFAULT NULL,
  `name` varchar(60) COLLATE utf8mb4_unicode_ci NOT NULL,
  `email` varchar(60) COLLATE utf8mb4_unicode_ci NOT NULL,
  `content` longtext COLLATE utf8mb4_unicode_ci NOT NULL,
  `created_at` timestamp NULL DEFAULT NULL,
  `updated_at` timestamp NULL DEFAULT NULL,
  PRIMARY KEY (`id`)
) ENGINE=InnoDB DEFAULT CHARSET=utf8mb4 COLLATE=utf8mb4_unicode_ci;

--
-- Dumping data for table `mp_messages`
--


--
-- Table structure for table `mp_stores`
--

CREATE TABLE `mp_stores` (
  `id` bigint unsigned NOT NULL AUTO_INCREMENT,
  `name` varchar(191) COLLATE utf8mb4_unicode_ci NOT NULL,
  `email` varchar(60) COLLATE utf8mb4_unicode_ci DEFAULT NULL,
  `phone` varchar(20) COLLATE utf8mb4_unicode_ci DEFAULT NULL,
  `address` varchar(191) COLLATE utf8mb4_unicode_ci DEFAULT NULL,
  `country` varchar(120) COLLATE utf8mb4_unicode_ci DEFAULT NULL,
  `state` varchar(120) COLLATE utf8mb4_unicode_ci DEFAULT NULL,
  `city` varchar(120) COLLATE utf8mb4_unicode_ci DEFAULT NULL,
  `customer_id` bigint unsigned DEFAULT NULL,
  `logo` varchar(191) COLLATE utf8mb4_unicode_ci DEFAULT NULL,
  `logo_square` varchar(255) COLLATE utf8mb4_unicode_ci DEFAULT NULL,
  `cover_image` varchar(191) COLLATE utf8mb4_unicode_ci DEFAULT NULL,
  `description` varchar(400) COLLATE utf8mb4_unicode_ci DEFAULT NULL,
  `content` longtext COLLATE utf8mb4_unicode_ci,
  `status` varchar(60) COLLATE utf8mb4_unicode_ci NOT NULL DEFAULT 'published',
  `vendor_verified_at` datetime DEFAULT NULL,
  `created_at` timestamp NULL DEFAULT NULL,
  `updated_at` timestamp NULL DEFAULT NULL,
  `zip_code` varchar(20) COLLATE utf8mb4_unicode_ci DEFAULT NULL,
  `company` varchar(191) COLLATE utf8mb4_unicode_ci DEFAULT NULL,
  `tax_id` varchar(191) COLLATE utf8mb4_unicode_ci DEFAULT NULL,
  `certificate_file` varchar(191) COLLATE utf8mb4_unicode_ci DEFAULT NULL,
  `government_id_file` varchar(191) COLLATE utf8mb4_unicode_ci DEFAULT NULL,
  PRIMARY KEY (`id`)
) ENGINE=InnoDB AUTO_INCREMENT=9 DEFAULT CHARSET=utf8mb4 COLLATE=utf8mb4_unicode_ci;

--
-- Dumping data for table `mp_stores`
--

INSERT INTO `mp_stores` VALUES (1,'GoPro','schneider.angelina@example.net','+14327425562','6307 Flavio Divide','LC','Georgia','Watsicaport',2,'main/stores/1.png',NULL,'main/stores/cover-1.png','Iure eius dicta non voluptas. Qui in ut ipsum illum maxime suscipit sunt. Eius excepturi laboriosam nihil odio repellat sit. Quia molestiae illum voluptas aperiam. Cum omnis molestiae recusandae. Aperiam neque qui deserunt cum illum cum accusamus. Porro recusandae illum quaerat tempora non quis.','<p>I have seen many people underestimating the power of their wallets. To them, they are just a functional item they use to carry. As a result, they often end up with the wallets which are not really suitable for them.</p>\n\n                <p>You should pay more attention when you choose your wallets. There are a lot of them on the market with the different designs and styles. When you choose carefully, you would be able to buy a wallet that is catered to your needs. Not to mention that it will help to enhance your style significantly.</p>\n\n                <p style=\"text-align:center;\"><img alt=\"f4\" src=\"/storage/main/blog/post-1.jpg\"></p>\n\n                <p><br>\n                 </p>\n\n                <p><strong><em>For all of the reason above, here are 7 expert tips to help you pick up the right men’s wallet for you:</em></strong></p>\n\n                <h4><strong>Number 1: Choose A Neat Wallet</strong></h4>\n\n                <p>The wallet is an essential accessory that you should go simple. Simplicity is the best in this case. A simple and neat wallet with the plain color and even <strong>minimalist style</strong> is versatile. It can be used for both formal and casual events. In addition, that wallet will go well with most of the clothes in your wardrobe.</p>\n\n                <p>Keep in mind that a wallet will tell other people about your personality and your fashion sense as much as other clothes you put on. Hence, don’t go cheesy on your wallet or else people will think that you have a funny and particular style.</p>\n\n                <p style=\"text-align:center;\"><img alt=\"f5\" src=\"/storage/main/blog/post-2.jpg\"></p>\n\n                <p><br>\n                 </p>\n                <hr>\n                <h4><strong>Number 2: Choose The Right Size For Your Wallet</strong></h4>\n\n                <p>You should avoid having an over-sized wallet. Don’t think that you need to buy a big wallet because you have a lot to carry with you. In addition, a fat wallet is very ugly. It will make it harder for you to slide the wallet into your trousers’ pocket. In addition, it will create a bulge and ruin your look.</p>\n\n                <p>Before you go on to buy a new wallet, clean out your wallet and place all the items from your wallet on a table. Throw away things that you would never need any more such as the old bills or the expired gift cards. Remember to check your wallet on a frequent basis to get rid of all of the old stuff that you don’t need anymore.</p>\n\n                <p style=\"text-align:center;\"><img alt=\"f1\" src=\"/storage/main/blog/post-3.jpg\"></p>\n\n                <p><br>\n                 </p>\n\n                <hr>\n                <h4><strong>Number 3: Don’t Limit Your Options Of Materials</strong></h4>\n\n                <p>The types and designs of wallets are not the only things that you should consider when you go out searching for your best wallet. You have more than 1 option of material rather than leather to choose from as well.</p>\n\n                <p>You can experiment with other available options such as cotton, polyester and canvas. They all have their own pros and cons. As a result, they will be suitable for different needs and requirements. You should think about them all in order to choose the material which you would like the most.</p>\n\n                <p style=\"text-align:center;\"><img alt=\"f6\" src=\"/storage/main/blog/post-4.jpg\"></p>\n\n                <p><br>\n                 </p>\n\n                <hr>\n                <h4><strong>Number 4: Consider A Wallet As A Long Term Investment</strong></h4>\n\n                <p>Your wallet is indeed an investment that you should consider spending a decent amount of time and effort on it. Another factor that you need to consider is how much you want to spend on your wallet. The price ranges of wallets on the market vary a great deal. You can find a wallet which is as cheap as about 5 to 7 dollars. On the other hand, you should expect to pay around 250 to 300 dollars for a high-quality wallet.</p>\n\n                <p>In case you need a wallet to use for a long time, it is a good idea that you should invest a decent amount of money on a wallet. A high quality wallet from a reputational brand with the premium quality such as cowhide leather will last for a long time. In addition, it is an accessory to show off your fashion sense and your social status.</p>\n\n                <p style=\"text-align:center;\"><img alt=\"f2\" src=\"/storage/main/blog/post-5.jpg\"></p>\n\n                <p> </p>\n                ','published',NULL,'2024-10-31 20:46:35','2024-10-31 20:46:35',NULL,NULL,NULL,NULL,NULL),(2,'Global Office','hallie23@example.net','+13156866350','79906 Nels Stream Suite 176','KH','Tennessee','South Greta',5,'main/stores/2.png',NULL,'main/stores/cover-4.png','Vel minus tempora nemo deleniti earum dolore. Sequi excepturi totam earum libero aspernatur reiciendis. Illum enim et id molestiae nihil voluptates nulla. Est quis neque quidem maiores. Consequuntur adipisci aut facilis. Aliquid dolorem expedita iure fugit ex saepe ab. Quam sunt voluptas eligendi incidunt occaecati aperiam.','<p>I have seen many people underestimating the power of their wallets. To them, they are just a functional item they use to carry. As a result, they often end up with the wallets which are not really suitable for them.</p>\n\n                <p>You should pay more attention when you choose your wallets. There are a lot of them on the market with the different designs and styles. When you choose carefully, you would be able to buy a wallet that is catered to your needs. Not to mention that it will help to enhance your style significantly.</p>\n\n                <p style=\"text-align:center;\"><img alt=\"f4\" src=\"/storage/main/blog/post-1.jpg\"></p>\n\n                <p><br>\n                 </p>\n\n                <p><strong><em>For all of the reason above, here are 7 expert tips to help you pick up the right men’s wallet for you:</em></strong></p>\n\n                <h4><strong>Number 1: Choose A Neat Wallet</strong></h4>\n\n                <p>The wallet is an essential accessory that you should go simple. Simplicity is the best in this case. A simple and neat wallet with the plain color and even <strong>minimalist style</strong> is versatile. It can be used for both formal and casual events. In addition, that wallet will go well with most of the clothes in your wardrobe.</p>\n\n                <p>Keep in mind that a wallet will tell other people about your personality and your fashion sense as much as other clothes you put on. Hence, don’t go cheesy on your wallet or else people will think that you have a funny and particular style.</p>\n\n                <p style=\"text-align:center;\"><img alt=\"f5\" src=\"/storage/main/blog/post-2.jpg\"></p>\n\n                <p><br>\n                 </p>\n                <hr>\n                <h4><strong>Number 2: Choose The Right Size For Your Wallet</strong></h4>\n\n                <p>You should avoid having an over-sized wallet. Don’t think that you need to buy a big wallet because you have a lot to carry with you. In addition, a fat wallet is very ugly. It will make it harder for you to slide the wallet into your trousers’ pocket. In addition, it will create a bulge and ruin your look.</p>\n\n                <p>Before you go on to buy a new wallet, clean out your wallet and place all the items from your wallet on a table. Throw away things that you would never need any more such as the old bills or the expired gift cards. Remember to check your wallet on a frequent basis to get rid of all of the old stuff that you don’t need anymore.</p>\n\n                <p style=\"text-align:center;\"><img alt=\"f1\" src=\"/storage/main/blog/post-3.jpg\"></p>\n\n                <p><br>\n                 </p>\n\n                <hr>\n                <h4><strong>Number 3: Don’t Limit Your Options Of Materials</strong></h4>\n\n                <p>The types and designs of wallets are not the only things that you should consider when you go out searching for your best wallet. You have more than 1 option of material rather than leather to choose from as well.</p>\n\n                <p>You can experiment with other available options such as cotton, polyester and canvas. They all have their own pros and cons. As a result, they will be suitable for different needs and requirements. You should think about them all in order to choose the material which you would like the most.</p>\n\n                <p style=\"text-align:center;\"><img alt=\"f6\" src=\"/storage/main/blog/post-4.jpg\"></p>\n\n                <p><br>\n                 </p>\n\n                <hr>\n                <h4><strong>Number 4: Consider A Wallet As A Long Term Investment</strong></h4>\n\n                <p>Your wallet is indeed an investment that you should consider spending a decent amount of time and effort on it. Another factor that you need to consider is how much you want to spend on your wallet. The price ranges of wallets on the market vary a great deal. You can find a wallet which is as cheap as about 5 to 7 dollars. On the other hand, you should expect to pay around 250 to 300 dollars for a high-quality wallet.</p>\n\n                <p>In case you need a wallet to use for a long time, it is a good idea that you should invest a decent amount of money on a wallet. A high quality wallet from a reputational brand with the premium quality such as cowhide leather will last for a long time. In addition, it is an accessory to show off your fashion sense and your social status.</p>\n\n                <p style=\"text-align:center;\"><img alt=\"f2\" src=\"/storage/main/blog/post-5.jpg\"></p>\n\n                <p> </p>\n                ','published',NULL,'2024-10-31 20:46:35','2024-10-31 20:46:35',NULL,NULL,NULL,NULL,NULL),(3,'Young Shop','alvena.carroll@example.org','+15856838623','52064 Ortiz Mills','UA','Nebraska','West Felipa',5,'main/stores/3.png',NULL,'main/stores/cover-3.png','Et cupiditate rerum accusantium. Odio autem enim quo voluptatum. Est ut cupiditate reprehenderit molestiae aut sed. Velit qui et esse aspernatur. Sint dolorem aut voluptatem asperiores. Officia porro dolorem dolorem exercitationem nihil praesentium. Ea consequatur optio explicabo ea delectus non distinctio. Reiciendis facilis magni natus excepturi voluptas aut sequi ipsam.','<p>I have seen many people underestimating the power of their wallets. To them, they are just a functional item they use to carry. As a result, they often end up with the wallets which are not really suitable for them.</p>\n\n                <p>You should pay more attention when you choose your wallets. There are a lot of them on the market with the different designs and styles. When you choose carefully, you would be able to buy a wallet that is catered to your needs. Not to mention that it will help to enhance your style significantly.</p>\n\n                <p style=\"text-align:center;\"><img alt=\"f4\" src=\"/storage/main/blog/post-1.jpg\"></p>\n\n                <p><br>\n                 </p>\n\n                <p><strong><em>For all of the reason above, here are 7 expert tips to help you pick up the right men’s wallet for you:</em></strong></p>\n\n                <h4><strong>Number 1: Choose A Neat Wallet</strong></h4>\n\n                <p>The wallet is an essential accessory that you should go simple. Simplicity is the best in this case. A simple and neat wallet with the plain color and even <strong>minimalist style</strong> is versatile. It can be used for both formal and casual events. In addition, that wallet will go well with most of the clothes in your wardrobe.</p>\n\n                <p>Keep in mind that a wallet will tell other people about your personality and your fashion sense as much as other clothes you put on. Hence, don’t go cheesy on your wallet or else people will think that you have a funny and particular style.</p>\n\n                <p style=\"text-align:center;\"><img alt=\"f5\" src=\"/storage/main/blog/post-2.jpg\"></p>\n\n                <p><br>\n                 </p>\n                <hr>\n                <h4><strong>Number 2: Choose The Right Size For Your Wallet</strong></h4>\n\n                <p>You should avoid having an over-sized wallet. Don’t think that you need to buy a big wallet because you have a lot to carry with you. In addition, a fat wallet is very ugly. It will make it harder for you to slide the wallet into your trousers’ pocket. In addition, it will create a bulge and ruin your look.</p>\n\n                <p>Before you go on to buy a new wallet, clean out your wallet and place all the items from your wallet on a table. Throw away things that you would never need any more such as the old bills or the expired gift cards. Remember to check your wallet on a frequent basis to get rid of all of the old stuff that you don’t need anymore.</p>\n\n                <p style=\"text-align:center;\"><img alt=\"f1\" src=\"/storage/main/blog/post-3.jpg\"></p>\n\n                <p><br>\n                 </p>\n\n                <hr>\n                <h4><strong>Number 3: Don’t Limit Your Options Of Materials</strong></h4>\n\n                <p>The types and designs of wallets are not the only things that you should consider when you go out searching for your best wallet. You have more than 1 option of material rather than leather to choose from as well.</p>\n\n                <p>You can experiment with other available options such as cotton, polyester and canvas. They all have their own pros and cons. As a result, they will be suitable for different needs and requirements. You should think about them all in order to choose the material which you would like the most.</p>\n\n                <p style=\"text-align:center;\"><img alt=\"f6\" src=\"/storage/main/blog/post-4.jpg\"></p>\n\n                <p><br>\n                 </p>\n\n                <hr>\n                <h4><strong>Number 4: Consider A Wallet As A Long Term Investment</strong></h4>\n\n                <p>Your wallet is indeed an investment that you should consider spending a decent amount of time and effort on it. Another factor that you need to consider is how much you want to spend on your wallet. The price ranges of wallets on the market vary a great deal. You can find a wallet which is as cheap as about 5 to 7 dollars. On the other hand, you should expect to pay around 250 to 300 dollars for a high-quality wallet.</p>\n\n                <p>In case you need a wallet to use for a long time, it is a good idea that you should invest a decent amount of money on a wallet. A high quality wallet from a reputational brand with the premium quality such as cowhide leather will last for a long time. In addition, it is an accessory to show off your fashion sense and your social status.</p>\n\n                <p style=\"text-align:center;\"><img alt=\"f2\" src=\"/storage/main/blog/post-5.jpg\"></p>\n\n                <p> </p>\n                ','published',NULL,'2024-10-31 20:46:35','2024-10-31 20:46:35',NULL,NULL,NULL,NULL,NULL),(4,'Global Store','gchamplin@example.com','+16209989390','65602 Orie Road Suite 086','SJ','District of Columbia','South Tayachester',4,'main/stores/4.png',NULL,'main/stores/cover-4.png','Porro alias facere officia facere nihil eveniet. Ducimus nesciunt ratione quibusdam possimus odio non. Rerum saepe est voluptas accusamus et error provident molestias. Aut et atque maiores voluptatem explicabo beatae. Voluptate et exercitationem quidem.','<p>I have seen many people underestimating the power of their wallets. To them, they are just a functional item they use to carry. As a result, they often end up with the wallets which are not really suitable for them.</p>\n\n                <p>You should pay more attention when you choose your wallets. There are a lot of them on the market with the different designs and styles. When you choose carefully, you would be able to buy a wallet that is catered to your needs. Not to mention that it will help to enhance your style significantly.</p>\n\n                <p style=\"text-align:center;\"><img alt=\"f4\" src=\"/storage/main/blog/post-1.jpg\"></p>\n\n                <p><br>\n                 </p>\n\n                <p><strong><em>For all of the reason above, here are 7 expert tips to help you pick up the right men’s wallet for you:</em></strong></p>\n\n                <h4><strong>Number 1: Choose A Neat Wallet</strong></h4>\n\n                <p>The wallet is an essential accessory that you should go simple. Simplicity is the best in this case. A simple and neat wallet with the plain color and even <strong>minimalist style</strong> is versatile. It can be used for both formal and casual events. In addition, that wallet will go well with most of the clothes in your wardrobe.</p>\n\n                <p>Keep in mind that a wallet will tell other people about your personality and your fashion sense as much as other clothes you put on. Hence, don’t go cheesy on your wallet or else people will think that you have a funny and particular style.</p>\n\n                <p style=\"text-align:center;\"><img alt=\"f5\" src=\"/storage/main/blog/post-2.jpg\"></p>\n\n                <p><br>\n                 </p>\n                <hr>\n                <h4><strong>Number 2: Choose The Right Size For Your Wallet</strong></h4>\n\n                <p>You should avoid having an over-sized wallet. Don’t think that you need to buy a big wallet because you have a lot to carry with you. In addition, a fat wallet is very ugly. It will make it harder for you to slide the wallet into your trousers’ pocket. In addition, it will create a bulge and ruin your look.</p>\n\n                <p>Before you go on to buy a new wallet, clean out your wallet and place all the items from your wallet on a table. Throw away things that you would never need any more such as the old bills or the expired gift cards. Remember to check your wallet on a frequent basis to get rid of all of the old stuff that you don’t need anymore.</p>\n\n                <p style=\"text-align:center;\"><img alt=\"f1\" src=\"/storage/main/blog/post-3.jpg\"></p>\n\n                <p><br>\n                 </p>\n\n                <hr>\n                <h4><strong>Number 3: Don’t Limit Your Options Of Materials</strong></h4>\n\n                <p>The types and designs of wallets are not the only things that you should consider when you go out searching for your best wallet. You have more than 1 option of material rather than leather to choose from as well.</p>\n\n                <p>You can experiment with other available options such as cotton, polyester and canvas. They all have their own pros and cons. As a result, they will be suitable for different needs and requirements. You should think about them all in order to choose the material which you would like the most.</p>\n\n                <p style=\"text-align:center;\"><img alt=\"f6\" src=\"/storage/main/blog/post-4.jpg\"></p>\n\n                <p><br>\n                 </p>\n\n                <hr>\n                <h4><strong>Number 4: Consider A Wallet As A Long Term Investment</strong></h4>\n\n                <p>Your wallet is indeed an investment that you should consider spending a decent amount of time and effort on it. Another factor that you need to consider is how much you want to spend on your wallet. The price ranges of wallets on the market vary a great deal. You can find a wallet which is as cheap as about 5 to 7 dollars. On the other hand, you should expect to pay around 250 to 300 dollars for a high-quality wallet.</p>\n\n                <p>In case you need a wallet to use for a long time, it is a good idea that you should invest a decent amount of money on a wallet. A high quality wallet from a reputational brand with the premium quality such as cowhide leather will last for a long time. In addition, it is an accessory to show off your fashion sense and your social status.</p>\n\n                <p style=\"text-align:center;\"><img alt=\"f2\" src=\"/storage/main/blog/post-5.jpg\"></p>\n\n                <p> </p>\n                ','published',NULL,'2024-10-31 20:46:35','2024-10-31 20:46:35',NULL,NULL,NULL,NULL,NULL),(5,'Robert’s Store','aabshire@example.org','+19349617158','61575 Gabriella Cliff Suite 042','EE','Georgia','Port Henriettefort',7,'main/stores/5.png',NULL,'main/stores/cover-1.png','Ipsam exercitationem impedit ipsa eligendi voluptas beatae tempora. Earum debitis quo laboriosam velit ullam tempora minima. Voluptatem occaecati et et quidem sunt delectus iusto. Voluptatem dolores ipsa nisi. Ex ipsa dolorum aut voluptatem est placeat. Rerum vel maxime nulla est aut est placeat nihil. Fuga alias autem sapiente.','<p>I have seen many people underestimating the power of their wallets. To them, they are just a functional item they use to carry. As a result, they often end up with the wallets which are not really suitable for them.</p>\n\n                <p>You should pay more attention when you choose your wallets. There are a lot of them on the market with the different designs and styles. When you choose carefully, you would be able to buy a wallet that is catered to your needs. Not to mention that it will help to enhance your style significantly.</p>\n\n                <p style=\"text-align:center;\"><img alt=\"f4\" src=\"/storage/main/blog/post-1.jpg\"></p>\n\n                <p><br>\n                 </p>\n\n                <p><strong><em>For all of the reason above, here are 7 expert tips to help you pick up the right men’s wallet for you:</em></strong></p>\n\n                <h4><strong>Number 1: Choose A Neat Wallet</strong></h4>\n\n                <p>The wallet is an essential accessory that you should go simple. Simplicity is the best in this case. A simple and neat wallet with the plain color and even <strong>minimalist style</strong> is versatile. It can be used for both formal and casual events. In addition, that wallet will go well with most of the clothes in your wardrobe.</p>\n\n                <p>Keep in mind that a wallet will tell other people about your personality and your fashion sense as much as other clothes you put on. Hence, don’t go cheesy on your wallet or else people will think that you have a funny and particular style.</p>\n\n                <p style=\"text-align:center;\"><img alt=\"f5\" src=\"/storage/main/blog/post-2.jpg\"></p>\n\n                <p><br>\n                 </p>\n                <hr>\n                <h4><strong>Number 2: Choose The Right Size For Your Wallet</strong></h4>\n\n                <p>You should avoid having an over-sized wallet. Don’t think that you need to buy a big wallet because you have a lot to carry with you. In addition, a fat wallet is very ugly. It will make it harder for you to slide the wallet into your trousers’ pocket. In addition, it will create a bulge and ruin your look.</p>\n\n                <p>Before you go on to buy a new wallet, clean out your wallet and place all the items from your wallet on a table. Throw away things that you would never need any more such as the old bills or the expired gift cards. Remember to check your wallet on a frequent basis to get rid of all of the old stuff that you don’t need anymore.</p>\n\n                <p style=\"text-align:center;\"><img alt=\"f1\" src=\"/storage/main/blog/post-3.jpg\"></p>\n\n                <p><br>\n                 </p>\n\n                <hr>\n                <h4><strong>Number 3: Don’t Limit Your Options Of Materials</strong></h4>\n\n                <p>The types and designs of wallets are not the only things that you should consider when you go out searching for your best wallet. You have more than 1 option of material rather than leather to choose from as well.</p>\n\n                <p>You can experiment with other available options such as cotton, polyester and canvas. They all have their own pros and cons. As a result, they will be suitable for different needs and requirements. You should think about them all in order to choose the material which you would like the most.</p>\n\n                <p style=\"text-align:center;\"><img alt=\"f6\" src=\"/storage/main/blog/post-4.jpg\"></p>\n\n                <p><br>\n                 </p>\n\n                <hr>\n                <h4><strong>Number 4: Consider A Wallet As A Long Term Investment</strong></h4>\n\n                <p>Your wallet is indeed an investment that you should consider spending a decent amount of time and effort on it. Another factor that you need to consider is how much you want to spend on your wallet. The price ranges of wallets on the market vary a great deal. You can find a wallet which is as cheap as about 5 to 7 dollars. On the other hand, you should expect to pay around 250 to 300 dollars for a high-quality wallet.</p>\n\n                <p>In case you need a wallet to use for a long time, it is a good idea that you should invest a decent amount of money on a wallet. A high quality wallet from a reputational brand with the premium quality such as cowhide leather will last for a long time. In addition, it is an accessory to show off your fashion sense and your social status.</p>\n\n                <p style=\"text-align:center;\"><img alt=\"f2\" src=\"/storage/main/blog/post-5.jpg\"></p>\n\n                <p> </p>\n                ','published',NULL,'2024-10-31 20:46:35','2024-10-31 20:46:35',NULL,NULL,NULL,NULL,NULL),(6,'Stouffer','abernathy.mikayla@example.org','+19707633966','389 Dolly Club Apt. 860','ET','Virginia','Eudorastad',4,'main/stores/6.png',NULL,'main/stores/cover-1.png','Consequatur animi molestiae delectus id ducimus. Quia tempore facere pariatur tenetur ut aliquam quas. Enim ea odit aspernatur aut inventore. Voluptas quia illo dolor est. Vitae iure a corrupti numquam dolorem placeat. Deserunt nesciunt doloremque cumque. Occaecati et quis eos.','<p>I have seen many people underestimating the power of their wallets. To them, they are just a functional item they use to carry. As a result, they often end up with the wallets which are not really suitable for them.</p>\n\n                <p>You should pay more attention when you choose your wallets. There are a lot of them on the market with the different designs and styles. When you choose carefully, you would be able to buy a wallet that is catered to your needs. Not to mention that it will help to enhance your style significantly.</p>\n\n                <p style=\"text-align:center;\"><img alt=\"f4\" src=\"/storage/main/blog/post-1.jpg\"></p>\n\n                <p><br>\n                 </p>\n\n                <p><strong><em>For all of the reason above, here are 7 expert tips to help you pick up the right men’s wallet for you:</em></strong></p>\n\n                <h4><strong>Number 1: Choose A Neat Wallet</strong></h4>\n\n                <p>The wallet is an essential accessory that you should go simple. Simplicity is the best in this case. A simple and neat wallet with the plain color and even <strong>minimalist style</strong> is versatile. It can be used for both formal and casual events. In addition, that wallet will go well with most of the clothes in your wardrobe.</p>\n\n                <p>Keep in mind that a wallet will tell other people about your personality and your fashion sense as much as other clothes you put on. Hence, don’t go cheesy on your wallet or else people will think that you have a funny and particular style.</p>\n\n                <p style=\"text-align:center;\"><img alt=\"f5\" src=\"/storage/main/blog/post-2.jpg\"></p>\n\n                <p><br>\n                 </p>\n                <hr>\n                <h4><strong>Number 2: Choose The Right Size For Your Wallet</strong></h4>\n\n                <p>You should avoid having an over-sized wallet. Don’t think that you need to buy a big wallet because you have a lot to carry with you. In addition, a fat wallet is very ugly. It will make it harder for you to slide the wallet into your trousers’ pocket. In addition, it will create a bulge and ruin your look.</p>\n\n                <p>Before you go on to buy a new wallet, clean out your wallet and place all the items from your wallet on a table. Throw away things that you would never need any more such as the old bills or the expired gift cards. Remember to check your wallet on a frequent basis to get rid of all of the old stuff that you don’t need anymore.</p>\n\n                <p style=\"text-align:center;\"><img alt=\"f1\" src=\"/storage/main/blog/post-3.jpg\"></p>\n\n                <p><br>\n                 </p>\n\n                <hr>\n                <h4><strong>Number 3: Don’t Limit Your Options Of Materials</strong></h4>\n\n                <p>The types and designs of wallets are not the only things that you should consider when you go out searching for your best wallet. You have more than 1 option of material rather than leather to choose from as well.</p>\n\n                <p>You can experiment with other available options such as cotton, polyester and canvas. They all have their own pros and cons. As a result, they will be suitable for different needs and requirements. You should think about them all in order to choose the material which you would like the most.</p>\n\n                <p style=\"text-align:center;\"><img alt=\"f6\" src=\"/storage/main/blog/post-4.jpg\"></p>\n\n                <p><br>\n                 </p>\n\n                <hr>\n                <h4><strong>Number 4: Consider A Wallet As A Long Term Investment</strong></h4>\n\n                <p>Your wallet is indeed an investment that you should consider spending a decent amount of time and effort on it. Another factor that you need to consider is how much you want to spend on your wallet. The price ranges of wallets on the market vary a great deal. You can find a wallet which is as cheap as about 5 to 7 dollars. On the other hand, you should expect to pay around 250 to 300 dollars for a high-quality wallet.</p>\n\n                <p>In case you need a wallet to use for a long time, it is a good idea that you should invest a decent amount of money on a wallet. A high quality wallet from a reputational brand with the premium quality such as cowhide leather will last for a long time. In addition, it is an accessory to show off your fashion sense and your social status.</p>\n\n                <p style=\"text-align:center;\"><img alt=\"f2\" src=\"/storage/main/blog/post-5.jpg\"></p>\n\n                <p> </p>\n                ','published',NULL,'2024-10-31 20:46:35','2024-10-31 20:46:35',NULL,NULL,NULL,NULL,NULL),(7,'StarKist','rubie.haag@example.net','+13013975664','345 Efrain Run Apt. 960','LS','New Hampshire','Cristbury',2,'main/stores/7.png',NULL,'main/stores/cover-4.png','Odit tempora harum eveniet. Ad qui quo iusto sit ut doloribus. Numquam exercitationem nemo velit aut eligendi sunt. Cumque nulla id voluptas non consequatur consequatur nobis et. Velit culpa deserunt qui fugit iste corrupti deserunt. Voluptatum nihil sed asperiores ipsam id aspernatur officia magnam. Ut molestiae reprehenderit alias blanditiis quo.','<p>I have seen many people underestimating the power of their wallets. To them, they are just a functional item they use to carry. As a result, they often end up with the wallets which are not really suitable for them.</p>\n\n                <p>You should pay more attention when you choose your wallets. There are a lot of them on the market with the different designs and styles. When you choose carefully, you would be able to buy a wallet that is catered to your needs. Not to mention that it will help to enhance your style significantly.</p>\n\n                <p style=\"text-align:center;\"><img alt=\"f4\" src=\"/storage/main/blog/post-1.jpg\"></p>\n\n                <p><br>\n                 </p>\n\n                <p><strong><em>For all of the reason above, here are 7 expert tips to help you pick up the right men’s wallet for you:</em></strong></p>\n\n                <h4><strong>Number 1: Choose A Neat Wallet</strong></h4>\n\n                <p>The wallet is an essential accessory that you should go simple. Simplicity is the best in this case. A simple and neat wallet with the plain color and even <strong>minimalist style</strong> is versatile. It can be used for both formal and casual events. In addition, that wallet will go well with most of the clothes in your wardrobe.</p>\n\n                <p>Keep in mind that a wallet will tell other people about your personality and your fashion sense as much as other clothes you put on. Hence, don’t go cheesy on your wallet or else people will think that you have a funny and particular style.</p>\n\n                <p style=\"text-align:center;\"><img alt=\"f5\" src=\"/storage/main/blog/post-2.jpg\"></p>\n\n                <p><br>\n                 </p>\n                <hr>\n                <h4><strong>Number 2: Choose The Right Size For Your Wallet</strong></h4>\n\n                <p>You should avoid having an over-sized wallet. Don’t think that you need to buy a big wallet because you have a lot to carry with you. In addition, a fat wallet is very ugly. It will make it harder for you to slide the wallet into your trousers’ pocket. In addition, it will create a bulge and ruin your look.</p>\n\n                <p>Before you go on to buy a new wallet, clean out your wallet and place all the items from your wallet on a table. Throw away things that you would never need any more such as the old bills or the expired gift cards. Remember to check your wallet on a frequent basis to get rid of all of the old stuff that you don’t need anymore.</p>\n\n                <p style=\"text-align:center;\"><img alt=\"f1\" src=\"/storage/main/blog/post-3.jpg\"></p>\n\n                <p><br>\n                 </p>\n\n                <hr>\n                <h4><strong>Number 3: Don’t Limit Your Options Of Materials</strong></h4>\n\n                <p>The types and designs of wallets are not the only things that you should consider when you go out searching for your best wallet. You have more than 1 option of material rather than leather to choose from as well.</p>\n\n                <p>You can experiment with other available options such as cotton, polyester and canvas. They all have their own pros and cons. As a result, they will be suitable for different needs and requirements. You should think about them all in order to choose the material which you would like the most.</p>\n\n                <p style=\"text-align:center;\"><img alt=\"f6\" src=\"/storage/main/blog/post-4.jpg\"></p>\n\n                <p><br>\n                 </p>\n\n                <hr>\n                <h4><strong>Number 4: Consider A Wallet As A Long Term Investment</strong></h4>\n\n                <p>Your wallet is indeed an investment that you should consider spending a decent amount of time and effort on it. Another factor that you need to consider is how much you want to spend on your wallet. The price ranges of wallets on the market vary a great deal. You can find a wallet which is as cheap as about 5 to 7 dollars. On the other hand, you should expect to pay around 250 to 300 dollars for a high-quality wallet.</p>\n\n                <p>In case you need a wallet to use for a long time, it is a good idea that you should invest a decent amount of money on a wallet. A high quality wallet from a reputational brand with the premium quality such as cowhide leather will last for a long time. In addition, it is an accessory to show off your fashion sense and your social status.</p>\n\n                <p style=\"text-align:center;\"><img alt=\"f2\" src=\"/storage/main/blog/post-5.jpg\"></p>\n\n                <p> </p>\n                ','published',NULL,'2024-10-31 20:46:35','2024-10-31 20:46:35',NULL,NULL,NULL,NULL,NULL),(8,'Old El Paso','elda.cruickshank@example.com','+13137644392','476 Elenor Plaza Suite 290','SH','Oklahoma','North Ettie',2,'main/stores/8.png',NULL,'main/stores/cover-2.png','Qui quae est ut sequi hic distinctio deserunt pariatur. Expedita doloribus fuga omnis sunt tempora. Ea sit sit sunt deleniti. Sit laboriosam quod voluptas. Quia fuga asperiores molestiae delectus provident dolores qui nemo. Quidem adipisci amet veritatis pariatur. Dolores ipsa quasi eveniet.','<p>I have seen many people underestimating the power of their wallets. To them, they are just a functional item they use to carry. As a result, they often end up with the wallets which are not really suitable for them.</p>\n\n                <p>You should pay more attention when you choose your wallets. There are a lot of them on the market with the different designs and styles. When you choose carefully, you would be able to buy a wallet that is catered to your needs. Not to mention that it will help to enhance your style significantly.</p>\n\n                <p style=\"text-align:center;\"><img alt=\"f4\" src=\"/storage/main/blog/post-1.jpg\"></p>\n\n                <p><br>\n                 </p>\n\n                <p><strong><em>For all of the reason above, here are 7 expert tips to help you pick up the right men’s wallet for you:</em></strong></p>\n\n                <h4><strong>Number 1: Choose A Neat Wallet</strong></h4>\n\n                <p>The wallet is an essential accessory that you should go simple. Simplicity is the best in this case. A simple and neat wallet with the plain color and even <strong>minimalist style</strong> is versatile. It can be used for both formal and casual events. In addition, that wallet will go well with most of the clothes in your wardrobe.</p>\n\n                <p>Keep in mind that a wallet will tell other people about your personality and your fashion sense as much as other clothes you put on. Hence, don’t go cheesy on your wallet or else people will think that you have a funny and particular style.</p>\n\n                <p style=\"text-align:center;\"><img alt=\"f5\" src=\"/storage/main/blog/post-2.jpg\"></p>\n\n                <p><br>\n                 </p>\n                <hr>\n                <h4><strong>Number 2: Choose The Right Size For Your Wallet</strong></h4>\n\n                <p>You should avoid having an over-sized wallet. Don’t think that you need to buy a big wallet because you have a lot to carry with you. In addition, a fat wallet is very ugly. It will make it harder for you to slide the wallet into your trousers’ pocket. In addition, it will create a bulge and ruin your look.</p>\n\n                <p>Before you go on to buy a new wallet, clean out your wallet and place all the items from your wallet on a table. Throw away things that you would never need any more such as the old bills or the expired gift cards. Remember to check your wallet on a frequent basis to get rid of all of the old stuff that you don’t need anymore.</p>\n\n                <p style=\"text-align:center;\"><img alt=\"f1\" src=\"/storage/main/blog/post-3.jpg\"></p>\n\n                <p><br>\n                 </p>\n\n                <hr>\n                <h4><strong>Number 3: Don’t Limit Your Options Of Materials</strong></h4>\n\n                <p>The types and designs of wallets are not the only things that you should consider when you go out searching for your best wallet. You have more than 1 option of material rather than leather to choose from as well.</p>\n\n                <p>You can experiment with other available options such as cotton, polyester and canvas. They all have their own pros and cons. As a result, they will be suitable for different needs and requirements. You should think about them all in order to choose the material which you would like the most.</p>\n\n                <p style=\"text-align:center;\"><img alt=\"f6\" src=\"/storage/main/blog/post-4.jpg\"></p>\n\n                <p><br>\n                 </p>\n\n                <hr>\n                <h4><strong>Number 4: Consider A Wallet As A Long Term Investment</strong></h4>\n\n                <p>Your wallet is indeed an investment that you should consider spending a decent amount of time and effort on it. Another factor that you need to consider is how much you want to spend on your wallet. The price ranges of wallets on the market vary a great deal. You can find a wallet which is as cheap as about 5 to 7 dollars. On the other hand, you should expect to pay around 250 to 300 dollars for a high-quality wallet.</p>\n\n                <p>In case you need a wallet to use for a long time, it is a good idea that you should invest a decent amount of money on a wallet. A high quality wallet from a reputational brand with the premium quality such as cowhide leather will last for a long time. In addition, it is an accessory to show off your fashion sense and your social status.</p>\n\n                <p style=\"text-align:center;\"><img alt=\"f2\" src=\"/storage/main/blog/post-5.jpg\"></p>\n\n                <p> </p>\n                ','published',NULL,'2024-10-31 20:46:35','2024-10-31 20:46:35',NULL,NULL,NULL,NULL,NULL);

--
-- Table structure for table `mp_stores_translations`
--

CREATE TABLE `mp_stores_translations` (
  `lang_code` varchar(191) COLLATE utf8mb4_unicode_ci NOT NULL,
  `mp_stores_id` bigint unsigned NOT NULL,
  `name` varchar(191) COLLATE utf8mb4_unicode_ci DEFAULT NULL,
  `description` varchar(400) COLLATE utf8mb4_unicode_ci DEFAULT NULL,
  `content` longtext COLLATE utf8mb4_unicode_ci,
  `address` varchar(191) COLLATE utf8mb4_unicode_ci DEFAULT NULL,
  `company` varchar(191) COLLATE utf8mb4_unicode_ci DEFAULT NULL,
  `cover_image` varchar(191) COLLATE utf8mb4_unicode_ci DEFAULT NULL,
  PRIMARY KEY (`lang_code`,`mp_stores_id`)
) ENGINE=InnoDB DEFAULT CHARSET=utf8mb4 COLLATE=utf8mb4_unicode_ci;

--
-- Dumping data for table `mp_stores_translations`
--


--
-- Table structure for table `mp_vendor_info`
--

CREATE TABLE `mp_vendor_info` (
  `id` bigint unsigned NOT NULL AUTO_INCREMENT,
  `customer_id` bigint unsigned NOT NULL DEFAULT '0',
  `balance` decimal(15,2) NOT NULL DEFAULT '0.00',
  `total_fee` decimal(15,2) NOT NULL DEFAULT '0.00',
  `total_revenue` decimal(15,2) NOT NULL DEFAULT '0.00',
  `signature` varchar(191) COLLATE utf8mb4_unicode_ci DEFAULT NULL,
  `bank_info` text COLLATE utf8mb4_unicode_ci,
  `created_at` timestamp NULL DEFAULT NULL,
  `updated_at` timestamp NULL DEFAULT NULL,
  `payout_payment_method` varchar(120) COLLATE utf8mb4_unicode_ci DEFAULT 'bank_transfer',
  `tax_info` text COLLATE utf8mb4_unicode_ci,
  PRIMARY KEY (`id`)
) ENGINE=InnoDB AUTO_INCREMENT=8 DEFAULT CHARSET=utf8mb4 COLLATE=utf8mb4_unicode_ci;

--
-- Dumping data for table `mp_vendor_info`
--

INSERT INTO `mp_vendor_info` VALUES (1,2,0.00,0.00,0.00,'$2y$12$o6whdKpI2eLwjQswAvKiRuS14E31F5nJGJhL7LdC5ffB7u3yTtCgS','{\"name\":\"Andreane Gerhold V\",\"number\":\"+15867394364\",\"full_name\":\"Gianni Dicki\",\"description\":\"Lenora Feeney II\"}','2024-10-31 20:46:33','2024-10-31 20:46:33','bank_transfer',NULL),(2,3,0.00,0.00,0.00,'$2y$12$41sDa0n5PWKVhR3A7ru.8uaTGPg3/eJKlKbaZxs5BMUPADRBHJ0ey','{\"name\":\"Ms. Kaitlyn Schinner MD\",\"number\":\"+18287600596\",\"full_name\":\"Prof. Tatum Powlowski MD\",\"description\":\"Prof. Javier Aufderhar\"}','2024-10-31 20:46:34','2024-10-31 20:46:34','bank_transfer',NULL),(3,4,0.00,0.00,0.00,'$2y$12$dfKxhjtMTOSVwXjdN98hLeGQOJB4QjW9g3bl8d0gfVbAy1/8WDjUq','{\"name\":\"Walter Bernhard\",\"number\":\"+12813552279\",\"full_name\":\"Guido Swaniawski DVM\",\"description\":\"Tressa O\'Hara\"}','2024-10-31 20:46:34','2024-10-31 20:46:34','bank_transfer',NULL),(4,5,0.00,0.00,0.00,'$2y$12$iyyXoPWp2qEHqeaMoL1McO1/hXGmZhoswk0Jo5FOLxVGPOQ9XJuWa','{\"name\":\"Maryam Fadel\",\"number\":\"+14402055227\",\"full_name\":\"Liliane Champlin I\",\"description\":\"Mr. Jamey Upton III\"}','2024-10-31 20:46:34','2024-10-31 20:46:34','bank_transfer',NULL),(5,6,0.00,0.00,0.00,'$2y$12$DVBHJb52Xmn6yEkh12SwK.0f5W.hXAwc85g3r7aH2Jz/vi9r9iqSK','{\"name\":\"Aylin Schumm\",\"number\":\"+17376177009\",\"full_name\":\"Dr. Otilia O\'Keefe MD\",\"description\":\"Samanta Langosh\"}','2024-10-31 20:46:35','2024-10-31 20:46:35','bank_transfer',NULL),(6,7,0.00,0.00,0.00,'$2y$12$2K5B04O0s0/FRPuHVTGZlOcd88vStWCyoHJN9IdpKmaU1jNY8dcCW','{\"name\":\"Braeden Bergnaum Sr.\",\"number\":\"+15759336617\",\"full_name\":\"Mr. Gideon Haag DVM\",\"description\":\"Mr. Shawn Little II\"}','2024-10-31 20:46:35','2024-10-31 20:46:35','bank_transfer',NULL),(7,8,0.00,0.00,0.00,'$2y$12$0M51f9XeuUMN0YoAOi2DreM.77rBhiL0I27tpDS6ZVXs1kLJ4SPOu','{\"name\":\"Oswald Labadie\",\"number\":\"+18783982422\",\"full_name\":\"Daniela Witting Sr.\",\"description\":\"Miss Rosanna Ondricka II\"}','2024-10-31 20:46:35','2024-10-31 20:46:35','bank_transfer',NULL);

--
-- Table structure for table `newsletters`
--

CREATE TABLE `newsletters` (
  `id` bigint unsigned NOT NULL AUTO_INCREMENT,
  `email` varchar(120) COLLATE utf8mb4_unicode_ci NOT NULL,
  `name` varchar(120) COLLATE utf8mb4_unicode_ci DEFAULT NULL,
  `status` varchar(60) COLLATE utf8mb4_unicode_ci NOT NULL DEFAULT 'subscribed',
  `created_at` timestamp NULL DEFAULT NULL,
  `updated_at` timestamp NULL DEFAULT NULL,
  PRIMARY KEY (`id`)
) ENGINE=InnoDB DEFAULT CHARSET=utf8mb4 COLLATE=utf8mb4_unicode_ci;

--
-- Dumping data for table `newsletters`
--


--
-- Table structure for table `pages`
--

CREATE TABLE `pages` (
  `id` bigint unsigned NOT NULL AUTO_INCREMENT,
  `name` varchar(120) COLLATE utf8mb4_unicode_ci NOT NULL,
  `content` longtext COLLATE utf8mb4_unicode_ci,
  `user_id` bigint unsigned DEFAULT NULL,
  `image` varchar(191) COLLATE utf8mb4_unicode_ci DEFAULT NULL,
  `template` varchar(60) COLLATE utf8mb4_unicode_ci DEFAULT NULL,
  `description` varchar(400) COLLATE utf8mb4_unicode_ci DEFAULT NULL,
  `status` varchar(60) COLLATE utf8mb4_unicode_ci NOT NULL DEFAULT 'published',
  `created_at` timestamp NULL DEFAULT NULL,
  `updated_at` timestamp NULL DEFAULT NULL,
  PRIMARY KEY (`id`),
  KEY `pages_user_id_index` (`user_id`)
) ENGINE=InnoDB AUTO_INCREMENT=14 DEFAULT CHARSET=utf8mb4 COLLATE=utf8mb4_unicode_ci;

--
-- Dumping data for table `pages`
--

INSERT INTO `pages` VALUES (1,'Home','[simple-slider style=\"1\" key=\"home-slider\" customize_font_family_of_description=\"1\" font_family_of_description=\"Oregano\" shape_1=\"main/sliders/shape-1.png\" shape_2=\"main/sliders/shape-2.png\" shape_3=\"main/sliders/shape-3.png\" shape_4=\"main/sliders/shape-4.png\" is_autoplay=\"yes\" autoplay_speed=\"5000\"][/simple-slider][ecommerce-categories style=\"slider\" category_ids=\"6,10,13,16,30\" enable_lazy_loading=\"no\"][/ecommerce-categories][site-features style=\"1\" quantity=\"4\" title_1=\"Free Delivery\" description_1=\"Orders from all item\" icon_1=\"ti ti-truck-delivery\" title_2=\"Return & Refund\" description_2=\"Money-back guarantee\" icon_2=\"ti ti-currency-dollar\" title_3=\"Member Discount\" description_3=\"Every order over $140.00\" icon_3=\"ti ti-discount-2\" title_4=\"Support 24/7\" description_4=\"Contact us 24 hours a day\" icon_4=\"ti ti-headset\" enable_lazy_loading=\"no\"][/site-features][ecommerce-product-groups title=\"Trending Products\" limit=\"8\" tabs=\"all,featured,on-sale,trending,top-rated\" enable_lazy_loading=\"yes\"][/ecommerce-product-groups][ads style=\"1\" key_1=\"UROL9F9ZZVAA\" key_2=\"B30VDBKO7SBF\" enable_lazy_loading=\"yes\"][/ads][ecommerce-flash-sale style=\"1\" title=\"Deal of The Day\" flash_sale_id=\"1\" limit=\"4\" button_label=\"View All Deals\" button_url=\"/products\" enable_lazy_loading=\"yes\"][/ecommerce-flash-sale][ecommerce-products style=\"grid\" category_ids=\"20\" limit=\"12\" with_sidebar=\"on\" image=\"main/gadgets/gadget-girl.png\" action_label=\"More Products\" ads_ids=\"3,4\" enable_lazy_loading=\"yes\"][/ecommerce-products][ads style=\"4\" key_1=\"B5ZA76ZWMWAE\" key_2=\"F1LTQS976YPY\" key_3=\"IHPZ2WBSYJUK\" enable_lazy_loading=\"yes\"][/ads][ecommerce-products style=\"slider\" title=\"New Arrivals\" by=\"collection\" collection_ids=\"1\" limit=\"12\" enable_lazy_loading=\"yes\"][/ecommerce-products][ecommerce-product-groups style=\"columns\" limit=\"3\" tabs=\"on-sale,trending,top-rated\" enable_lazy_loading=\"yes\"][/ecommerce-product-groups][blog-posts title=\"Latest news & articles\" type=\"latest\" limit=\"3\" button_label=\"View All\" button_url=\"/blog\" enable_lazy_loading=\"yes\"][/blog-posts][gallery style=\"1\" limit=\"5\" enable_lazy_loading=\"yes\"][/gallery]',1,NULL,'full-width',NULL,'published','2024-10-31 20:46:41','2024-10-31 20:46:41'),(2,'Categories','[ads style=\"1\" key_1=\"UROL9F9ZZVAA\" key_2=\"B30VDBKO7SBF\" enable_lazy_loading=\"yes\"][/ads]<p>&nbsp;</p>[ecommerce-categories category_ids=\"11,14,17,18,21,22,23,25,38\" style=\"grid\" enable_lazy_loading=\"yes\"][/ecommerce-categories]<p>&nbsp;</p><p>&nbsp;</p>',1,NULL,'full-width',NULL,'published','2024-10-31 20:46:41','2024-10-31 20:46:41'),(3,'Brands','[ecommerce-brands show_brand_name=\"1\" enable_lazy_loading=\"yes\"][/ecommerce-brands]',1,NULL,NULL,NULL,'published','2024-10-31 20:46:41','2024-10-31 20:46:41'),(4,'Coupons','[ecommerce-coupons coupon_ids=\"1,2,3,4,5,6\" enable_lazy_loading=\"yes\"][/ecommerce-coupons]',1,NULL,'full-width',NULL,'published','2024-10-31 20:46:41','2024-10-31 20:46:41'),(5,'Blog',NULL,1,NULL,'full-width',NULL,'published','2024-10-31 20:46:41','2024-10-31 20:46:41'),(6,'Contact','[contact-form show_contact_form=&quot;1&quot; title=&quot;Sent A Message&quot; quantity=&quot;2&quot; icon_1=&quot;main/contact/icon-1.png&quot; content_1=&quot;contact@shofy.com &lt;br&gt; &lt;strong&gt;+670 413 90 762&lt;/strong&gt;&quot; icon_2=&quot;main/contact/icon-2.png&quot; content_2=&quot;502 New St, Brighton VIC 3186, Australia&quot; show_social_info=&quot;1&quot; social_info_label=&quot;Find on social media&quot; social_info_icon=&quot;main/contact/icon-3.png&quot;][/contact-form][google-map]502 New Street, Brighton VIC, Australia[/google-map]',1,NULL,'full-width',NULL,'published','2024-10-31 20:46:41','2024-10-31 20:46:41'),(7,'FAQs','[faqs style=\"group\" title=\"Frequently Ask Questions\" description=\"Below are frequently asked questions, you may find the answer for yourself.\" category_ids=\"1,2,3\" expand_first_time=\"1\"][/faqs]',1,NULL,NULL,NULL,'published','2024-10-31 20:46:41','2024-10-31 20:46:41'),(8,'Cookie Policy','<h3>EU Cookie Consent</h3><p>To use this website we are using Cookies and collecting some Data. To be compliant with the EU GDPR we give you to choose if you allow us to use certain Cookies and to collect some Data.</p><h4>Essential Data</h4><p>The Essential Data is needed to run the Site you are visiting technically. You can not deactivate them.</p><p>- Session Cookie: PHP uses a Cookie to identify user sessions. Without this Cookie the Website is not working.</p><p>- XSRF-Token Cookie: Laravel automatically generates a CSRF \"token\" for each active user session managed by the application. This token is used to verify that the authenticated user is the one actually making the requests to the application.</p>',1,NULL,NULL,NULL,'published','2024-10-31 20:46:41','2024-10-31 20:46:41'),(9,'Our Story','<h4>A passion for handcrafted coffee, brewed with love and community.</h4>\n\n<p>\n    We are a small, family-owned coffee roaster dedicated to bringing the finest, ethically sourced beans to your cup. Our story began in a cozy kitchen, fueled by a shared passion for the rich aroma and invigorating taste of freshly brewed coffee. We dreamt of creating a space where people could connect over a warm cup, share stories, and experience the joy of handcrafted coffee.\n</p>\n\n<h4>From Humble Beginnings to Roasting Success:</h4>\n\n<p>\n    Our journey started with a small coffee roaster nestled in our garage. We spent countless hours experimenting with different roasting profiles, meticulously cupping each batch to achieve the perfect balance of flavor and aroma. Driven by a desire to make a difference, we built relationships with sustainable coffee farms around the world, ensuring fair trade practices and the highest quality beans.\n</p>\n\n<h4>Milestones and More to Come:</h4>\n\n<p>\n    Our dedication to quality and community resonated with coffee lovers, and our small business quickly grew. We opened our first cafe, a warm and inviting space where people could gather, savor our freshly roasted coffee, and connect with friends and neighbors. We\'ve continued to expand, now offering a variety of handcrafted coffee beverages, alongside delicious pastries and light bites.\n</p>\n\n<h4>Values at Our Core:</h4>\n\n<p>\n    At the heart of everything we do lies our commitment to ethical sourcing, sustainable practices, and building meaningful connections. We believe in supporting the communities that cultivate our coffee beans, ensuring fair wages and responsible farming methods. Every cup you enjoy contributes to a positive impact, one sip at a time.\n</p>\n\n<h4>Join us on our journey!</h4>\n\n<p>\n    We invite you to explore our world of coffee, from the rich diversity of our bean origins to the unique flavors crafted through meticulous roasting. Visit our cafe, discover your perfect cup, and become part of our ever-growing coffee community. Let\'s connect over a cup, share stories, and celebrate the simple joy of a well-brewed coffee.\n</p>\n',1,NULL,NULL,NULL,'published','2024-10-31 20:46:41','2024-10-31 20:46:41'),(10,'Careers','<h3>Careers: Be Part of Our Brewing Legacy</h3>\n\n<p>\n    At Shofy, we\'re not just brewing coffee, we\'re brewing a legacy. Since our humble beginnings in 2024, we\'ve grown from a small, family-owned roaster to a thriving coffee haven. But our passion for quality, community, and sustainability remains at the core of everything we do.\n</p>\n\n<h4>Why Join Our Team?</h4>\n\n<ul>\n    <li>\n        <p><strong>Become a Coffee Connoisseur</strong>: Immerse yourself in the world of coffee, learning from experienced roasters and baristas about bean origins, roasting techniques, and crafting the perfect cup.</p>\n    </li>\n    <li>\n        <p><strong>Fuel Your Passion</strong>: Contribute to our mission by sourcing ethically, promoting sustainable practices, and fostering positive relationships with coffee-growing communities around the globe.</p>\n    </li>\n    <li>\n        <p><strong>Grow with Us</strong>: We offer comprehensive training programs and opportunities for professional development, helping you refine your skills and advance your career in the coffee industry.</p>\n    </li>\n    <li>\n        <p><strong>Be Part of the Family</strong>: We cultivate a collaborative and supportive work environment where your unique talents and perspectives are valued.</p>\n    </li>\n</ul>\n\n<h4>Current Openings:</h4>\n\n<ul>\n    <li>\n        <p><strong>Coffee Roaster</strong>: Play a vital role in our roasting process, meticulously crafting unique flavor profiles and ensuring the highest quality beans reach our customers.</p>\n    </li>\n    <li>\n        <p><strong>Barista</strong>: Become a coffee ambassador, welcoming guests with a smile, crafting their perfect cup, and sharing your knowledge and passion for coffee.</p>\n    </li>\n    <li>\n        <p><strong>Cafe Manager</strong>: Lead your team in creating a warm and inviting atmosphere, overseeing daily operations, and ensuring exceptional customer service.</p>\n    </li>\n</ul>\n\n<h4>We are always looking for passionate individuals who share our values:</h4>\n\n<ul>\n    <li>\n        <p>A genuine love for coffee and a desire to learn everything there is to know about it.</p>\n    </li>\n    <li>\n        <p>A commitment to ethical sourcing, sustainability, and social responsibility.</p>\n    </li>\n    <li>\n        <p>Excellent communication and interpersonal skills to build rapport with colleagues and customers.</p>\n    </li>\n    <li>\n        <p>A positive attitude, a willingness to learn, and a collaborative spirit.</p>\n    </li>\n</ul>\n\n<p>Ready to join our brewing legacy?</p>\n\n<p>\n    Submit your resume and cover letter, telling us why you\'re a perfect fit for our team. We look forward to meeting passionate individuals who are ready to brew the future with us, one cup at a time.\n</p>\n',1,NULL,NULL,NULL,'published','2024-10-31 20:46:41','2024-10-31 20:46:41'),(11,'Shipping','<section>\n    <h2>Shipping Methods</h2>\n    <p>We offer several shipping methods to choose from:</p>\n    <ul>\n        <li>Standard Shipping - 3 to 5 business days</li>\n        <li>Express Shipping - 1 to 2 business days</li>\n        <li>International Shipping - 7 to 14 business days</li>\n    </ul>\n    <p>Please note that shipping times may vary depending on your location and other factors.</p>\n</section>\n\n<section>\n    <h2>Shipping Costs</h2>\n    <p>Shipping costs are calculated based on the weight of your order and the shipping method selected during checkout.</p>\n    <p>You can view the estimated shipping costs in your shopping cart before completing your purchase.</p>\n</section>\n\n<section>\n    <h2>Tracking Your Order</h2>\n    <p>Once your order has been shipped, you will receive a confirmation email with a tracking number.</p>\n    <p>You can use this tracking number to monitor the status of your delivery on our website or through the shipping carrier\'s website.</p>\n</section>\n\n<section>\n    <h2>Shipping Restrictions</h2>\n    <p>Some items may be subject to shipping restrictions due to size, weight, or destination.</p>\n    <p>If your order contains any restricted items, we will notify you during the checkout process.</p>\n</section>\n',1,NULL,NULL,NULL,'published','2024-10-31 20:46:41','2024-10-31 20:46:41'),(12,'Coming Soon','[coming-soon title=\"Get Notified When We Launch\" countdown_time=\"2025-05-20\" address=\" 58 Street Commercial Road Fratton, Australia\" hotline=\"+123456789\" business_hours=\"Mon – Sat: 8 am – 5 pm, Sunday: CLOSED\" show_social_links=\"0,1\" image=\"main/general/contact-img.jpg\"][/coming-soon]',1,NULL,'without-layout',NULL,'published','2024-10-31 20:46:41','2024-10-31 20:46:41'),(13,'Return Policy','<h1>Return Policy</h1>\n<p>Thank you for shopping at [Your Company Name]. We are committed to ensuring that you are completely satisfied with\n    your purchase. If for any reason you are not entirely happy with your purchase, we\'re here to help.</p>\n\n<h2>Returns</h2>\n<p>You have [X] calendar days to return an item from the date you received it.</p>\n<p>To be eligible for a return, your item must be unused and in the same condition that you received it. Your item must\n    be in the original packaging.</p>\n<p>Your item needs to have the receipt or proof of purchase.</p>\n\n<h2>Refunds</h2>\n<p>Once we receive your item, we will inspect it and notify you that we have received your returned item. We will\n    immediately notify you on the status of your refund after inspecting the item.</p>\n<p>If your return is approved, we will initiate a refund to your credit card (or original method of payment). You will\n    receive the credit within a certain amount of days, depending on your card issuer\'s policies.</p>\n\n<h2>Shipping</h2>\n<p>You will be responsible for paying for your own shipping costs for returning your item. Shipping costs are\n    non-refundable. If you receive a refund, the cost of return shipping will be deducted from your refund.</p>\n\n<h2>Contact Us</h2>\n<p>If you have any questions on how to return your item to us, contact us at:</p>\n<ul>\n    <li>Email: [Your Email Address]</li>\n    <li>Phone: [Your Phone Number]</li>\n    <li>Address: [Your Physical Address]</li>\n</ul>\n',1,NULL,NULL,NULL,'published','2024-10-31 20:46:41','2024-10-31 20:46:41');

--
-- Table structure for table `pages_translations`
--

CREATE TABLE `pages_translations` (
  `lang_code` varchar(20) COLLATE utf8mb4_unicode_ci NOT NULL,
  `pages_id` bigint unsigned NOT NULL,
  `name` varchar(191) COLLATE utf8mb4_unicode_ci DEFAULT NULL,
  `description` varchar(400) COLLATE utf8mb4_unicode_ci DEFAULT NULL,
  `content` longtext COLLATE utf8mb4_unicode_ci,
  PRIMARY KEY (`lang_code`,`pages_id`)
) ENGINE=InnoDB DEFAULT CHARSET=utf8mb4 COLLATE=utf8mb4_unicode_ci;

--
-- Dumping data for table `pages_translations`
--


--
-- Table structure for table `password_reset_tokens`
--

CREATE TABLE `password_reset_tokens` (
  `email` varchar(191) COLLATE utf8mb4_unicode_ci NOT NULL,
  `token` varchar(191) COLLATE utf8mb4_unicode_ci NOT NULL,
  `created_at` timestamp NULL DEFAULT NULL,
  PRIMARY KEY (`email`)
) ENGINE=InnoDB DEFAULT CHARSET=utf8mb4 COLLATE=utf8mb4_unicode_ci;

--
-- Dumping data for table `password_reset_tokens`
--


--
-- Table structure for table `payment_logs`
--

CREATE TABLE `payment_logs` (
  `id` bigint unsigned NOT NULL AUTO_INCREMENT,
  `payment_method` varchar(191) COLLATE utf8mb4_unicode_ci NOT NULL,
  `request` longtext COLLATE utf8mb4_unicode_ci,
  `response` longtext COLLATE utf8mb4_unicode_ci,
  `ip_address` varchar(45) COLLATE utf8mb4_unicode_ci NOT NULL,
  `created_at` timestamp NULL DEFAULT NULL,
  `updated_at` timestamp NULL DEFAULT NULL,
  PRIMARY KEY (`id`)
) ENGINE=InnoDB DEFAULT CHARSET=utf8mb4 COLLATE=utf8mb4_unicode_ci;

--
-- Dumping data for table `payment_logs`
--


--
-- Table structure for table `payments`
--

CREATE TABLE `payments` (
  `id` bigint unsigned NOT NULL AUTO_INCREMENT,
  `currency` varchar(120) COLLATE utf8mb4_unicode_ci DEFAULT NULL,
  `user_id` bigint unsigned NOT NULL DEFAULT '0',
  `charge_id` varchar(191) COLLATE utf8mb4_unicode_ci DEFAULT NULL,
  `payment_channel` varchar(60) COLLATE utf8mb4_unicode_ci DEFAULT NULL,
  `description` varchar(400) COLLATE utf8mb4_unicode_ci DEFAULT NULL,
  `amount` decimal(15,2) unsigned NOT NULL,
  `order_id` bigint unsigned DEFAULT NULL,
  `status` varchar(60) COLLATE utf8mb4_unicode_ci DEFAULT 'pending',
  `payment_type` varchar(191) COLLATE utf8mb4_unicode_ci DEFAULT 'confirm',
  `customer_id` bigint unsigned DEFAULT NULL,
  `refunded_amount` decimal(15,2) unsigned DEFAULT NULL,
  `refund_note` varchar(191) COLLATE utf8mb4_unicode_ci DEFAULT NULL,
  `created_at` timestamp NULL DEFAULT NULL,
  `updated_at` timestamp NULL DEFAULT NULL,
  `customer_type` varchar(191) COLLATE utf8mb4_unicode_ci DEFAULT NULL,
  `metadata` mediumtext COLLATE utf8mb4_unicode_ci,
  PRIMARY KEY (`id`)
) ENGINE=InnoDB DEFAULT CHARSET=utf8mb4 COLLATE=utf8mb4_unicode_ci;

--
-- Dumping data for table `payments`
--


--
-- Table structure for table `personal_access_tokens`
--

CREATE TABLE `personal_access_tokens` (
  `id` bigint unsigned NOT NULL AUTO_INCREMENT,
  `tokenable_type` varchar(191) COLLATE utf8mb4_unicode_ci NOT NULL,
  `tokenable_id` bigint unsigned NOT NULL,
  `name` varchar(191) COLLATE utf8mb4_unicode_ci NOT NULL,
  `token` varchar(64) COLLATE utf8mb4_unicode_ci NOT NULL,
  `abilities` text COLLATE utf8mb4_unicode_ci,
  `last_used_at` timestamp NULL DEFAULT NULL,
  `expires_at` timestamp NULL DEFAULT NULL,
  `created_at` timestamp NULL DEFAULT NULL,
  `updated_at` timestamp NULL DEFAULT NULL,
  PRIMARY KEY (`id`),
  UNIQUE KEY `personal_access_tokens_token_unique` (`token`),
  KEY `personal_access_tokens_tokenable_type_tokenable_id_index` (`tokenable_type`,`tokenable_id`)
) ENGINE=InnoDB DEFAULT CHARSET=utf8mb4 COLLATE=utf8mb4_unicode_ci;

--
-- Dumping data for table `personal_access_tokens`
--


--
-- Table structure for table `post_categories`
--

CREATE TABLE `post_categories` (
  `category_id` bigint unsigned NOT NULL,
  `post_id` bigint unsigned NOT NULL,
  KEY `post_categories_category_id_index` (`category_id`),
  KEY `post_categories_post_id_index` (`post_id`)
) ENGINE=InnoDB DEFAULT CHARSET=utf8mb4 COLLATE=utf8mb4_unicode_ci;

--
-- Dumping data for table `post_categories`
--

INSERT INTO `post_categories` VALUES (5,1),(2,2),(6,2),(3,3),(2,3),(2,4),(5,4),(2,5),(5,6),(2,6),(3,7),(6,7),(6,8),(5,8),(3,9),(6,9),(4,10),(3,10),(6,11),(5,11),(1,12),(3,12),(4,13),(3,13),(2,14),(5,14),(4,15),(4,16),(5,16),(6,17),(3,17),(2,18);

--
-- Table structure for table `post_tags`
--

CREATE TABLE `post_tags` (
  `tag_id` bigint unsigned NOT NULL,
  `post_id` bigint unsigned NOT NULL,
  KEY `post_tags_tag_id_index` (`tag_id`),
  KEY `post_tags_post_id_index` (`post_id`)
) ENGINE=InnoDB DEFAULT CHARSET=utf8mb4 COLLATE=utf8mb4_unicode_ci;

--
-- Dumping data for table `post_tags`
--

INSERT INTO `post_tags` VALUES (2,1),(7,1),(1,1),(3,2),(2,2),(8,2),(1,3),(7,4),(5,4),(6,4),(4,5),(3,5),(3,6),(4,6),(7,6),(8,7),(3,7),(6,7),(5,8),(2,8),(7,8),(3,9),(4,9),(5,9),(4,10),(3,10),(2,10),(8,11),(1,11),(6,11),(7,12),(6,12),(3,12),(6,13),(8,13),(6,14),(1,14),(7,14),(7,15),(6,15),(8,15),(3,16),(8,16),(5,16),(7,17),(8,17),(3,18),(6,18),(7,18);

--
-- Table structure for table `posts`
--

CREATE TABLE `posts` (
  `id` bigint unsigned NOT NULL AUTO_INCREMENT,
  `name` varchar(191) COLLATE utf8mb4_unicode_ci NOT NULL,
  `description` varchar(400) COLLATE utf8mb4_unicode_ci DEFAULT NULL,
  `content` longtext COLLATE utf8mb4_unicode_ci,
  `status` varchar(60) COLLATE utf8mb4_unicode_ci NOT NULL DEFAULT 'published',
  `author_id` bigint unsigned DEFAULT NULL,
  `author_type` varchar(191) COLLATE utf8mb4_unicode_ci NOT NULL DEFAULT 'Botble\\ACL\\Models\\User',
  `is_featured` tinyint unsigned NOT NULL DEFAULT '0',
  `image` varchar(191) COLLATE utf8mb4_unicode_ci DEFAULT NULL,
  `views` int unsigned NOT NULL DEFAULT '0',
  `format_type` varchar(30) COLLATE utf8mb4_unicode_ci DEFAULT NULL,
  `created_at` timestamp NULL DEFAULT NULL,
  `updated_at` timestamp NULL DEFAULT NULL,
  PRIMARY KEY (`id`),
  KEY `posts_status_index` (`status`),
  KEY `posts_author_id_index` (`author_id`),
  KEY `posts_author_type_index` (`author_type`),
  KEY `posts_created_at_index` (`created_at`)
) ENGINE=InnoDB AUTO_INCREMENT=19 DEFAULT CHARSET=utf8mb4 COLLATE=utf8mb4_unicode_ci;

--
-- Dumping data for table `posts`
--

INSERT INTO `posts` VALUES (1,'4 Expert Tips On How To Choose The Right Men’s Wallet','Lory. Alice replied in an offended tone, and everybody laughed, \'Let the jury wrote it down into a graceful zigzag, and was gone across to the Knave \'Turn them over!\' The Knave did so, very.','<p class=\"tp-dropcap\">sales process is critically important to the success of your reps and your business. If you\'ve never seen a really skilled salesperson work, it seems almost effortless. They ask great questions, craftt perfect proposal, answer questions, address concerns and seamlessly seal the Underneath the surface of all of that, the salesperson has probably dedicated hours honing their craft and ensuring the process moves smoothly.</p>\n\n<p>One of the challenges that often surfaces when  working with a remote sales team is a lack of transparency over what is happening, and where in the process things are taking place. We’re going to peel back the curtain and show you how to create the best sales.</p>\n\n<h4 class=\"tp-postbox-details-heading\">Breaking Up With Fast Fashion Has Been Easier</h4>\n<p>Lommodo ligula eget dolor. Aenean massa. Cum sociis que penatibus magnis dis parturient montes lorem, nascetur ridiculus mus. Donec quam felis, ultricies nec, pellentesque euro, pretium, sem. Nulla onsequat massa quis enim. donec pede justo fringilla vel aliquet.</p>\n\n<div class=\"tp-postbox-details-desc-thumb text-center\">\n   <img src=\"/storage/main/blog/blog-details-sm-1.jpg\" alt=\"\">\n   <span class=\"tp-postbox-details-desc-thumb-caption\">Gucci’s Women’s Cruise Collection 2023 Lookbook Has Arrived</span>\n</div>\n<p>“We’re so glad we’ll be working with you to get your new marketing strategy up and running. I\'ve attached the details of your package. Next you’ll get an email from Jen to schedule your kick-off meeting and be assigned your account rep. During your kick-off meeting, we will introduce your project team, let you know what access we need to start.” </p>\n\n<div class=\"tp-postbox-details-quote\">\n   <blockquote>\n      <div class=\"tp-postbox-details-quote-shape\">\n         <img class=\"tp-postbox-details-quote-shape-1\" src=\"/storage/main/shapes/line.png\" alt=\"\">\n         <img class=\"tp-postbox-details-quote-shape-2\" src=\"/storage/main/shapes/quote.png\" alt=\"\">\n      </div>\n      <p>There is a way out of every box, a solution to every puzzle its just a matter of finding it.</p>\n      <span style=\"color: #fff\">Shahnewaz Sakil</span>\n   </blockquote>\n</div>\n\n<h4 class=\"tp-postbox-details-heading\">Exploring the English Countryside</h4>\n<p>Lorem ligula eget dolor. Aenean massa. Cum sociis que penatibus et magnis dis parturient montes lorem,nascetur ridiculus mus. Donec quam felis, ultricies nec, pellentesque euro, pretium quis, sem. Nulla onsequat massa quis enim.</p>\n\n<div class=\"tp-postbox-details-list\">\n   <ul>\n      <li>Lorem ipsum dolor sit amet.</li>\n      <li>At vero eos et accusamus et iusto odio.</li>\n      <li>Excepteur sint occaecat cupidatat non proident.</li>\n   </ul>\n</div>\n<p>Rhoncus ut, imperdiet a, venenatis vitae, justo. Nullam dictum felis eu pede mollis pretium. Integer cidunt. Cras dapibus. Vivamus elementum semper nisi. Aenean vulputate eleifend tellus. Aenean leo ligula, porttitor eu, consequat vitae lorem.</p>\n','published',1,'Botble\\ACL\\Models\\User',1,'main/blog/post-3.jpg',870,NULL,'2024-10-31 20:46:32','2024-10-31 20:46:32'),(2,'Sexy Clutches: How to Buy &amp; Wear a Designer Clutch Bag','How puzzling all these strange Adventures of hers that you couldn\'t cut off a bit hurt, and she swam lazily about in the sand with wooden spades, then a voice outside, and stopped to listen. \'Mary.','<p class=\"tp-dropcap\">sales process is critically important to the success of your reps and your business. If you\'ve never seen a really skilled salesperson work, it seems almost effortless. They ask great questions, craftt perfect proposal, answer questions, address concerns and seamlessly seal the Underneath the surface of all of that, the salesperson has probably dedicated hours honing their craft and ensuring the process moves smoothly.</p>\n\n<p>One of the challenges that often surfaces when  working with a remote sales team is a lack of transparency over what is happening, and where in the process things are taking place. We’re going to peel back the curtain and show you how to create the best sales.</p>\n\n<h4 class=\"tp-postbox-details-heading\">Breaking Up With Fast Fashion Has Been Easier</h4>\n<p>Lommodo ligula eget dolor. Aenean massa. Cum sociis que penatibus magnis dis parturient montes lorem, nascetur ridiculus mus. Donec quam felis, ultricies nec, pellentesque euro, pretium, sem. Nulla onsequat massa quis enim. donec pede justo fringilla vel aliquet.</p>\n\n<div class=\"tp-postbox-details-desc-thumb text-center\">\n   <img src=\"/storage/main/blog/blog-details-sm-1.jpg\" alt=\"\">\n   <span class=\"tp-postbox-details-desc-thumb-caption\">Gucci’s Women’s Cruise Collection 2023 Lookbook Has Arrived</span>\n</div>\n<p>“We’re so glad we’ll be working with you to get your new marketing strategy up and running. I\'ve attached the details of your package. Next you’ll get an email from Jen to schedule your kick-off meeting and be assigned your account rep. During your kick-off meeting, we will introduce your project team, let you know what access we need to start.” </p>\n\n<div class=\"tp-postbox-details-quote\">\n   <blockquote>\n      <div class=\"tp-postbox-details-quote-shape\">\n         <img class=\"tp-postbox-details-quote-shape-1\" src=\"/storage/main/shapes/line.png\" alt=\"\">\n         <img class=\"tp-postbox-details-quote-shape-2\" src=\"/storage/main/shapes/quote.png\" alt=\"\">\n      </div>\n      <p>There is a way out of every box, a solution to every puzzle its just a matter of finding it.</p>\n      <span style=\"color: #fff\">Shahnewaz Sakil</span>\n   </blockquote>\n</div>\n\n<h4 class=\"tp-postbox-details-heading\">Exploring the English Countryside</h4>\n<p>Lorem ligula eget dolor. Aenean massa. Cum sociis que penatibus et magnis dis parturient montes lorem,nascetur ridiculus mus. Donec quam felis, ultricies nec, pellentesque euro, pretium quis, sem. Nulla onsequat massa quis enim.</p>\n\n<div class=\"tp-postbox-details-list\">\n   <ul>\n      <li>Lorem ipsum dolor sit amet.</li>\n      <li>At vero eos et accusamus et iusto odio.</li>\n      <li>Excepteur sint occaecat cupidatat non proident.</li>\n   </ul>\n</div>\n<p>Rhoncus ut, imperdiet a, venenatis vitae, justo. Nullam dictum felis eu pede mollis pretium. Integer cidunt. Cras dapibus. Vivamus elementum semper nisi. Aenean vulputate eleifend tellus. Aenean leo ligula, porttitor eu, consequat vitae lorem.</p>\n','published',1,'Botble\\ACL\\Models\\User',0,'main/blog/post-10.jpg',2306,NULL,'2024-10-31 20:46:32','2024-10-31 20:46:32'),(3,'The Top 2020 Handbag Trends to Know','NEVER come to an end! \'I wonder what CAN have happened to me! When I used to queer things happening. While she was now the right distance--but then I wonder what Latitude was, or Longitude either.','<p class=\"tp-dropcap\">sales process is critically important to the success of your reps and your business. If you\'ve never seen a really skilled salesperson work, it seems almost effortless. They ask great questions, craftt perfect proposal, answer questions, address concerns and seamlessly seal the Underneath the surface of all of that, the salesperson has probably dedicated hours honing their craft and ensuring the process moves smoothly.</p>\n\n<p>One of the challenges that often surfaces when  working with a remote sales team is a lack of transparency over what is happening, and where in the process things are taking place. We’re going to peel back the curtain and show you how to create the best sales.</p>\n\n<h4 class=\"tp-postbox-details-heading\">Breaking Up With Fast Fashion Has Been Easier</h4>\n<p>Lommodo ligula eget dolor. Aenean massa. Cum sociis que penatibus magnis dis parturient montes lorem, nascetur ridiculus mus. Donec quam felis, ultricies nec, pellentesque euro, pretium, sem. Nulla onsequat massa quis enim. donec pede justo fringilla vel aliquet.</p>\n\n<div class=\"tp-postbox-details-desc-thumb text-center\">\n   <img src=\"/storage/main/blog/blog-details-sm-1.jpg\" alt=\"\">\n   <span class=\"tp-postbox-details-desc-thumb-caption\">Gucci’s Women’s Cruise Collection 2023 Lookbook Has Arrived</span>\n</div>\n<p>“We’re so glad we’ll be working with you to get your new marketing strategy up and running. I\'ve attached the details of your package. Next you’ll get an email from Jen to schedule your kick-off meeting and be assigned your account rep. During your kick-off meeting, we will introduce your project team, let you know what access we need to start.” </p>\n\n<div class=\"tp-postbox-details-quote\">\n   <blockquote>\n      <div class=\"tp-postbox-details-quote-shape\">\n         <img class=\"tp-postbox-details-quote-shape-1\" src=\"/storage/main/shapes/line.png\" alt=\"\">\n         <img class=\"tp-postbox-details-quote-shape-2\" src=\"/storage/main/shapes/quote.png\" alt=\"\">\n      </div>\n      <p>There is a way out of every box, a solution to every puzzle its just a matter of finding it.</p>\n      <span style=\"color: #fff\">Shahnewaz Sakil</span>\n   </blockquote>\n</div>\n\n<h4 class=\"tp-postbox-details-heading\">Exploring the English Countryside</h4>\n<p>Lorem ligula eget dolor. Aenean massa. Cum sociis que penatibus et magnis dis parturient montes lorem,nascetur ridiculus mus. Donec quam felis, ultricies nec, pellentesque euro, pretium quis, sem. Nulla onsequat massa quis enim.</p>\n\n<div class=\"tp-postbox-details-list\">\n   <ul>\n      <li>Lorem ipsum dolor sit amet.</li>\n      <li>At vero eos et accusamus et iusto odio.</li>\n      <li>Excepteur sint occaecat cupidatat non proident.</li>\n   </ul>\n</div>\n<p>Rhoncus ut, imperdiet a, venenatis vitae, justo. Nullam dictum felis eu pede mollis pretium. Integer cidunt. Cras dapibus. Vivamus elementum semper nisi. Aenean vulputate eleifend tellus. Aenean leo ligula, porttitor eu, consequat vitae lorem.</p>\n','published',1,'Botble\\ACL\\Models\\User',0,'main/blog/post-9.jpg',2046,NULL,'2024-10-31 20:46:32','2024-10-31 20:46:32'),(4,'How to Match the Color of Your Handbag With an Outfit','Dinah my dear! Let this be a queer thing, to be no sort of idea that they had any dispute with the Queen said to herself that perhaps it was quite out of sight: \'but it seems to grin, How neatly.','<p class=\"tp-dropcap\">sales process is critically important to the success of your reps and your business. If you\'ve never seen a really skilled salesperson work, it seems almost effortless. They ask great questions, craftt perfect proposal, answer questions, address concerns and seamlessly seal the Underneath the surface of all of that, the salesperson has probably dedicated hours honing their craft and ensuring the process moves smoothly.</p>\n\n<p>One of the challenges that often surfaces when  working with a remote sales team is a lack of transparency over what is happening, and where in the process things are taking place. We’re going to peel back the curtain and show you how to create the best sales.</p>\n\n<h4 class=\"tp-postbox-details-heading\">Breaking Up With Fast Fashion Has Been Easier</h4>\n<p>Lommodo ligula eget dolor. Aenean massa. Cum sociis que penatibus magnis dis parturient montes lorem, nascetur ridiculus mus. Donec quam felis, ultricies nec, pellentesque euro, pretium, sem. Nulla onsequat massa quis enim. donec pede justo fringilla vel aliquet.</p>\n\n<div class=\"tp-postbox-details-desc-thumb text-center\">\n   <img src=\"/storage/main/blog/blog-details-sm-1.jpg\" alt=\"\">\n   <span class=\"tp-postbox-details-desc-thumb-caption\">Gucci’s Women’s Cruise Collection 2023 Lookbook Has Arrived</span>\n</div>\n<p>“We’re so glad we’ll be working with you to get your new marketing strategy up and running. I\'ve attached the details of your package. Next you’ll get an email from Jen to schedule your kick-off meeting and be assigned your account rep. During your kick-off meeting, we will introduce your project team, let you know what access we need to start.” </p>\n\n<div class=\"tp-postbox-details-quote\">\n   <blockquote>\n      <div class=\"tp-postbox-details-quote-shape\">\n         <img class=\"tp-postbox-details-quote-shape-1\" src=\"/storage/main/shapes/line.png\" alt=\"\">\n         <img class=\"tp-postbox-details-quote-shape-2\" src=\"/storage/main/shapes/quote.png\" alt=\"\">\n      </div>\n      <p>There is a way out of every box, a solution to every puzzle its just a matter of finding it.</p>\n      <span style=\"color: #fff\">Shahnewaz Sakil</span>\n   </blockquote>\n</div>\n\n<h4 class=\"tp-postbox-details-heading\">Exploring the English Countryside</h4>\n<p>Lorem ligula eget dolor. Aenean massa. Cum sociis que penatibus et magnis dis parturient montes lorem,nascetur ridiculus mus. Donec quam felis, ultricies nec, pellentesque euro, pretium quis, sem. Nulla onsequat massa quis enim.</p>\n\n<div class=\"tp-postbox-details-list\">\n   <ul>\n      <li>Lorem ipsum dolor sit amet.</li>\n      <li>At vero eos et accusamus et iusto odio.</li>\n      <li>Excepteur sint occaecat cupidatat non proident.</li>\n   </ul>\n</div>\n<p>Rhoncus ut, imperdiet a, venenatis vitae, justo. Nullam dictum felis eu pede mollis pretium. Integer cidunt. Cras dapibus. Vivamus elementum semper nisi. Aenean vulputate eleifend tellus. Aenean leo ligula, porttitor eu, consequat vitae lorem.</p>\n','published',1,'Botble\\ACL\\Models\\User',1,'main/blog/post-3.jpg',1661,NULL,'2024-10-31 20:46:32','2024-10-31 20:46:32'),(5,'How to Care for Leather Bags','There could be beheaded, and that if you please! \"William the Conqueror, whose cause was favoured by the officers of the ground.\' So she set to work very carefully, with one eye; but to get through.','<p class=\"tp-dropcap\">sales process is critically important to the success of your reps and your business. If you\'ve never seen a really skilled salesperson work, it seems almost effortless. They ask great questions, craftt perfect proposal, answer questions, address concerns and seamlessly seal the Underneath the surface of all of that, the salesperson has probably dedicated hours honing their craft and ensuring the process moves smoothly.</p>\n\n<p>One of the challenges that often surfaces when  working with a remote sales team is a lack of transparency over what is happening, and where in the process things are taking place. We’re going to peel back the curtain and show you how to create the best sales.</p>\n\n<h4 class=\"tp-postbox-details-heading\">Breaking Up With Fast Fashion Has Been Easier</h4>\n<p>Lommodo ligula eget dolor. Aenean massa. Cum sociis que penatibus magnis dis parturient montes lorem, nascetur ridiculus mus. Donec quam felis, ultricies nec, pellentesque euro, pretium, sem. Nulla onsequat massa quis enim. donec pede justo fringilla vel aliquet.</p>\n\n<div class=\"tp-postbox-details-desc-thumb text-center\">\n   <img src=\"/storage/main/blog/blog-details-sm-1.jpg\" alt=\"\">\n   <span class=\"tp-postbox-details-desc-thumb-caption\">Gucci’s Women’s Cruise Collection 2023 Lookbook Has Arrived</span>\n</div>\n<p>“We’re so glad we’ll be working with you to get your new marketing strategy up and running. I\'ve attached the details of your package. Next you’ll get an email from Jen to schedule your kick-off meeting and be assigned your account rep. During your kick-off meeting, we will introduce your project team, let you know what access we need to start.” </p>\n\n<div class=\"tp-postbox-details-quote\">\n   <blockquote>\n      <div class=\"tp-postbox-details-quote-shape\">\n         <img class=\"tp-postbox-details-quote-shape-1\" src=\"/storage/main/shapes/line.png\" alt=\"\">\n         <img class=\"tp-postbox-details-quote-shape-2\" src=\"/storage/main/shapes/quote.png\" alt=\"\">\n      </div>\n      <p>There is a way out of every box, a solution to every puzzle its just a matter of finding it.</p>\n      <span style=\"color: #fff\">Shahnewaz Sakil</span>\n   </blockquote>\n</div>\n\n<h4 class=\"tp-postbox-details-heading\">Exploring the English Countryside</h4>\n<p>Lorem ligula eget dolor. Aenean massa. Cum sociis que penatibus et magnis dis parturient montes lorem,nascetur ridiculus mus. Donec quam felis, ultricies nec, pellentesque euro, pretium quis, sem. Nulla onsequat massa quis enim.</p>\n\n<div class=\"tp-postbox-details-list\">\n   <ul>\n      <li>Lorem ipsum dolor sit amet.</li>\n      <li>At vero eos et accusamus et iusto odio.</li>\n      <li>Excepteur sint occaecat cupidatat non proident.</li>\n   </ul>\n</div>\n<p>Rhoncus ut, imperdiet a, venenatis vitae, justo. Nullam dictum felis eu pede mollis pretium. Integer cidunt. Cras dapibus. Vivamus elementum semper nisi. Aenean vulputate eleifend tellus. Aenean leo ligula, porttitor eu, consequat vitae lorem.</p>\n','published',1,'Botble\\ACL\\Models\\User',0,'main/blog/post-12.jpg',365,NULL,'2024-10-31 20:46:32','2024-10-31 20:46:32'),(6,'We\'re Crushing Hard on Summer\'s 10 Biggest Bag Trends','I was going on, as she ran; but the Hatter began, in a minute or two to think about it, you know--\' (pointing with his tea spoon at the jury-box, or they would call after her: the last words out.','<p class=\"tp-dropcap\">sales process is critically important to the success of your reps and your business. If you\'ve never seen a really skilled salesperson work, it seems almost effortless. They ask great questions, craftt perfect proposal, answer questions, address concerns and seamlessly seal the Underneath the surface of all of that, the salesperson has probably dedicated hours honing their craft and ensuring the process moves smoothly.</p>\n\n<p>One of the challenges that often surfaces when  working with a remote sales team is a lack of transparency over what is happening, and where in the process things are taking place. We’re going to peel back the curtain and show you how to create the best sales.</p>\n\n<h4 class=\"tp-postbox-details-heading\">Breaking Up With Fast Fashion Has Been Easier</h4>\n<p>Lommodo ligula eget dolor. Aenean massa. Cum sociis que penatibus magnis dis parturient montes lorem, nascetur ridiculus mus. Donec quam felis, ultricies nec, pellentesque euro, pretium, sem. Nulla onsequat massa quis enim. donec pede justo fringilla vel aliquet.</p>\n\n<div class=\"tp-postbox-details-desc-thumb text-center\">\n   <img src=\"/storage/main/blog/blog-details-sm-1.jpg\" alt=\"\">\n   <span class=\"tp-postbox-details-desc-thumb-caption\">Gucci’s Women’s Cruise Collection 2023 Lookbook Has Arrived</span>\n</div>\n<p>“We’re so glad we’ll be working with you to get your new marketing strategy up and running. I\'ve attached the details of your package. Next you’ll get an email from Jen to schedule your kick-off meeting and be assigned your account rep. During your kick-off meeting, we will introduce your project team, let you know what access we need to start.” </p>\n\n<div class=\"tp-postbox-details-quote\">\n   <blockquote>\n      <div class=\"tp-postbox-details-quote-shape\">\n         <img class=\"tp-postbox-details-quote-shape-1\" src=\"/storage/main/shapes/line.png\" alt=\"\">\n         <img class=\"tp-postbox-details-quote-shape-2\" src=\"/storage/main/shapes/quote.png\" alt=\"\">\n      </div>\n      <p>There is a way out of every box, a solution to every puzzle its just a matter of finding it.</p>\n      <span style=\"color: #fff\">Shahnewaz Sakil</span>\n   </blockquote>\n</div>\n\n<h4 class=\"tp-postbox-details-heading\">Exploring the English Countryside</h4>\n<p>Lorem ligula eget dolor. Aenean massa. Cum sociis que penatibus et magnis dis parturient montes lorem,nascetur ridiculus mus. Donec quam felis, ultricies nec, pellentesque euro, pretium quis, sem. Nulla onsequat massa quis enim.</p>\n\n<div class=\"tp-postbox-details-list\">\n   <ul>\n      <li>Lorem ipsum dolor sit amet.</li>\n      <li>At vero eos et accusamus et iusto odio.</li>\n      <li>Excepteur sint occaecat cupidatat non proident.</li>\n   </ul>\n</div>\n<p>Rhoncus ut, imperdiet a, venenatis vitae, justo. Nullam dictum felis eu pede mollis pretium. Integer cidunt. Cras dapibus. Vivamus elementum semper nisi. Aenean vulputate eleifend tellus. Aenean leo ligula, porttitor eu, consequat vitae lorem.</p>\n','published',1,'Botble\\ACL\\Models\\User',1,'main/blog/post-11.jpg',297,NULL,'2024-10-31 20:46:32','2024-10-31 20:46:32'),(7,'Essential Qualities of Highly Successful Music','Alice looked round, eager to see if she had to kneel down on one knee. \'I\'m a poor man,\' the Hatter were having tea at it: a Dormouse was sitting between them, fast asleep, and the two creatures got.','<p class=\"tp-dropcap\">sales process is critically important to the success of your reps and your business. If you\'ve never seen a really skilled salesperson work, it seems almost effortless. They ask great questions, craftt perfect proposal, answer questions, address concerns and seamlessly seal the Underneath the surface of all of that, the salesperson has probably dedicated hours honing their craft and ensuring the process moves smoothly.</p>\n\n<p>One of the challenges that often surfaces when  working with a remote sales team is a lack of transparency over what is happening, and where in the process things are taking place. We’re going to peel back the curtain and show you how to create the best sales.</p>\n\n<h4 class=\"tp-postbox-details-heading\">Breaking Up With Fast Fashion Has Been Easier</h4>\n<p>Lommodo ligula eget dolor. Aenean massa. Cum sociis que penatibus magnis dis parturient montes lorem, nascetur ridiculus mus. Donec quam felis, ultricies nec, pellentesque euro, pretium, sem. Nulla onsequat massa quis enim. donec pede justo fringilla vel aliquet.</p>\n\n<div class=\"tp-postbox-details-desc-thumb text-center\">\n   <img src=\"/storage/main/blog/blog-details-sm-1.jpg\" alt=\"\">\n   <span class=\"tp-postbox-details-desc-thumb-caption\">Gucci’s Women’s Cruise Collection 2023 Lookbook Has Arrived</span>\n</div>\n<p>“We’re so glad we’ll be working with you to get your new marketing strategy up and running. I\'ve attached the details of your package. Next you’ll get an email from Jen to schedule your kick-off meeting and be assigned your account rep. During your kick-off meeting, we will introduce your project team, let you know what access we need to start.” </p>\n\n<div class=\"tp-postbox-details-quote\">\n   <blockquote>\n      <div class=\"tp-postbox-details-quote-shape\">\n         <img class=\"tp-postbox-details-quote-shape-1\" src=\"/storage/main/shapes/line.png\" alt=\"\">\n         <img class=\"tp-postbox-details-quote-shape-2\" src=\"/storage/main/shapes/quote.png\" alt=\"\">\n      </div>\n      <p>There is a way out of every box, a solution to every puzzle its just a matter of finding it.</p>\n      <span style=\"color: #fff\">Shahnewaz Sakil</span>\n   </blockquote>\n</div>\n\n<h4 class=\"tp-postbox-details-heading\">Exploring the English Countryside</h4>\n<p>Lorem ligula eget dolor. Aenean massa. Cum sociis que penatibus et magnis dis parturient montes lorem,nascetur ridiculus mus. Donec quam felis, ultricies nec, pellentesque euro, pretium quis, sem. Nulla onsequat massa quis enim.</p>\n\n<div class=\"tp-postbox-details-list\">\n   <ul>\n      <li>Lorem ipsum dolor sit amet.</li>\n      <li>At vero eos et accusamus et iusto odio.</li>\n      <li>Excepteur sint occaecat cupidatat non proident.</li>\n   </ul>\n</div>\n<p>Rhoncus ut, imperdiet a, venenatis vitae, justo. Nullam dictum felis eu pede mollis pretium. Integer cidunt. Cras dapibus. Vivamus elementum semper nisi. Aenean vulputate eleifend tellus. Aenean leo ligula, porttitor eu, consequat vitae lorem.</p>\n','published',1,'Botble\\ACL\\Models\\User',1,'main/blog/post-5.jpg',2334,NULL,'2024-10-31 20:46:32','2024-10-31 20:46:32'),(8,'9 Things I Love About Shaving My Head','The Hatter was out of a large pigeon had flown into her face, with such a nice soft thing to get into her face, with such a dear little puppy it was!\' said Alice, very much at first, perhaps,\' said.','<p class=\"tp-dropcap\">sales process is critically important to the success of your reps and your business. If you\'ve never seen a really skilled salesperson work, it seems almost effortless. They ask great questions, craftt perfect proposal, answer questions, address concerns and seamlessly seal the Underneath the surface of all of that, the salesperson has probably dedicated hours honing their craft and ensuring the process moves smoothly.</p>\n\n<p>One of the challenges that often surfaces when  working with a remote sales team is a lack of transparency over what is happening, and where in the process things are taking place. We’re going to peel back the curtain and show you how to create the best sales.</p>\n\n<h4 class=\"tp-postbox-details-heading\">Breaking Up With Fast Fashion Has Been Easier</h4>\n<p>Lommodo ligula eget dolor. Aenean massa. Cum sociis que penatibus magnis dis parturient montes lorem, nascetur ridiculus mus. Donec quam felis, ultricies nec, pellentesque euro, pretium, sem. Nulla onsequat massa quis enim. donec pede justo fringilla vel aliquet.</p>\n\n<div class=\"tp-postbox-details-desc-thumb text-center\">\n   <img src=\"/storage/main/blog/blog-details-sm-1.jpg\" alt=\"\">\n   <span class=\"tp-postbox-details-desc-thumb-caption\">Gucci’s Women’s Cruise Collection 2023 Lookbook Has Arrived</span>\n</div>\n<p>“We’re so glad we’ll be working with you to get your new marketing strategy up and running. I\'ve attached the details of your package. Next you’ll get an email from Jen to schedule your kick-off meeting and be assigned your account rep. During your kick-off meeting, we will introduce your project team, let you know what access we need to start.” </p>\n\n<div class=\"tp-postbox-details-quote\">\n   <blockquote>\n      <div class=\"tp-postbox-details-quote-shape\">\n         <img class=\"tp-postbox-details-quote-shape-1\" src=\"/storage/main/shapes/line.png\" alt=\"\">\n         <img class=\"tp-postbox-details-quote-shape-2\" src=\"/storage/main/shapes/quote.png\" alt=\"\">\n      </div>\n      <p>There is a way out of every box, a solution to every puzzle its just a matter of finding it.</p>\n      <span style=\"color: #fff\">Shahnewaz Sakil</span>\n   </blockquote>\n</div>\n\n<h4 class=\"tp-postbox-details-heading\">Exploring the English Countryside</h4>\n<p>Lorem ligula eget dolor. Aenean massa. Cum sociis que penatibus et magnis dis parturient montes lorem,nascetur ridiculus mus. Donec quam felis, ultricies nec, pellentesque euro, pretium quis, sem. Nulla onsequat massa quis enim.</p>\n\n<div class=\"tp-postbox-details-list\">\n   <ul>\n      <li>Lorem ipsum dolor sit amet.</li>\n      <li>At vero eos et accusamus et iusto odio.</li>\n      <li>Excepteur sint occaecat cupidatat non proident.</li>\n   </ul>\n</div>\n<p>Rhoncus ut, imperdiet a, venenatis vitae, justo. Nullam dictum felis eu pede mollis pretium. Integer cidunt. Cras dapibus. Vivamus elementum semper nisi. Aenean vulputate eleifend tellus. Aenean leo ligula, porttitor eu, consequat vitae lorem.</p>\n','published',1,'Botble\\ACL\\Models\\User',1,'main/blog/post-4.jpg',1978,NULL,'2024-10-31 20:46:32','2024-10-31 20:46:32'),(9,'Why Teamwork Really Makes The Dream Work','There was a dead silence. \'It\'s a mineral, I THINK,\' said Alice. \'Did you speak?\' \'Not I!\' said the Duck. \'Found IT,\' the Mouse heard this, it turned round and round goes the clock in a very humble.','<p class=\"tp-dropcap\">sales process is critically important to the success of your reps and your business. If you\'ve never seen a really skilled salesperson work, it seems almost effortless. They ask great questions, craftt perfect proposal, answer questions, address concerns and seamlessly seal the Underneath the surface of all of that, the salesperson has probably dedicated hours honing their craft and ensuring the process moves smoothly.</p>\n\n<p>One of the challenges that often surfaces when  working with a remote sales team is a lack of transparency over what is happening, and where in the process things are taking place. We’re going to peel back the curtain and show you how to create the best sales.</p>\n\n<h4 class=\"tp-postbox-details-heading\">Breaking Up With Fast Fashion Has Been Easier</h4>\n<p>Lommodo ligula eget dolor. Aenean massa. Cum sociis que penatibus magnis dis parturient montes lorem, nascetur ridiculus mus. Donec quam felis, ultricies nec, pellentesque euro, pretium, sem. Nulla onsequat massa quis enim. donec pede justo fringilla vel aliquet.</p>\n\n<div class=\"tp-postbox-details-desc-thumb text-center\">\n   <img src=\"/storage/main/blog/blog-details-sm-1.jpg\" alt=\"\">\n   <span class=\"tp-postbox-details-desc-thumb-caption\">Gucci’s Women’s Cruise Collection 2023 Lookbook Has Arrived</span>\n</div>\n<p>“We’re so glad we’ll be working with you to get your new marketing strategy up and running. I\'ve attached the details of your package. Next you’ll get an email from Jen to schedule your kick-off meeting and be assigned your account rep. During your kick-off meeting, we will introduce your project team, let you know what access we need to start.” </p>\n\n<div class=\"tp-postbox-details-quote\">\n   <blockquote>\n      <div class=\"tp-postbox-details-quote-shape\">\n         <img class=\"tp-postbox-details-quote-shape-1\" src=\"/storage/main/shapes/line.png\" alt=\"\">\n         <img class=\"tp-postbox-details-quote-shape-2\" src=\"/storage/main/shapes/quote.png\" alt=\"\">\n      </div>\n      <p>There is a way out of every box, a solution to every puzzle its just a matter of finding it.</p>\n      <span style=\"color: #fff\">Shahnewaz Sakil</span>\n   </blockquote>\n</div>\n\n<h4 class=\"tp-postbox-details-heading\">Exploring the English Countryside</h4>\n<p>Lorem ligula eget dolor. Aenean massa. Cum sociis que penatibus et magnis dis parturient montes lorem,nascetur ridiculus mus. Donec quam felis, ultricies nec, pellentesque euro, pretium quis, sem. Nulla onsequat massa quis enim.</p>\n\n<div class=\"tp-postbox-details-list\">\n   <ul>\n      <li>Lorem ipsum dolor sit amet.</li>\n      <li>At vero eos et accusamus et iusto odio.</li>\n      <li>Excepteur sint occaecat cupidatat non proident.</li>\n   </ul>\n</div>\n<p>Rhoncus ut, imperdiet a, venenatis vitae, justo. Nullam dictum felis eu pede mollis pretium. Integer cidunt. Cras dapibus. Vivamus elementum semper nisi. Aenean vulputate eleifend tellus. Aenean leo ligula, porttitor eu, consequat vitae lorem.</p>\n','published',1,'Botble\\ACL\\Models\\User',1,'main/blog/post-6.jpg',1813,NULL,'2024-10-31 20:46:32','2024-10-31 20:46:32'),(10,'The World Caters to Average People','Adventures of hers that you have of putting things!\' \'It\'s a Cheshire cat,\' said the March Hare went on. \'Or would you tell me,\' said Alice, a little girl,\' said Alice, and sighing. \'It IS a.','<p class=\"tp-dropcap\">sales process is critically important to the success of your reps and your business. If you\'ve never seen a really skilled salesperson work, it seems almost effortless. They ask great questions, craftt perfect proposal, answer questions, address concerns and seamlessly seal the Underneath the surface of all of that, the salesperson has probably dedicated hours honing their craft and ensuring the process moves smoothly.</p>\n\n<p>One of the challenges that often surfaces when  working with a remote sales team is a lack of transparency over what is happening, and where in the process things are taking place. We’re going to peel back the curtain and show you how to create the best sales.</p>\n\n<h4 class=\"tp-postbox-details-heading\">Breaking Up With Fast Fashion Has Been Easier</h4>\n<p>Lommodo ligula eget dolor. Aenean massa. Cum sociis que penatibus magnis dis parturient montes lorem, nascetur ridiculus mus. Donec quam felis, ultricies nec, pellentesque euro, pretium, sem. Nulla onsequat massa quis enim. donec pede justo fringilla vel aliquet.</p>\n\n<div class=\"tp-postbox-details-desc-thumb text-center\">\n   <img src=\"/storage/main/blog/blog-details-sm-1.jpg\" alt=\"\">\n   <span class=\"tp-postbox-details-desc-thumb-caption\">Gucci’s Women’s Cruise Collection 2023 Lookbook Has Arrived</span>\n</div>\n<p>“We’re so glad we’ll be working with you to get your new marketing strategy up and running. I\'ve attached the details of your package. Next you’ll get an email from Jen to schedule your kick-off meeting and be assigned your account rep. During your kick-off meeting, we will introduce your project team, let you know what access we need to start.” </p>\n\n<div class=\"tp-postbox-details-quote\">\n   <blockquote>\n      <div class=\"tp-postbox-details-quote-shape\">\n         <img class=\"tp-postbox-details-quote-shape-1\" src=\"/storage/main/shapes/line.png\" alt=\"\">\n         <img class=\"tp-postbox-details-quote-shape-2\" src=\"/storage/main/shapes/quote.png\" alt=\"\">\n      </div>\n      <p>There is a way out of every box, a solution to every puzzle its just a matter of finding it.</p>\n      <span style=\"color: #fff\">Shahnewaz Sakil</span>\n   </blockquote>\n</div>\n\n<h4 class=\"tp-postbox-details-heading\">Exploring the English Countryside</h4>\n<p>Lorem ligula eget dolor. Aenean massa. Cum sociis que penatibus et magnis dis parturient montes lorem,nascetur ridiculus mus. Donec quam felis, ultricies nec, pellentesque euro, pretium quis, sem. Nulla onsequat massa quis enim.</p>\n\n<div class=\"tp-postbox-details-list\">\n   <ul>\n      <li>Lorem ipsum dolor sit amet.</li>\n      <li>At vero eos et accusamus et iusto odio.</li>\n      <li>Excepteur sint occaecat cupidatat non proident.</li>\n   </ul>\n</div>\n<p>Rhoncus ut, imperdiet a, venenatis vitae, justo. Nullam dictum felis eu pede mollis pretium. Integer cidunt. Cras dapibus. Vivamus elementum semper nisi. Aenean vulputate eleifend tellus. Aenean leo ligula, porttitor eu, consequat vitae lorem.</p>\n','published',1,'Botble\\ACL\\Models\\User',0,'main/blog/post-5.jpg',1517,NULL,'2024-10-31 20:46:32','2024-10-31 20:46:32'),(11,'The litigants on the screen are not actors','You see the earth takes twenty-four hours to turn into a sort of use in saying anything more till the eyes appeared, and then she noticed that the way to hear her try and say \"How doth the.','<p class=\"tp-dropcap\">sales process is critically important to the success of your reps and your business. If you\'ve never seen a really skilled salesperson work, it seems almost effortless. They ask great questions, craftt perfect proposal, answer questions, address concerns and seamlessly seal the Underneath the surface of all of that, the salesperson has probably dedicated hours honing their craft and ensuring the process moves smoothly.</p>\n\n<p>One of the challenges that often surfaces when  working with a remote sales team is a lack of transparency over what is happening, and where in the process things are taking place. We’re going to peel back the curtain and show you how to create the best sales.</p>\n\n<h4 class=\"tp-postbox-details-heading\">Breaking Up With Fast Fashion Has Been Easier</h4>\n<p>Lommodo ligula eget dolor. Aenean massa. Cum sociis que penatibus magnis dis parturient montes lorem, nascetur ridiculus mus. Donec quam felis, ultricies nec, pellentesque euro, pretium, sem. Nulla onsequat massa quis enim. donec pede justo fringilla vel aliquet.</p>\n\n<div class=\"tp-postbox-details-desc-thumb text-center\">\n   <img src=\"/storage/main/blog/blog-details-sm-1.jpg\" alt=\"\">\n   <span class=\"tp-postbox-details-desc-thumb-caption\">Gucci’s Women’s Cruise Collection 2023 Lookbook Has Arrived</span>\n</div>\n<p>“We’re so glad we’ll be working with you to get your new marketing strategy up and running. I\'ve attached the details of your package. Next you’ll get an email from Jen to schedule your kick-off meeting and be assigned your account rep. During your kick-off meeting, we will introduce your project team, let you know what access we need to start.” </p>\n\n<div class=\"tp-postbox-details-quote\">\n   <blockquote>\n      <div class=\"tp-postbox-details-quote-shape\">\n         <img class=\"tp-postbox-details-quote-shape-1\" src=\"/storage/main/shapes/line.png\" alt=\"\">\n         <img class=\"tp-postbox-details-quote-shape-2\" src=\"/storage/main/shapes/quote.png\" alt=\"\">\n      </div>\n      <p>There is a way out of every box, a solution to every puzzle its just a matter of finding it.</p>\n      <span style=\"color: #fff\">Shahnewaz Sakil</span>\n   </blockquote>\n</div>\n\n<h4 class=\"tp-postbox-details-heading\">Exploring the English Countryside</h4>\n<p>Lorem ligula eget dolor. Aenean massa. Cum sociis que penatibus et magnis dis parturient montes lorem,nascetur ridiculus mus. Donec quam felis, ultricies nec, pellentesque euro, pretium quis, sem. Nulla onsequat massa quis enim.</p>\n\n<div class=\"tp-postbox-details-list\">\n   <ul>\n      <li>Lorem ipsum dolor sit amet.</li>\n      <li>At vero eos et accusamus et iusto odio.</li>\n      <li>Excepteur sint occaecat cupidatat non proident.</li>\n   </ul>\n</div>\n<p>Rhoncus ut, imperdiet a, venenatis vitae, justo. Nullam dictum felis eu pede mollis pretium. Integer cidunt. Cras dapibus. Vivamus elementum semper nisi. Aenean vulputate eleifend tellus. Aenean leo ligula, porttitor eu, consequat vitae lorem.</p>\n','published',1,'Botble\\ACL\\Models\\User',1,'main/blog/post-10.jpg',1096,NULL,'2024-10-31 20:46:32','2024-10-31 20:46:32'),(12,'Hiring the Right Sales Team at the Right Time','Rabbit came near her, she began, rather timidly, as she spoke, but no result seemed to be a walrus or hippopotamus, but then she had plenty of time as she spoke; \'either you or your head must be.','<p class=\"tp-dropcap\">sales process is critically important to the success of your reps and your business. If you\'ve never seen a really skilled salesperson work, it seems almost effortless. They ask great questions, craftt perfect proposal, answer questions, address concerns and seamlessly seal the Underneath the surface of all of that, the salesperson has probably dedicated hours honing their craft and ensuring the process moves smoothly.</p>\n\n<p>One of the challenges that often surfaces when  working with a remote sales team is a lack of transparency over what is happening, and where in the process things are taking place. We’re going to peel back the curtain and show you how to create the best sales.</p>\n\n<h4 class=\"tp-postbox-details-heading\">Breaking Up With Fast Fashion Has Been Easier</h4>\n<p>Lommodo ligula eget dolor. Aenean massa. Cum sociis que penatibus magnis dis parturient montes lorem, nascetur ridiculus mus. Donec quam felis, ultricies nec, pellentesque euro, pretium, sem. Nulla onsequat massa quis enim. donec pede justo fringilla vel aliquet.</p>\n\n<div class=\"tp-postbox-details-desc-thumb text-center\">\n   <img src=\"/storage/main/blog/blog-details-sm-1.jpg\" alt=\"\">\n   <span class=\"tp-postbox-details-desc-thumb-caption\">Gucci’s Women’s Cruise Collection 2023 Lookbook Has Arrived</span>\n</div>\n<p>“We’re so glad we’ll be working with you to get your new marketing strategy up and running. I\'ve attached the details of your package. Next you’ll get an email from Jen to schedule your kick-off meeting and be assigned your account rep. During your kick-off meeting, we will introduce your project team, let you know what access we need to start.” </p>\n\n<div class=\"tp-postbox-details-quote\">\n   <blockquote>\n      <div class=\"tp-postbox-details-quote-shape\">\n         <img class=\"tp-postbox-details-quote-shape-1\" src=\"/storage/main/shapes/line.png\" alt=\"\">\n         <img class=\"tp-postbox-details-quote-shape-2\" src=\"/storage/main/shapes/quote.png\" alt=\"\">\n      </div>\n      <p>There is a way out of every box, a solution to every puzzle its just a matter of finding it.</p>\n      <span style=\"color: #fff\">Shahnewaz Sakil</span>\n   </blockquote>\n</div>\n\n<h4 class=\"tp-postbox-details-heading\">Exploring the English Countryside</h4>\n<p>Lorem ligula eget dolor. Aenean massa. Cum sociis que penatibus et magnis dis parturient montes lorem,nascetur ridiculus mus. Donec quam felis, ultricies nec, pellentesque euro, pretium quis, sem. Nulla onsequat massa quis enim.</p>\n\n<div class=\"tp-postbox-details-list\">\n   <ul>\n      <li>Lorem ipsum dolor sit amet.</li>\n      <li>At vero eos et accusamus et iusto odio.</li>\n      <li>Excepteur sint occaecat cupidatat non proident.</li>\n   </ul>\n</div>\n<p>Rhoncus ut, imperdiet a, venenatis vitae, justo. Nullam dictum felis eu pede mollis pretium. Integer cidunt. Cras dapibus. Vivamus elementum semper nisi. Aenean vulputate eleifend tellus. Aenean leo ligula, porttitor eu, consequat vitae lorem.</p>\n','published',1,'Botble\\ACL\\Models\\User',0,'main/blog/post-11.jpg',1587,NULL,'2024-10-31 20:46:32','2024-10-31 20:46:32'),(13,'Fully Embrace the Return of 90s fashion','I\'ll have you executed.\' The miserable Hatter dropped his teacup and bread-and-butter, and then raised himself upon tiptoe, put his shoes off. \'Give your evidence,\' said the King, and the jury wrote.','<p class=\"tp-dropcap\">sales process is critically important to the success of your reps and your business. If you\'ve never seen a really skilled salesperson work, it seems almost effortless. They ask great questions, craftt perfect proposal, answer questions, address concerns and seamlessly seal the Underneath the surface of all of that, the salesperson has probably dedicated hours honing their craft and ensuring the process moves smoothly.</p>\n\n<p>One of the challenges that often surfaces when  working with a remote sales team is a lack of transparency over what is happening, and where in the process things are taking place. We’re going to peel back the curtain and show you how to create the best sales.</p>\n\n<h4 class=\"tp-postbox-details-heading\">Breaking Up With Fast Fashion Has Been Easier</h4>\n<p>Lommodo ligula eget dolor. Aenean massa. Cum sociis que penatibus magnis dis parturient montes lorem, nascetur ridiculus mus. Donec quam felis, ultricies nec, pellentesque euro, pretium, sem. Nulla onsequat massa quis enim. donec pede justo fringilla vel aliquet.</p>\n\n<div class=\"tp-postbox-details-desc-thumb text-center\">\n   <img src=\"/storage/main/blog/blog-details-sm-1.jpg\" alt=\"\">\n   <span class=\"tp-postbox-details-desc-thumb-caption\">Gucci’s Women’s Cruise Collection 2023 Lookbook Has Arrived</span>\n</div>\n<p>“We’re so glad we’ll be working with you to get your new marketing strategy up and running. I\'ve attached the details of your package. Next you’ll get an email from Jen to schedule your kick-off meeting and be assigned your account rep. During your kick-off meeting, we will introduce your project team, let you know what access we need to start.” </p>\n\n<div class=\"tp-postbox-details-quote\">\n   <blockquote>\n      <div class=\"tp-postbox-details-quote-shape\">\n         <img class=\"tp-postbox-details-quote-shape-1\" src=\"/storage/main/shapes/line.png\" alt=\"\">\n         <img class=\"tp-postbox-details-quote-shape-2\" src=\"/storage/main/shapes/quote.png\" alt=\"\">\n      </div>\n      <p>There is a way out of every box, a solution to every puzzle its just a matter of finding it.</p>\n      <span style=\"color: #fff\">Shahnewaz Sakil</span>\n   </blockquote>\n</div>\n\n<h4 class=\"tp-postbox-details-heading\">Exploring the English Countryside</h4>\n<p>Lorem ligula eget dolor. Aenean massa. Cum sociis que penatibus et magnis dis parturient montes lorem,nascetur ridiculus mus. Donec quam felis, ultricies nec, pellentesque euro, pretium quis, sem. Nulla onsequat massa quis enim.</p>\n\n<div class=\"tp-postbox-details-list\">\n   <ul>\n      <li>Lorem ipsum dolor sit amet.</li>\n      <li>At vero eos et accusamus et iusto odio.</li>\n      <li>Excepteur sint occaecat cupidatat non proident.</li>\n   </ul>\n</div>\n<p>Rhoncus ut, imperdiet a, venenatis vitae, justo. Nullam dictum felis eu pede mollis pretium. Integer cidunt. Cras dapibus. Vivamus elementum semper nisi. Aenean vulputate eleifend tellus. Aenean leo ligula, porttitor eu, consequat vitae lorem.</p>\n','published',1,'Botble\\ACL\\Models\\User',1,'main/blog/post-2.jpg',473,NULL,'2024-10-31 20:46:32','2024-10-31 20:46:32'),(14,'Exploring the English Countryside','Cat. \'I\'d nearly forgotten to ask.\' \'It turned into a doze; but, on being pinched by the English, who wanted leaders, and had to pinch it to be true): If she should chance to be talking in a low.','<p class=\"tp-dropcap\">sales process is critically important to the success of your reps and your business. If you\'ve never seen a really skilled salesperson work, it seems almost effortless. They ask great questions, craftt perfect proposal, answer questions, address concerns and seamlessly seal the Underneath the surface of all of that, the salesperson has probably dedicated hours honing their craft and ensuring the process moves smoothly.</p>\n\n<p>One of the challenges that often surfaces when  working with a remote sales team is a lack of transparency over what is happening, and where in the process things are taking place. We’re going to peel back the curtain and show you how to create the best sales.</p>\n\n<h4 class=\"tp-postbox-details-heading\">Breaking Up With Fast Fashion Has Been Easier</h4>\n<p>Lommodo ligula eget dolor. Aenean massa. Cum sociis que penatibus magnis dis parturient montes lorem, nascetur ridiculus mus. Donec quam felis, ultricies nec, pellentesque euro, pretium, sem. Nulla onsequat massa quis enim. donec pede justo fringilla vel aliquet.</p>\n\n<div class=\"tp-postbox-details-desc-thumb text-center\">\n   <img src=\"/storage/main/blog/blog-details-sm-1.jpg\" alt=\"\">\n   <span class=\"tp-postbox-details-desc-thumb-caption\">Gucci’s Women’s Cruise Collection 2023 Lookbook Has Arrived</span>\n</div>\n<p>“We’re so glad we’ll be working with you to get your new marketing strategy up and running. I\'ve attached the details of your package. Next you’ll get an email from Jen to schedule your kick-off meeting and be assigned your account rep. During your kick-off meeting, we will introduce your project team, let you know what access we need to start.” </p>\n\n<div class=\"tp-postbox-details-quote\">\n   <blockquote>\n      <div class=\"tp-postbox-details-quote-shape\">\n         <img class=\"tp-postbox-details-quote-shape-1\" src=\"/storage/main/shapes/line.png\" alt=\"\">\n         <img class=\"tp-postbox-details-quote-shape-2\" src=\"/storage/main/shapes/quote.png\" alt=\"\">\n      </div>\n      <p>There is a way out of every box, a solution to every puzzle its just a matter of finding it.</p>\n      <span style=\"color: #fff\">Shahnewaz Sakil</span>\n   </blockquote>\n</div>\n\n<h4 class=\"tp-postbox-details-heading\">Exploring the English Countryside</h4>\n<p>Lorem ligula eget dolor. Aenean massa. Cum sociis que penatibus et magnis dis parturient montes lorem,nascetur ridiculus mus. Donec quam felis, ultricies nec, pellentesque euro, pretium quis, sem. Nulla onsequat massa quis enim.</p>\n\n<div class=\"tp-postbox-details-list\">\n   <ul>\n      <li>Lorem ipsum dolor sit amet.</li>\n      <li>At vero eos et accusamus et iusto odio.</li>\n      <li>Excepteur sint occaecat cupidatat non proident.</li>\n   </ul>\n</div>\n<p>Rhoncus ut, imperdiet a, venenatis vitae, justo. Nullam dictum felis eu pede mollis pretium. Integer cidunt. Cras dapibus. Vivamus elementum semper nisi. Aenean vulputate eleifend tellus. Aenean leo ligula, porttitor eu, consequat vitae lorem.</p>\n','published',1,'Botble\\ACL\\Models\\User',1,'main/blog/post-1.jpg',1895,NULL,'2024-10-31 20:46:32','2024-10-31 20:46:32'),(15,'Here’s the First Valentino’s New Makeup Collection','Queen was close behind her, listening: so she felt that it was the White Rabbit returning, splendidly dressed, with a smile. There was a most extraordinary noise going on shrinking rapidly: she soon.','<p class=\"tp-dropcap\">sales process is critically important to the success of your reps and your business. If you\'ve never seen a really skilled salesperson work, it seems almost effortless. They ask great questions, craftt perfect proposal, answer questions, address concerns and seamlessly seal the Underneath the surface of all of that, the salesperson has probably dedicated hours honing their craft and ensuring the process moves smoothly.</p>\n\n<p>One of the challenges that often surfaces when  working with a remote sales team is a lack of transparency over what is happening, and where in the process things are taking place. We’re going to peel back the curtain and show you how to create the best sales.</p>\n\n<h4 class=\"tp-postbox-details-heading\">Breaking Up With Fast Fashion Has Been Easier</h4>\n<p>Lommodo ligula eget dolor. Aenean massa. Cum sociis que penatibus magnis dis parturient montes lorem, nascetur ridiculus mus. Donec quam felis, ultricies nec, pellentesque euro, pretium, sem. Nulla onsequat massa quis enim. donec pede justo fringilla vel aliquet.</p>\n\n<div class=\"tp-postbox-details-desc-thumb text-center\">\n   <img src=\"/storage/main/blog/blog-details-sm-1.jpg\" alt=\"\">\n   <span class=\"tp-postbox-details-desc-thumb-caption\">Gucci’s Women’s Cruise Collection 2023 Lookbook Has Arrived</span>\n</div>\n<p>“We’re so glad we’ll be working with you to get your new marketing strategy up and running. I\'ve attached the details of your package. Next you’ll get an email from Jen to schedule your kick-off meeting and be assigned your account rep. During your kick-off meeting, we will introduce your project team, let you know what access we need to start.” </p>\n\n<div class=\"tp-postbox-details-quote\">\n   <blockquote>\n      <div class=\"tp-postbox-details-quote-shape\">\n         <img class=\"tp-postbox-details-quote-shape-1\" src=\"/storage/main/shapes/line.png\" alt=\"\">\n         <img class=\"tp-postbox-details-quote-shape-2\" src=\"/storage/main/shapes/quote.png\" alt=\"\">\n      </div>\n      <p>There is a way out of every box, a solution to every puzzle its just a matter of finding it.</p>\n      <span style=\"color: #fff\">Shahnewaz Sakil</span>\n   </blockquote>\n</div>\n\n<h4 class=\"tp-postbox-details-heading\">Exploring the English Countryside</h4>\n<p>Lorem ligula eget dolor. Aenean massa. Cum sociis que penatibus et magnis dis parturient montes lorem,nascetur ridiculus mus. Donec quam felis, ultricies nec, pellentesque euro, pretium quis, sem. Nulla onsequat massa quis enim.</p>\n\n<div class=\"tp-postbox-details-list\">\n   <ul>\n      <li>Lorem ipsum dolor sit amet.</li>\n      <li>At vero eos et accusamus et iusto odio.</li>\n      <li>Excepteur sint occaecat cupidatat non proident.</li>\n   </ul>\n</div>\n<p>Rhoncus ut, imperdiet a, venenatis vitae, justo. Nullam dictum felis eu pede mollis pretium. Integer cidunt. Cras dapibus. Vivamus elementum semper nisi. Aenean vulputate eleifend tellus. Aenean leo ligula, porttitor eu, consequat vitae lorem.</p>\n','published',1,'Botble\\ACL\\Models\\User',0,'main/blog/post-8.jpg',1572,NULL,'2024-10-31 20:46:32','2024-10-31 20:46:32'),(16,'Follow Your own Design process, whatever gets','I to get through the glass, and she thought of herself, \'I wish I hadn\'t to bring but one; Bill\'s got the other--Bill! fetch it here, lad!--Here, put \'em up at this moment Alice appeared, she was.','<p class=\"tp-dropcap\">sales process is critically important to the success of your reps and your business. If you\'ve never seen a really skilled salesperson work, it seems almost effortless. They ask great questions, craftt perfect proposal, answer questions, address concerns and seamlessly seal the Underneath the surface of all of that, the salesperson has probably dedicated hours honing their craft and ensuring the process moves smoothly.</p>\n\n<p>One of the challenges that often surfaces when  working with a remote sales team is a lack of transparency over what is happening, and where in the process things are taking place. We’re going to peel back the curtain and show you how to create the best sales.</p>\n\n<h4 class=\"tp-postbox-details-heading\">Breaking Up With Fast Fashion Has Been Easier</h4>\n<p>Lommodo ligula eget dolor. Aenean massa. Cum sociis que penatibus magnis dis parturient montes lorem, nascetur ridiculus mus. Donec quam felis, ultricies nec, pellentesque euro, pretium, sem. Nulla onsequat massa quis enim. donec pede justo fringilla vel aliquet.</p>\n\n<div class=\"tp-postbox-details-desc-thumb text-center\">\n   <img src=\"/storage/main/blog/blog-details-sm-1.jpg\" alt=\"\">\n   <span class=\"tp-postbox-details-desc-thumb-caption\">Gucci’s Women’s Cruise Collection 2023 Lookbook Has Arrived</span>\n</div>\n<p>“We’re so glad we’ll be working with you to get your new marketing strategy up and running. I\'ve attached the details of your package. Next you’ll get an email from Jen to schedule your kick-off meeting and be assigned your account rep. During your kick-off meeting, we will introduce your project team, let you know what access we need to start.” </p>\n\n<div class=\"tp-postbox-details-quote\">\n   <blockquote>\n      <div class=\"tp-postbox-details-quote-shape\">\n         <img class=\"tp-postbox-details-quote-shape-1\" src=\"/storage/main/shapes/line.png\" alt=\"\">\n         <img class=\"tp-postbox-details-quote-shape-2\" src=\"/storage/main/shapes/quote.png\" alt=\"\">\n      </div>\n      <p>There is a way out of every box, a solution to every puzzle its just a matter of finding it.</p>\n      <span style=\"color: #fff\">Shahnewaz Sakil</span>\n   </blockquote>\n</div>\n\n<h4 class=\"tp-postbox-details-heading\">Exploring the English Countryside</h4>\n<p>Lorem ligula eget dolor. Aenean massa. Cum sociis que penatibus et magnis dis parturient montes lorem,nascetur ridiculus mus. Donec quam felis, ultricies nec, pellentesque euro, pretium quis, sem. Nulla onsequat massa quis enim.</p>\n\n<div class=\"tp-postbox-details-list\">\n   <ul>\n      <li>Lorem ipsum dolor sit amet.</li>\n      <li>At vero eos et accusamus et iusto odio.</li>\n      <li>Excepteur sint occaecat cupidatat non proident.</li>\n   </ul>\n</div>\n<p>Rhoncus ut, imperdiet a, venenatis vitae, justo. Nullam dictum felis eu pede mollis pretium. Integer cidunt. Cras dapibus. Vivamus elementum semper nisi. Aenean vulputate eleifend tellus. Aenean leo ligula, porttitor eu, consequat vitae lorem.</p>\n','published',1,'Botble\\ACL\\Models\\User',0,'main/blog/post-10.jpg',1412,NULL,'2024-10-31 20:46:32','2024-10-31 20:46:32'),(17,'Freelancer Days 2024, What’s new?','I shall be late!\' (when she thought to herself, \'Why, they\'re only a child!\' The Queen turned angrily away from her as she could. \'The game\'s going on within--a constant howling and sneezing, and.','<p class=\"tp-dropcap\">sales process is critically important to the success of your reps and your business. If you\'ve never seen a really skilled salesperson work, it seems almost effortless. They ask great questions, craftt perfect proposal, answer questions, address concerns and seamlessly seal the Underneath the surface of all of that, the salesperson has probably dedicated hours honing their craft and ensuring the process moves smoothly.</p>\n\n<p>One of the challenges that often surfaces when  working with a remote sales team is a lack of transparency over what is happening, and where in the process things are taking place. We’re going to peel back the curtain and show you how to create the best sales.</p>\n\n<h4 class=\"tp-postbox-details-heading\">Breaking Up With Fast Fashion Has Been Easier</h4>\n<p>Lommodo ligula eget dolor. Aenean massa. Cum sociis que penatibus magnis dis parturient montes lorem, nascetur ridiculus mus. Donec quam felis, ultricies nec, pellentesque euro, pretium, sem. Nulla onsequat massa quis enim. donec pede justo fringilla vel aliquet.</p>\n\n<div class=\"tp-postbox-details-desc-thumb text-center\">\n   <img src=\"/storage/main/blog/blog-details-sm-1.jpg\" alt=\"\">\n   <span class=\"tp-postbox-details-desc-thumb-caption\">Gucci’s Women’s Cruise Collection 2023 Lookbook Has Arrived</span>\n</div>\n<p>“We’re so glad we’ll be working with you to get your new marketing strategy up and running. I\'ve attached the details of your package. Next you’ll get an email from Jen to schedule your kick-off meeting and be assigned your account rep. During your kick-off meeting, we will introduce your project team, let you know what access we need to start.” </p>\n\n<div class=\"tp-postbox-details-quote\">\n   <blockquote>\n      <div class=\"tp-postbox-details-quote-shape\">\n         <img class=\"tp-postbox-details-quote-shape-1\" src=\"/storage/main/shapes/line.png\" alt=\"\">\n         <img class=\"tp-postbox-details-quote-shape-2\" src=\"/storage/main/shapes/quote.png\" alt=\"\">\n      </div>\n      <p>There is a way out of every box, a solution to every puzzle its just a matter of finding it.</p>\n      <span style=\"color: #fff\">Shahnewaz Sakil</span>\n   </blockquote>\n</div>\n\n<h4 class=\"tp-postbox-details-heading\">Exploring the English Countryside</h4>\n<p>Lorem ligula eget dolor. Aenean massa. Cum sociis que penatibus et magnis dis parturient montes lorem,nascetur ridiculus mus. Donec quam felis, ultricies nec, pellentesque euro, pretium quis, sem. Nulla onsequat massa quis enim.</p>\n\n<div class=\"tp-postbox-details-list\">\n   <ul>\n      <li>Lorem ipsum dolor sit amet.</li>\n      <li>At vero eos et accusamus et iusto odio.</li>\n      <li>Excepteur sint occaecat cupidatat non proident.</li>\n   </ul>\n</div>\n<p>Rhoncus ut, imperdiet a, venenatis vitae, justo. Nullam dictum felis eu pede mollis pretium. Integer cidunt. Cras dapibus. Vivamus elementum semper nisi. Aenean vulputate eleifend tellus. Aenean leo ligula, porttitor eu, consequat vitae lorem.</p>\n','published',1,'Botble\\ACL\\Models\\User',0,'main/blog/post-7.jpg',723,NULL,'2024-10-31 20:46:32','2024-10-31 20:46:32'),(18,'Quality Foods Requirments For Every Human Body’s','Alice; \'I can\'t remember things as I get SOMEWHERE,\' Alice added as an explanation. \'Oh, you\'re sure to do it.\' (And, as you are; secondly, because she was a little shaking among the bright.','<p class=\"tp-dropcap\">sales process is critically important to the success of your reps and your business. If you\'ve never seen a really skilled salesperson work, it seems almost effortless. They ask great questions, craftt perfect proposal, answer questions, address concerns and seamlessly seal the Underneath the surface of all of that, the salesperson has probably dedicated hours honing their craft and ensuring the process moves smoothly.</p>\n\n<p>One of the challenges that often surfaces when  working with a remote sales team is a lack of transparency over what is happening, and where in the process things are taking place. We’re going to peel back the curtain and show you how to create the best sales.</p>\n\n<h4 class=\"tp-postbox-details-heading\">Breaking Up With Fast Fashion Has Been Easier</h4>\n<p>Lommodo ligula eget dolor. Aenean massa. Cum sociis que penatibus magnis dis parturient montes lorem, nascetur ridiculus mus. Donec quam felis, ultricies nec, pellentesque euro, pretium, sem. Nulla onsequat massa quis enim. donec pede justo fringilla vel aliquet.</p>\n\n<div class=\"tp-postbox-details-desc-thumb text-center\">\n   <img src=\"/storage/main/blog/blog-details-sm-1.jpg\" alt=\"\">\n   <span class=\"tp-postbox-details-desc-thumb-caption\">Gucci’s Women’s Cruise Collection 2023 Lookbook Has Arrived</span>\n</div>\n<p>“We’re so glad we’ll be working with you to get your new marketing strategy up and running. I\'ve attached the details of your package. Next you’ll get an email from Jen to schedule your kick-off meeting and be assigned your account rep. During your kick-off meeting, we will introduce your project team, let you know what access we need to start.” </p>\n\n<div class=\"tp-postbox-details-quote\">\n   <blockquote>\n      <div class=\"tp-postbox-details-quote-shape\">\n         <img class=\"tp-postbox-details-quote-shape-1\" src=\"/storage/main/shapes/line.png\" alt=\"\">\n         <img class=\"tp-postbox-details-quote-shape-2\" src=\"/storage/main/shapes/quote.png\" alt=\"\">\n      </div>\n      <p>There is a way out of every box, a solution to every puzzle its just a matter of finding it.</p>\n      <span style=\"color: #fff\">Shahnewaz Sakil</span>\n   </blockquote>\n</div>\n\n<h4 class=\"tp-postbox-details-heading\">Exploring the English Countryside</h4>\n<p>Lorem ligula eget dolor. Aenean massa. Cum sociis que penatibus et magnis dis parturient montes lorem,nascetur ridiculus mus. Donec quam felis, ultricies nec, pellentesque euro, pretium quis, sem. Nulla onsequat massa quis enim.</p>\n\n<div class=\"tp-postbox-details-list\">\n   <ul>\n      <li>Lorem ipsum dolor sit amet.</li>\n      <li>At vero eos et accusamus et iusto odio.</li>\n      <li>Excepteur sint occaecat cupidatat non proident.</li>\n   </ul>\n</div>\n<p>Rhoncus ut, imperdiet a, venenatis vitae, justo. Nullam dictum felis eu pede mollis pretium. Integer cidunt. Cras dapibus. Vivamus elementum semper nisi. Aenean vulputate eleifend tellus. Aenean leo ligula, porttitor eu, consequat vitae lorem.</p>\n','published',1,'Botble\\ACL\\Models\\User',1,'main/blog/post-9.jpg',2351,NULL,'2024-10-31 20:46:32','2024-10-31 20:46:32');

--
-- Table structure for table `posts_translations`
--

CREATE TABLE `posts_translations` (
  `lang_code` varchar(20) COLLATE utf8mb4_unicode_ci NOT NULL,
  `posts_id` bigint unsigned NOT NULL,
  `name` varchar(191) COLLATE utf8mb4_unicode_ci DEFAULT NULL,
  `description` varchar(400) COLLATE utf8mb4_unicode_ci DEFAULT NULL,
  `content` longtext COLLATE utf8mb4_unicode_ci,
  PRIMARY KEY (`lang_code`,`posts_id`)
) ENGINE=InnoDB DEFAULT CHARSET=utf8mb4 COLLATE=utf8mb4_unicode_ci;

--
-- Dumping data for table `posts_translations`
--


--
-- Table structure for table `request_logs`
--

CREATE TABLE `request_logs` (
  `id` bigint unsigned NOT NULL AUTO_INCREMENT,
  `status_code` int DEFAULT NULL,
  `url` varchar(191) COLLATE utf8mb4_unicode_ci DEFAULT NULL,
  `count` int unsigned NOT NULL DEFAULT '0',
  `user_id` varchar(191) COLLATE utf8mb4_unicode_ci DEFAULT NULL,
  `referrer` text COLLATE utf8mb4_unicode_ci,
  `created_at` timestamp NULL DEFAULT NULL,
  `updated_at` timestamp NULL DEFAULT NULL,
  PRIMARY KEY (`id`)
) ENGINE=InnoDB DEFAULT CHARSET=utf8mb4 COLLATE=utf8mb4_unicode_ci;

--
-- Dumping data for table `request_logs`
--


--
-- Table structure for table `revisions`
--

CREATE TABLE `revisions` (
  `id` bigint unsigned NOT NULL AUTO_INCREMENT,
  `revisionable_type` varchar(191) COLLATE utf8mb4_unicode_ci NOT NULL,
  `revisionable_id` bigint unsigned NOT NULL,
  `user_id` bigint unsigned DEFAULT NULL,
  `key` varchar(120) COLLATE utf8mb4_unicode_ci NOT NULL,
  `old_value` text COLLATE utf8mb4_unicode_ci,
  `new_value` text COLLATE utf8mb4_unicode_ci,
  `created_at` timestamp NULL DEFAULT NULL,
  `updated_at` timestamp NULL DEFAULT NULL,
  PRIMARY KEY (`id`),
  KEY `revisions_revisionable_id_revisionable_type_index` (`revisionable_id`,`revisionable_type`)
) ENGINE=InnoDB DEFAULT CHARSET=utf8mb4 COLLATE=utf8mb4_unicode_ci;

--
-- Dumping data for table `revisions`
--


--
-- Table structure for table `role_users`
--

CREATE TABLE `role_users` (
  `user_id` bigint unsigned NOT NULL,
  `role_id` bigint unsigned NOT NULL,
  `created_at` timestamp NULL DEFAULT NULL,
  `updated_at` timestamp NULL DEFAULT NULL,
  PRIMARY KEY (`user_id`,`role_id`),
  KEY `role_users_user_id_index` (`user_id`),
  KEY `role_users_role_id_index` (`role_id`)
) ENGINE=InnoDB DEFAULT CHARSET=utf8mb4 COLLATE=utf8mb4_unicode_ci;

--
-- Dumping data for table `role_users`
--


--
-- Table structure for table `roles`
--

CREATE TABLE `roles` (
  `id` bigint unsigned NOT NULL AUTO_INCREMENT,
  `slug` varchar(120) COLLATE utf8mb4_unicode_ci NOT NULL,
  `name` varchar(120) COLLATE utf8mb4_unicode_ci NOT NULL,
  `permissions` text COLLATE utf8mb4_unicode_ci,
  `description` varchar(400) COLLATE utf8mb4_unicode_ci DEFAULT NULL,
  `is_default` tinyint unsigned NOT NULL DEFAULT '0',
  `created_by` bigint unsigned NOT NULL,
  `updated_by` bigint unsigned NOT NULL,
  `created_at` timestamp NULL DEFAULT NULL,
  `updated_at` timestamp NULL DEFAULT NULL,
  PRIMARY KEY (`id`),
  UNIQUE KEY `roles_slug_unique` (`slug`),
  KEY `roles_created_by_index` (`created_by`),
  KEY `roles_updated_by_index` (`updated_by`)
) ENGINE=InnoDB AUTO_INCREMENT=2 DEFAULT CHARSET=utf8mb4 COLLATE=utf8mb4_unicode_ci;

--
-- Dumping data for table `roles`
--

INSERT INTO `roles` VALUES (1,'admin','Admin','{\"users.index\":true,\"users.create\":true,\"users.edit\":true,\"users.destroy\":true,\"roles.index\":true,\"roles.create\":true,\"roles.edit\":true,\"roles.destroy\":true,\"core.system\":true,\"core.cms\":true,\"core.manage.license\":true,\"systems.cronjob\":true,\"core.tools\":true,\"tools.data-synchronize\":true,\"media.index\":true,\"files.index\":true,\"files.create\":true,\"files.edit\":true,\"files.trash\":true,\"files.destroy\":true,\"folders.index\":true,\"folders.create\":true,\"folders.edit\":true,\"folders.trash\":true,\"folders.destroy\":true,\"settings.index\":true,\"settings.common\":true,\"settings.options\":true,\"settings.email\":true,\"settings.media\":true,\"settings.admin-appearance\":true,\"settings.cache\":true,\"settings.datatables\":true,\"settings.email.rules\":true,\"settings.others\":true,\"menus.index\":true,\"menus.create\":true,\"menus.edit\":true,\"menus.destroy\":true,\"optimize.settings\":true,\"pages.index\":true,\"pages.create\":true,\"pages.edit\":true,\"pages.destroy\":true,\"plugins.index\":true,\"plugins.edit\":true,\"plugins.remove\":true,\"plugins.marketplace\":true,\"core.appearance\":true,\"theme.index\":true,\"theme.activate\":true,\"theme.remove\":true,\"theme.options\":true,\"theme.custom-css\":true,\"theme.custom-js\":true,\"theme.custom-html\":true,\"theme.robots-txt\":true,\"settings.website-tracking\":true,\"widgets.index\":true,\"ads.index\":true,\"ads.create\":true,\"ads.edit\":true,\"ads.destroy\":true,\"ads.settings\":true,\"analytics.general\":true,\"analytics.page\":true,\"analytics.browser\":true,\"analytics.referrer\":true,\"analytics.settings\":true,\"announcements.index\":true,\"announcements.create\":true,\"announcements.edit\":true,\"announcements.destroy\":true,\"announcements.settings\":true,\"audit-log.index\":true,\"audit-log.destroy\":true,\"backups.index\":true,\"backups.create\":true,\"backups.restore\":true,\"backups.destroy\":true,\"plugins.blog\":true,\"posts.index\":true,\"posts.create\":true,\"posts.edit\":true,\"posts.destroy\":true,\"categories.index\":true,\"categories.create\":true,\"categories.edit\":true,\"categories.destroy\":true,\"tags.index\":true,\"tags.create\":true,\"tags.edit\":true,\"tags.destroy\":true,\"blog.settings\":true,\"posts.export\":true,\"posts.import\":true,\"captcha.settings\":true,\"contacts.index\":true,\"contacts.edit\":true,\"contacts.destroy\":true,\"contact.settings\":true,\"plugins.ecommerce\":true,\"ecommerce.report.index\":true,\"products.index\":true,\"products.create\":true,\"products.edit\":true,\"products.destroy\":true,\"products.duplicate\":true,\"ecommerce.product-prices.index\":true,\"ecommerce.product-prices.edit\":true,\"ecommerce.product-inventory.index\":true,\"ecommerce.product-inventory.edit\":true,\"product-categories.index\":true,\"product-categories.create\":true,\"product-categories.edit\":true,\"product-categories.destroy\":true,\"product-tag.index\":true,\"product-tag.create\":true,\"product-tag.edit\":true,\"product-tag.destroy\":true,\"brands.index\":true,\"brands.create\":true,\"brands.edit\":true,\"brands.destroy\":true,\"product-collections.index\":true,\"product-collections.create\":true,\"product-collections.edit\":true,\"product-collections.destroy\":true,\"product-attribute-sets.index\":true,\"product-attribute-sets.create\":true,\"product-attribute-sets.edit\":true,\"product-attribute-sets.destroy\":true,\"product-attributes.index\":true,\"product-attributes.create\":true,\"product-attributes.edit\":true,\"product-attributes.destroy\":true,\"tax.index\":true,\"tax.create\":true,\"tax.edit\":true,\"tax.destroy\":true,\"reviews.index\":true,\"reviews.create\":true,\"reviews.destroy\":true,\"reviews.publish\":true,\"reviews.reply\":true,\"ecommerce.shipments.index\":true,\"ecommerce.shipments.create\":true,\"ecommerce.shipments.edit\":true,\"ecommerce.shipments.destroy\":true,\"orders.index\":true,\"orders.create\":true,\"orders.edit\":true,\"orders.destroy\":true,\"discounts.index\":true,\"discounts.create\":true,\"discounts.edit\":true,\"discounts.destroy\":true,\"customers.index\":true,\"customers.create\":true,\"customers.edit\":true,\"customers.destroy\":true,\"flash-sale.index\":true,\"flash-sale.create\":true,\"flash-sale.edit\":true,\"flash-sale.destroy\":true,\"product-label.index\":true,\"product-label.create\":true,\"product-label.edit\":true,\"product-label.destroy\":true,\"ecommerce.import.products.index\":true,\"ecommerce.export.products.index\":true,\"order_returns.index\":true,\"order_returns.edit\":true,\"order_returns.destroy\":true,\"global-option.index\":true,\"global-option.create\":true,\"global-option.edit\":true,\"global-option.destroy\":true,\"ecommerce.invoice.index\":true,\"ecommerce.invoice.edit\":true,\"ecommerce.invoice.destroy\":true,\"ecommerce.settings\":true,\"ecommerce.settings.general\":true,\"ecommerce.invoice-template.index\":true,\"ecommerce.settings.currencies\":true,\"ecommerce.settings.products\":true,\"ecommerce.settings.product-search\":true,\"ecommerce.settings.digital-products\":true,\"ecommerce.settings.store-locators\":true,\"ecommerce.settings.invoices\":true,\"ecommerce.settings.product-reviews\":true,\"ecommerce.settings.customers\":true,\"ecommerce.settings.shopping\":true,\"ecommerce.settings.taxes\":true,\"ecommerce.settings.shipping\":true,\"ecommerce.settings.tracking\":true,\"ecommerce.settings.standard-and-format\":true,\"ecommerce.settings.checkout\":true,\"ecommerce.settings.return\":true,\"ecommerce.settings.flash-sale\":true,\"ecommerce.settings.product-specification\":true,\"product-categories.export\":true,\"product-categories.import\":true,\"orders.export\":true,\"ecommerce.product-specification.index\":true,\"ecommerce.specification-groups.index\":true,\"ecommerce.specification-groups.create\":true,\"ecommerce.specification-groups.edit\":true,\"ecommerce.specification-groups.destroy\":true,\"ecommerce.specification-attributes.index\":true,\"ecommerce.specification-attributes.create\":true,\"ecommerce.specification-attributes.edit\":true,\"ecommerce.specification-attributes.destroy\":true,\"ecommerce.specification-tables.index\":true,\"ecommerce.specification-tables.create\":true,\"ecommerce.specification-tables.edit\":true,\"ecommerce.specification-tables.destroy\":true,\"plugin.faq\":true,\"faq.index\":true,\"faq.create\":true,\"faq.edit\":true,\"faq.destroy\":true,\"faq_category.index\":true,\"faq_category.create\":true,\"faq_category.edit\":true,\"faq_category.destroy\":true,\"faqs.settings\":true,\"galleries.index\":true,\"galleries.create\":true,\"galleries.edit\":true,\"galleries.destroy\":true,\"languages.index\":true,\"languages.create\":true,\"languages.edit\":true,\"languages.destroy\":true,\"plugin.location\":true,\"country.index\":true,\"country.create\":true,\"country.edit\":true,\"country.destroy\":true,\"state.index\":true,\"state.create\":true,\"state.edit\":true,\"state.destroy\":true,\"city.index\":true,\"city.create\":true,\"city.edit\":true,\"city.destroy\":true,\"marketplace.index\":true,\"marketplace.store.index\":true,\"marketplace.store.create\":true,\"marketplace.store.edit\":true,\"marketplace.store.destroy\":true,\"marketplace.store.view\":true,\"marketplace.store.revenue.create\":true,\"marketplace.withdrawal.index\":true,\"marketplace.withdrawal.edit\":true,\"marketplace.withdrawal.destroy\":true,\"marketplace.withdrawal.invoice\":true,\"marketplace.vendors.index\":true,\"marketplace.unverified-vendors.index\":true,\"marketplace.vendors.control\":true,\"marketplace.unverified-vendors.edit\":true,\"marketplace.reports\":true,\"marketplace.settings\":true,\"newsletter.index\":true,\"newsletter.destroy\":true,\"newsletter.settings\":true,\"payment.index\":true,\"payments.settings\":true,\"payment.destroy\":true,\"payments.logs\":true,\"payments.logs.show\":true,\"payments.logs.destroy\":true,\"request-log.index\":true,\"request-log.destroy\":true,\"sale-popup.settings\":true,\"simple-slider.index\":true,\"simple-slider.create\":true,\"simple-slider.edit\":true,\"simple-slider.destroy\":true,\"simple-slider-item.index\":true,\"simple-slider-item.create\":true,\"simple-slider-item.edit\":true,\"simple-slider-item.destroy\":true,\"simple-slider.settings\":true,\"social-login.settings\":true,\"testimonial.index\":true,\"testimonial.create\":true,\"testimonial.edit\":true,\"testimonial.destroy\":true,\"plugins.translation\":true,\"translations.locales\":true,\"translations.theme-translations\":true,\"translations.index\":true,\"theme-translations.export\":true,\"other-translations.export\":true,\"theme-translations.import\":true,\"other-translations.import\":true}','Admin users role',1,1,1,'2024-10-31 20:46:27','2024-10-31 20:46:27');

--
-- Table structure for table `sessions`
--

CREATE TABLE `sessions` (
  `id` varchar(191) COLLATE utf8mb4_unicode_ci NOT NULL,
  `user_id` bigint unsigned DEFAULT NULL,
  `ip_address` varchar(45) COLLATE utf8mb4_unicode_ci DEFAULT NULL,
  `user_agent` text COLLATE utf8mb4_unicode_ci,
  `payload` longtext COLLATE utf8mb4_unicode_ci NOT NULL,
  `last_activity` int NOT NULL,
  PRIMARY KEY (`id`),
  KEY `sessions_user_id_index` (`user_id`),
  KEY `sessions_last_activity_index` (`last_activity`)
) ENGINE=InnoDB DEFAULT CHARSET=utf8mb4 COLLATE=utf8mb4_unicode_ci;

--
-- Dumping data for table `sessions`
--


--
-- Table structure for table `settings`
--

CREATE TABLE `settings` (
  `id` bigint unsigned NOT NULL AUTO_INCREMENT,
  `key` varchar(191) COLLATE utf8mb4_unicode_ci NOT NULL,
  `value` text COLLATE utf8mb4_unicode_ci,
  `created_at` timestamp NULL DEFAULT NULL,
  `updated_at` timestamp NULL DEFAULT NULL,
  PRIMARY KEY (`id`),
  UNIQUE KEY `settings_key_unique` (`key`)
) ENGINE=InnoDB AUTO_INCREMENT=82 DEFAULT CHARSET=utf8mb4 COLLATE=utf8mb4_unicode_ci;

--
-- Dumping data for table `settings`
--

INSERT INTO `settings` VALUES (1,'media_random_hash','f8586b46b204a98a8f7cce7961268f26',NULL,'2024-10-31 20:46:41'),(2,'api_enabled','0',NULL,'2024-10-31 20:46:41'),(3,'activated_plugins','[\"language\",\"language-advanced\",\"ads\",\"analytics\",\"announcement\",\"audit-log\",\"backup\",\"blog\",\"captcha\",\"contact\",\"cookie-consent\",\"ecommerce\",\"faq\",\"gallery\",\"location\",\"marketplace\",\"mollie\",\"newsletter\",\"payment\",\"paypal\",\"paypal-payout\",\"paystack\",\"razorpay\",\"request-log\",\"sale-popup\",\"shippo\",\"simple-slider\",\"social-login\",\"sslcommerz\",\"stripe\",\"stripe-connect\",\"testimonial\",\"translation\"]',NULL,'2024-10-31 20:46:41'),(6,'theme','shofy',NULL,'2024-10-31 20:46:41'),(7,'show_admin_bar','1',NULL,'2024-10-31 20:46:41'),(8,'admin_favicon','main/general/favicon.png',NULL,'2024-10-31 20:46:41'),(9,'admin_logo','main/general/logo-white.png',NULL,'2024-10-31 20:46:41'),(10,'announcement_lazy_loading','1',NULL,'2024-10-31 20:46:41'),(11,'marketplace_requires_vendor_documentations_verification','0',NULL,'2024-10-31 20:46:41'),(12,'payment_cod_status','1',NULL,'2024-10-31 20:46:41'),(13,'payment_bank_transfer_status','1',NULL,'2024-10-31 20:46:41'),(14,'payment_cod_description','Please pay money directly to the postman, if you choose cash on delivery method (COD).',NULL,'2024-10-31 20:46:41'),(15,'payment_bank_transfer_description','Please send money to our bank account: ACB - 69270 213 19.',NULL,'2024-10-31 20:46:41'),(16,'payment_stripe_payment_type','stripe_checkout',NULL,'2024-10-31 20:46:41'),(17,'plugins_ecommerce_customer_new_order_status','0',NULL,'2024-10-31 20:46:41'),(18,'plugins_ecommerce_admin_new_order_status','0',NULL,'2024-10-31 20:46:41'),(19,'ecommerce_is_enabled_support_digital_products','1',NULL,'2024-10-31 20:46:41'),(20,'ecommerce_load_countries_states_cities_from_location_plugin','0',NULL,'2024-10-31 20:46:41'),(21,'ecommerce_product_sku_format','SF-2443-%s%s%s%s',NULL,'2024-10-31 20:46:41'),(22,'ecommerce_enable_product_specification','1',NULL,'2024-10-31 20:46:41'),(23,'permalink-botble-blog-models-post','blog',NULL,'2024-10-31 20:46:41'),(24,'permalink-botble-blog-models-category','blog',NULL,'2024-10-31 20:46:41'),(25,'language_hide_default','1',NULL,'2024-10-31 20:46:41'),(26,'language_switcher_display','dropdown',NULL,'2024-10-31 20:46:41'),(27,'language_display','all',NULL,'2024-10-31 20:46:41'),(28,'language_hide_languages','[]',NULL,'2024-10-31 20:46:41'),(29,'ecommerce_store_name','Shofy',NULL,'2024-10-31 20:46:41'),(30,'ecommerce_store_phone','1800979769',NULL,'2024-10-31 20:46:41'),(31,'ecommerce_store_address','502 New Street',NULL,'2024-10-31 20:46:41'),(32,'ecommerce_store_state','Brighton VIC',NULL,'2024-10-31 20:46:41'),(33,'ecommerce_store_city','Brighton VIC',NULL,'2024-10-31 20:46:41'),(34,'ecommerce_store_country','AU',NULL,'2024-10-31 20:46:41'),(35,'announcement_max_width','1390',NULL,'2024-10-31 20:46:41'),(36,'announcement_text_color','#fff',NULL,'2024-10-31 20:46:41'),(37,'announcement_background_color','transparent',NULL,'2024-10-31 20:46:41'),(38,'announcement_placement','theme',NULL,'2024-10-31 20:46:41'),(39,'announcement_text_alignment','start',NULL,'2024-10-31 20:46:41'),(40,'announcement_dismissible','0',NULL,'2024-10-31 20:46:41'),(41,'simple_slider_using_assets','0',NULL,'2024-10-31 20:46:41'),(42,'theme-shofy-site_name','Shofy',NULL,NULL),(43,'theme-shofy-site_title','Shofy - Multipurpose eCommerce Laravel Script',NULL,NULL),(44,'theme-shofy-seo_description','Shofy is a powerful tool eCommerce Laravel script for creating a professional and visually appealing online store.',NULL,NULL),(45,'theme-shofy-copyright','© %Y All Rights Reserved.',NULL,NULL),(46,'theme-shofy-tp_primary_font','Roboto',NULL,NULL),(47,'theme-shofy-primary_color','#0C55AA',NULL,NULL),(48,'theme-shofy-favicon','main/general/favicon.png',NULL,NULL),(49,'theme-shofy-logo','main/general/logo.png',NULL,NULL),(50,'theme-shofy-logo_light','main/general/logo-white.png',NULL,NULL),(51,'theme-shofy-header_style','1',NULL,NULL),(52,'theme-shofy-preloader_icon','main/general/preloader-icon.png',NULL,NULL),(53,'theme-shofy-address','502 New Street, Brighton VIC, Australia',NULL,NULL),(54,'theme-shofy-hotline','8 800 332 65-66',NULL,NULL),(55,'theme-shofy-email','contact@fartmart.co',NULL,NULL),(56,'theme-shofy-working_time','Mon - Fri: 07AM - 06PM',NULL,NULL),(57,'theme-shofy-homepage_id','1',NULL,NULL),(58,'theme-shofy-blog_page_id','5',NULL,NULL),(59,'theme-shofy-cookie_consent_message','Your experience on this site will be improved by allowing cookies ',NULL,NULL),(60,'theme-shofy-cookie_consent_learn_more_url','cookie-policy',NULL,NULL),(61,'theme-shofy-cookie_consent_learn_more_text','Cookie Policy',NULL,NULL),(62,'theme-shofy-number_of_products_per_page','24',NULL,NULL),(63,'theme-shofy-number_of_cross_sale_product','6',NULL,NULL),(64,'theme-shofy-ecommerce_products_page_layout','left_sidebar',NULL,NULL),(65,'theme-shofy-ecommerce_product_item_style','1',NULL,NULL),(66,'theme-shofy-404_page_image','main/general/404.png',NULL,NULL),(67,'theme-shofy-newsletter_popup_enable','1',NULL,NULL),(68,'theme-shofy-newsletter_popup_image','main/general/newsletter-popup.png',NULL,NULL),(69,'theme-shofy-newsletter_popup_title','Subscribe Now',NULL,NULL),(70,'theme-shofy-newsletter_popup_subtitle','Newsletter',NULL,NULL),(71,'theme-shofy-newsletter_popup_description','Subscribe to our newsletter and get 10% off your first purchase',NULL,NULL),(72,'theme-shofy-lazy_load_images','1',NULL,NULL),(73,'theme-shofy-lazy_load_placeholder_image','main/general/placeholder.png',NULL,NULL),(74,'theme-shofy-breadcrumb_background_image','main/general/breadcrumb.jpg',NULL,NULL),(75,'theme-shofy-section_title_shape_decorated','style-3',NULL,NULL),(76,'theme-shofy-social_links','[[{\"key\":\"name\",\"value\":\"Facebook\"},{\"key\":\"icon\",\"value\":\"ti ti-brand-facebook\"},{\"key\":\"url\",\"value\":\"https:\\/\\/www.facebook.com\"}],[{\"key\":\"name\",\"value\":\"X (Twitter)\"},{\"key\":\"icon\",\"value\":\"ti ti-brand-x\"},{\"key\":\"url\",\"value\":\"https:\\/\\/x.com\"}],[{\"key\":\"name\",\"value\":\"YouTube\"},{\"key\":\"icon\",\"value\":\"ti ti-brand-youtube\"},{\"key\":\"url\",\"value\":\"https:\\/\\/www.youtube.com\"}],[{\"key\":\"name\",\"value\":\"Instagram\"},{\"key\":\"icon\",\"value\":\"ti ti-brand-linkedin\"},{\"key\":\"url\",\"value\":\"https:\\/\\/www.linkedin.com\"}]]',NULL,NULL),(77,'theme-shofy-social_sharing','[[{\"key\":\"social\",\"value\":\"facebook\"},{\"key\":\"icon\",\"value\":\"ti ti-brand-facebook\"}],[{\"key\":\"social\",\"value\":\"x\"},{\"key\":\"icon\",\"value\":\"ti ti-brand-x\"}],[{\"key\":\"social\",\"value\":\"pinterest\"},{\"key\":\"icon\",\"value\":\"ti ti-brand-pinterest\"}],[{\"key\":\"social\",\"value\":\"linkedin\"},{\"key\":\"icon\",\"value\":\"ti ti-brand-linkedin\"}],[{\"key\":\"social\",\"value\":\"whatsapp\"},{\"key\":\"icon\",\"value\":\"ti ti-brand-whatsapp\"}],[{\"key\":\"social\",\"value\":\"email\"},{\"key\":\"icon\",\"value\":\"ti ti-mail\"}]]',NULL,NULL),(78,'theme-shofy-login_background','main/general/auth-banner.png',NULL,NULL),(79,'theme-shofy-register_background','main/general/auth-banner.png',NULL,NULL),(80,'theme-shofy-merchant_return_policy_url','return-policy',NULL,NULL),(81,'theme-shofy-term_and_privacy_policy_url','privacy-policy',NULL,NULL);

--
-- Table structure for table `simple_slider_items`
--

CREATE TABLE `simple_slider_items` (
  `id` bigint unsigned NOT NULL AUTO_INCREMENT,
  `simple_slider_id` bigint unsigned NOT NULL,
  `title` varchar(191) COLLATE utf8mb4_unicode_ci DEFAULT NULL,
  `image` varchar(191) COLLATE utf8mb4_unicode_ci NOT NULL,
  `link` varchar(191) COLLATE utf8mb4_unicode_ci DEFAULT NULL,
  `description` text COLLATE utf8mb4_unicode_ci,
  `order` int unsigned NOT NULL DEFAULT '0',
  `created_at` timestamp NULL DEFAULT NULL,
  `updated_at` timestamp NULL DEFAULT NULL,
  PRIMARY KEY (`id`)
) ENGINE=InnoDB AUTO_INCREMENT=4 DEFAULT CHARSET=utf8mb4 COLLATE=utf8mb4_unicode_ci;

--
-- Dumping data for table `simple_slider_items`
--

INSERT INTO `simple_slider_items` VALUES (1,1,'The best tablet Collection 2023','main/sliders/slider-1.png','/products','Exclusive offer <span>-35%</span> off this week',0,'2024-10-31 20:46:36','2024-10-31 20:46:36'),(2,1,'The best note book collection 2023','main/sliders/slider-2.png','/products','Exclusive offer <span>-10%</span> off this week',1,'2024-10-31 20:46:36','2024-10-31 20:46:36'),(3,1,'The best phone collection 2023','main/sliders/slider-3.png','/products','Exclusive offer <span>-10%</span> off this week',2,'2024-10-31 20:46:36','2024-10-31 20:46:36');

--
-- Table structure for table `simple_sliders`
--

CREATE TABLE `simple_sliders` (
  `id` bigint unsigned NOT NULL AUTO_INCREMENT,
  `name` varchar(120) COLLATE utf8mb4_unicode_ci NOT NULL,
  `key` varchar(120) COLLATE utf8mb4_unicode_ci NOT NULL,
  `description` varchar(400) COLLATE utf8mb4_unicode_ci DEFAULT NULL,
  `status` varchar(60) COLLATE utf8mb4_unicode_ci NOT NULL DEFAULT 'published',
  `created_at` timestamp NULL DEFAULT NULL,
  `updated_at` timestamp NULL DEFAULT NULL,
  PRIMARY KEY (`id`)
) ENGINE=InnoDB AUTO_INCREMENT=2 DEFAULT CHARSET=utf8mb4 COLLATE=utf8mb4_unicode_ci;

--
-- Dumping data for table `simple_sliders`
--

INSERT INTO `simple_sliders` VALUES (1,'Home slider','home-slider','The main slider on homepage','published','2024-10-31 20:46:36','2024-10-31 20:46:36');

--
-- Table structure for table `slugs`
--

CREATE TABLE `slugs` (
  `id` bigint unsigned NOT NULL AUTO_INCREMENT,
  `key` varchar(191) COLLATE utf8mb4_unicode_ci NOT NULL,
  `reference_id` bigint unsigned NOT NULL,
  `reference_type` varchar(191) COLLATE utf8mb4_unicode_ci NOT NULL,
  `prefix` varchar(120) COLLATE utf8mb4_unicode_ci DEFAULT '',
  `created_at` timestamp NULL DEFAULT NULL,
  `updated_at` timestamp NULL DEFAULT NULL,
  PRIMARY KEY (`id`),
  KEY `slugs_reference_id_index` (`reference_id`),
  KEY `slugs_key_index` (`key`),
  KEY `slugs_prefix_index` (`prefix`),
  KEY `slugs_reference_index` (`reference_id`,`reference_type`)
) ENGINE=InnoDB AUTO_INCREMENT=240 DEFAULT CHARSET=utf8mb4 COLLATE=utf8mb4_unicode_ci;

--
-- Dumping data for table `slugs`
--

INSERT INTO `slugs` VALUES (1,'foodpound',1,'Botble\\Ecommerce\\Models\\Brand','brands','2024-10-31 20:46:28','2024-10-31 20:46:28'),(2,'itea-jsc',2,'Botble\\Ecommerce\\Models\\Brand','brands','2024-10-31 20:46:28','2024-10-31 20:46:28'),(3,'soda-brand',3,'Botble\\Ecommerce\\Models\\Brand','brands','2024-10-31 20:46:28','2024-10-31 20:46:28'),(4,'shofy',4,'Botble\\Ecommerce\\Models\\Brand','brands','2024-10-31 20:46:28','2024-10-31 20:46:28'),(5,'soda-brand',5,'Botble\\Ecommerce\\Models\\Brand','brands','2024-10-31 20:46:28','2024-10-31 20:46:28'),(6,'electronic',1,'Botble\\Ecommerce\\Models\\ProductTag','product-tags','2024-10-31 20:46:31','2024-10-31 20:46:31'),(7,'mobile',2,'Botble\\Ecommerce\\Models\\ProductTag','product-tags','2024-10-31 20:46:31','2024-10-31 20:46:31'),(8,'iphone',3,'Botble\\Ecommerce\\Models\\ProductTag','product-tags','2024-10-31 20:46:31','2024-10-31 20:46:31'),(9,'printer',4,'Botble\\Ecommerce\\Models\\ProductTag','product-tags','2024-10-31 20:46:31','2024-10-31 20:46:31'),(10,'office',5,'Botble\\Ecommerce\\Models\\ProductTag','product-tags','2024-10-31 20:46:31','2024-10-31 20:46:31'),(11,'it',6,'Botble\\Ecommerce\\Models\\ProductTag','product-tags','2024-10-31 20:46:31','2024-10-31 20:46:31'),(12,'crisp-bread-cake',1,'Botble\\Blog\\Models\\Category','blog','2024-10-31 20:46:32','2024-10-31 20:46:32'),(13,'fashion',2,'Botble\\Blog\\Models\\Category','blog','2024-10-31 20:46:32','2024-10-31 20:46:32'),(14,'electronic',3,'Botble\\Blog\\Models\\Category','blog','2024-10-31 20:46:32','2024-10-31 20:46:32'),(15,'commercial',4,'Botble\\Blog\\Models\\Category','blog','2024-10-31 20:46:32','2024-10-31 20:46:32'),(16,'organic-fruits',5,'Botble\\Blog\\Models\\Category','blog','2024-10-31 20:46:32','2024-10-31 20:46:32'),(17,'ecological',6,'Botble\\Blog\\Models\\Category','blog','2024-10-31 20:46:32','2024-10-31 20:46:32'),(18,'general',1,'Botble\\Blog\\Models\\Tag','tag','2024-10-31 20:46:32','2024-10-31 20:46:32'),(19,'design',2,'Botble\\Blog\\Models\\Tag','tag','2024-10-31 20:46:32','2024-10-31 20:46:32'),(20,'fashion',3,'Botble\\Blog\\Models\\Tag','tag','2024-10-31 20:46:32','2024-10-31 20:46:32'),(21,'branding',4,'Botble\\Blog\\Models\\Tag','tag','2024-10-31 20:46:32','2024-10-31 20:46:32'),(22,'modern',5,'Botble\\Blog\\Models\\Tag','tag','2024-10-31 20:46:32','2024-10-31 20:46:32'),(23,'nature',6,'Botble\\Blog\\Models\\Tag','tag','2024-10-31 20:46:32','2024-10-31 20:46:32'),(24,'vintage',7,'Botble\\Blog\\Models\\Tag','tag','2024-10-31 20:46:32','2024-10-31 20:46:32'),(25,'sunglasses',8,'Botble\\Blog\\Models\\Tag','tag','2024-10-31 20:46:32','2024-10-31 20:46:32'),(26,'4-expert-tips-on-how-to-choose-the-right-mens-wallet',1,'Botble\\Blog\\Models\\Post','blog','2024-10-31 20:46:32','2024-10-31 20:46:32'),(27,'sexy-clutches-how-to-buy-wear-a-designer-clutch-bag',2,'Botble\\Blog\\Models\\Post','blog','2024-10-31 20:46:32','2024-10-31 20:46:32'),(28,'the-top-2020-handbag-trends-to-know',3,'Botble\\Blog\\Models\\Post','blog','2024-10-31 20:46:32','2024-10-31 20:46:32'),(29,'how-to-match-the-color-of-your-handbag-with-an-outfit',4,'Botble\\Blog\\Models\\Post','blog','2024-10-31 20:46:32','2024-10-31 20:46:32'),(30,'how-to-care-for-leather-bags',5,'Botble\\Blog\\Models\\Post','blog','2024-10-31 20:46:32','2024-10-31 20:46:32'),(31,'were-crushing-hard-on-summers-10-biggest-bag-trends',6,'Botble\\Blog\\Models\\Post','blog','2024-10-31 20:46:32','2024-10-31 20:46:32'),(32,'essential-qualities-of-highly-successful-music',7,'Botble\\Blog\\Models\\Post','blog','2024-10-31 20:46:32','2024-10-31 20:46:32'),(33,'9-things-i-love-about-shaving-my-head',8,'Botble\\Blog\\Models\\Post','blog','2024-10-31 20:46:32','2024-10-31 20:46:32'),(34,'why-teamwork-really-makes-the-dream-work',9,'Botble\\Blog\\Models\\Post','blog','2024-10-31 20:46:32','2024-10-31 20:46:32'),(35,'the-world-caters-to-average-people',10,'Botble\\Blog\\Models\\Post','blog','2024-10-31 20:46:32','2024-10-31 20:46:32'),(36,'the-litigants-on-the-screen-are-not-actors',11,'Botble\\Blog\\Models\\Post','blog','2024-10-31 20:46:32','2024-10-31 20:46:32'),(37,'hiring-the-right-sales-team-at-the-right-time',12,'Botble\\Blog\\Models\\Post','blog','2024-10-31 20:46:32','2024-10-31 20:46:32'),(38,'fully-embrace-the-return-of-90s-fashion',13,'Botble\\Blog\\Models\\Post','blog','2024-10-31 20:46:32','2024-10-31 20:46:32'),(39,'exploring-the-english-countryside',14,'Botble\\Blog\\Models\\Post','blog','2024-10-31 20:46:32','2024-10-31 20:46:32'),(40,'heres-the-first-valentinos-new-makeup-collection',15,'Botble\\Blog\\Models\\Post','blog','2024-10-31 20:46:32','2024-10-31 20:46:32'),(41,'follow-your-own-design-process-whatever-gets',16,'Botble\\Blog\\Models\\Post','blog','2024-10-31 20:46:32','2024-10-31 20:46:32'),(42,'freelancer-days-2024-whats-new',17,'Botble\\Blog\\Models\\Post','blog','2024-10-31 20:46:32','2024-10-31 20:46:32'),(43,'quality-foods-requirments-for-every-human-bodys',18,'Botble\\Blog\\Models\\Post','blog','2024-10-31 20:46:32','2024-10-31 20:46:32'),(44,'gopro',1,'Botble\\Marketplace\\Models\\Store','stores','2024-10-31 20:46:35','2024-10-31 20:46:35'),(45,'global-office',2,'Botble\\Marketplace\\Models\\Store','stores','2024-10-31 20:46:35','2024-10-31 20:46:35'),(46,'young-shop',3,'Botble\\Marketplace\\Models\\Store','stores','2024-10-31 20:46:35','2024-10-31 20:46:35'),(47,'global-store',4,'Botble\\Marketplace\\Models\\Store','stores','2024-10-31 20:46:35','2024-10-31 20:46:35'),(48,'roberts-store',5,'Botble\\Marketplace\\Models\\Store','stores','2024-10-31 20:46:35','2024-10-31 20:46:35'),(49,'stouffer',6,'Botble\\Marketplace\\Models\\Store','stores','2024-10-31 20:46:35','2024-10-31 20:46:35'),(50,'starkist',7,'Botble\\Marketplace\\Models\\Store','stores','2024-10-31 20:46:35','2024-10-31 20:46:35'),(51,'old-el-paso',8,'Botble\\Marketplace\\Models\\Store','stores','2024-10-31 20:46:35','2024-10-31 20:46:35'),(52,'new-arrivals',1,'Botble\\Ecommerce\\Models\\ProductCategory','product-categories','2024-10-31 20:46:36','2024-10-31 20:46:36'),(53,'electronics',2,'Botble\\Ecommerce\\Models\\ProductCategory','product-categories','2024-10-31 20:46:36','2024-10-31 20:46:36'),(54,'featured',3,'Botble\\Ecommerce\\Models\\ProductCategory','product-categories','2024-10-31 20:46:36','2024-10-31 20:46:36'),(55,'new-arrivals',4,'Botble\\Ecommerce\\Models\\ProductCategory','product-categories','2024-10-31 20:46:36','2024-10-31 20:46:36'),(56,'best-sellers',5,'Botble\\Ecommerce\\Models\\ProductCategory','product-categories','2024-10-31 20:46:36','2024-10-31 20:46:36'),(57,'mobile-phone',6,'Botble\\Ecommerce\\Models\\ProductCategory','product-categories','2024-10-31 20:46:36','2024-10-31 20:46:36'),(58,'computers-laptops',7,'Botble\\Ecommerce\\Models\\ProductCategory','product-categories','2024-10-31 20:46:36','2024-10-31 20:46:36'),(59,'top-brands',8,'Botble\\Ecommerce\\Models\\ProductCategory','product-categories','2024-10-31 20:46:36','2024-10-31 20:46:36'),(60,'weekly-best-selling',9,'Botble\\Ecommerce\\Models\\ProductCategory','product-categories','2024-10-31 20:46:36','2024-10-31 20:46:36'),(61,'cpu-heat-pipes',10,'Botble\\Ecommerce\\Models\\ProductCategory','product-categories','2024-10-31 20:46:36','2024-10-31 20:46:36'),(62,'cpu-coolers',11,'Botble\\Ecommerce\\Models\\ProductCategory','product-categories','2024-10-31 20:46:36','2024-10-31 20:46:36'),(63,'accessories',12,'Botble\\Ecommerce\\Models\\ProductCategory','product-categories','2024-10-31 20:46:36','2024-10-31 20:46:36'),(64,'headphones',13,'Botble\\Ecommerce\\Models\\ProductCategory','product-categories','2024-10-31 20:46:36','2024-10-31 20:46:36'),(65,'wireless-headphones',14,'Botble\\Ecommerce\\Models\\ProductCategory','product-categories','2024-10-31 20:46:36','2024-10-31 20:46:36'),(66,'tws-earphones',15,'Botble\\Ecommerce\\Models\\ProductCategory','product-categories','2024-10-31 20:46:36','2024-10-31 20:46:36'),(67,'smart-watch',16,'Botble\\Ecommerce\\Models\\ProductCategory','product-categories','2024-10-31 20:46:36','2024-10-31 20:46:36'),(68,'gaming-console',17,'Botble\\Ecommerce\\Models\\ProductCategory','product-categories','2024-10-31 20:46:36','2024-10-31 20:46:36'),(69,'playstation',18,'Botble\\Ecommerce\\Models\\ProductCategory','product-categories','2024-10-31 20:46:36','2024-10-31 20:46:36'),(70,'gifts',19,'Botble\\Ecommerce\\Models\\ProductCategory','product-categories','2024-10-31 20:46:36','2024-10-31 20:46:36'),(71,'computers',20,'Botble\\Ecommerce\\Models\\ProductCategory','product-categories','2024-10-31 20:46:36','2024-10-31 20:46:36'),(72,'desktop',21,'Botble\\Ecommerce\\Models\\ProductCategory','product-categories','2024-10-31 20:46:36','2024-10-31 20:46:36'),(73,'laptop',22,'Botble\\Ecommerce\\Models\\ProductCategory','product-categories','2024-10-31 20:46:36','2024-10-31 20:46:36'),(74,'tablet',23,'Botble\\Ecommerce\\Models\\ProductCategory','product-categories','2024-10-31 20:46:36','2024-10-31 20:46:36'),(75,'accessories',24,'Botble\\Ecommerce\\Models\\ProductCategory','product-categories','2024-10-31 20:46:36','2024-10-31 20:46:36'),(76,'smartphones-tablets',25,'Botble\\Ecommerce\\Models\\ProductCategory','product-categories','2024-10-31 20:46:36','2024-10-31 20:46:36'),(77,'tv-video-music',26,'Botble\\Ecommerce\\Models\\ProductCategory','product-categories','2024-10-31 20:46:36','2024-10-31 20:46:36'),(78,'cameras',27,'Botble\\Ecommerce\\Models\\ProductCategory','product-categories','2024-10-31 20:46:36','2024-10-31 20:46:36'),(79,'cooking',28,'Botble\\Ecommerce\\Models\\ProductCategory','product-categories','2024-10-31 20:46:36','2024-10-31 20:46:36'),(80,'accessories',29,'Botble\\Ecommerce\\Models\\ProductCategory','product-categories','2024-10-31 20:46:36','2024-10-31 20:46:36'),(81,'with-bluetooth',30,'Botble\\Ecommerce\\Models\\ProductCategory','product-categories','2024-10-31 20:46:36','2024-10-31 20:46:36'),(82,'sports',31,'Botble\\Ecommerce\\Models\\ProductCategory','product-categories','2024-10-31 20:46:36','2024-10-31 20:46:36'),(83,'electronics-gadgets',32,'Botble\\Ecommerce\\Models\\ProductCategory','product-categories','2024-10-31 20:46:36','2024-10-31 20:46:36'),(84,'micrscope',33,'Botble\\Ecommerce\\Models\\ProductCategory','product-categories','2024-10-31 20:46:36','2024-10-31 20:46:36'),(85,'remote-control',34,'Botble\\Ecommerce\\Models\\ProductCategory','product-categories','2024-10-31 20:46:36','2024-10-31 20:46:36'),(86,'monitor',35,'Botble\\Ecommerce\\Models\\ProductCategory','product-categories','2024-10-31 20:46:36','2024-10-31 20:46:36'),(87,'thermometer',36,'Botble\\Ecommerce\\Models\\ProductCategory','product-categories','2024-10-31 20:46:36','2024-10-31 20:46:36'),(88,'backpack',37,'Botble\\Ecommerce\\Models\\ProductCategory','product-categories','2024-10-31 20:46:36','2024-10-31 20:46:36'),(89,'headphones',38,'Botble\\Ecommerce\\Models\\ProductCategory','product-categories','2024-10-31 20:46:36','2024-10-31 20:46:36'),(90,'ecotech-marine-radion-xr30w-g5-pro-led-light-fixture',1,'Botble\\Ecommerce\\Models\\Product','products','2024-10-31 20:46:38','2024-10-31 20:46:38'),(91,'philips-hue-white-and-color-ambiance-a19-led-smart-bulb',2,'Botble\\Ecommerce\\Models\\Product','products','2024-10-31 20:46:38','2024-10-31 20:46:38'),(92,'samsung-galaxy-tab-s7-124-inch-android-tablet',3,'Botble\\Ecommerce\\Models\\Product','products','2024-10-31 20:46:38','2024-10-31 20:46:38'),(93,'apple-macbook-pro-16-inch-laptop-digital',4,'Botble\\Ecommerce\\Models\\Product','products','2024-10-31 20:46:38','2024-10-31 20:46:41'),(94,'sony-wh-1000xm4-wireless-noise-canceling-headphones',5,'Botble\\Ecommerce\\Models\\Product','products','2024-10-31 20:46:38','2024-10-31 20:46:38'),(95,'dji-mavic-air-2-drone',6,'Botble\\Ecommerce\\Models\\Product','products','2024-10-31 20:46:38','2024-10-31 20:46:38'),(96,'gopro-hero9-black-action-camera',7,'Botble\\Ecommerce\\Models\\Product','products','2024-10-31 20:46:38','2024-10-31 20:46:38'),(97,'bose-soundlink-revolve-portable-bluetooth-speaker-digital',8,'Botble\\Ecommerce\\Models\\Product','products','2024-10-31 20:46:38','2024-10-31 20:46:41'),(98,'nest-learning-thermostat-3rd-generation',9,'Botble\\Ecommerce\\Models\\Product','products','2024-10-31 20:46:38','2024-10-31 20:46:38'),(99,'ring-video-doorbell-pro',10,'Botble\\Ecommerce\\Models\\Product','products','2024-10-31 20:46:38','2024-10-31 20:46:38'),(100,'amazon-echo-show-10-3rd-gen',11,'Botble\\Ecommerce\\Models\\Product','products','2024-10-31 20:46:38','2024-10-31 20:46:38'),(101,'samsung-qn90a-neo-qled-4k-smart-tv-digital',12,'Botble\\Ecommerce\\Models\\Product','products','2024-10-31 20:46:38','2024-10-31 20:46:41'),(102,'lg-oled-c1-series-4k-smart-tv',13,'Botble\\Ecommerce\\Models\\Product','products','2024-10-31 20:46:38','2024-10-31 20:46:38'),(103,'sony-x950h-4k-ultra-hd-smart-led-tv',14,'Botble\\Ecommerce\\Models\\Product','products','2024-10-31 20:46:38','2024-10-31 20:46:38'),(104,'apple-watch-series-7',15,'Botble\\Ecommerce\\Models\\Product','products','2024-10-31 20:46:38','2024-10-31 20:46:38'),(105,'fitbit-charge-5-fitness-tracker-digital',16,'Botble\\Ecommerce\\Models\\Product','products','2024-10-31 20:46:38','2024-10-31 20:46:41'),(106,'garmin-fenix-7x-sapphire-solar-gps-watch',17,'Botble\\Ecommerce\\Models\\Product','products','2024-10-31 20:46:38','2024-10-31 20:46:38'),(107,'microsoft-surface-pro-8',18,'Botble\\Ecommerce\\Models\\Product','products','2024-10-31 20:46:38','2024-10-31 20:46:38'),(108,'lenovo-thinkpad-x1-carbon-gen-9-laptop',19,'Botble\\Ecommerce\\Models\\Product','products','2024-10-31 20:46:38','2024-10-31 20:46:38'),(109,'hp-spectre-x360-14-inch-convertible-laptop-digital',20,'Botble\\Ecommerce\\Models\\Product','products','2024-10-31 20:46:38','2024-10-31 20:46:41'),(110,'razer-blade-15-advanced-gaming-laptop',21,'Botble\\Ecommerce\\Models\\Product','products','2024-10-31 20:46:38','2024-10-31 20:46:38'),(111,'alienware-m15-r6-gaming-laptop',22,'Botble\\Ecommerce\\Models\\Product','products','2024-10-31 20:46:38','2024-10-31 20:46:38'),(112,'corsair-k95-rgb-platinum-xt-mechanical-gaming-keyboard',23,'Botble\\Ecommerce\\Models\\Product','products','2024-10-31 20:46:38','2024-10-31 20:46:38'),(113,'logitech-g-pro-x-superlight-wireless-gaming-mouse-digital',24,'Botble\\Ecommerce\\Models\\Product','products','2024-10-31 20:46:38','2024-10-31 20:46:41'),(114,'steelseries-arctis-pro-wireless-gaming-headset',25,'Botble\\Ecommerce\\Models\\Product','products','2024-10-31 20:46:38','2024-10-31 20:46:38'),(115,'elgato-stream-deck-xl',26,'Botble\\Ecommerce\\Models\\Product','products','2024-10-31 20:46:38','2024-10-31 20:46:38'),(116,'nintendo-switch-oled-model',27,'Botble\\Ecommerce\\Models\\Product','products','2024-10-31 20:46:38','2024-10-31 20:46:38'),(117,'playstation-5-console-digital',28,'Botble\\Ecommerce\\Models\\Product','products','2024-10-31 20:46:38','2024-10-31 20:46:41'),(118,'xbox-series-x-console',29,'Botble\\Ecommerce\\Models\\Product','products','2024-10-31 20:46:38','2024-10-31 20:46:38'),(119,'oculus-quest-2-vr-headset',30,'Botble\\Ecommerce\\Models\\Product','products','2024-10-31 20:46:38','2024-10-31 20:46:38'),(120,'htc-vive-cosmos-elite-vr-headset',31,'Botble\\Ecommerce\\Models\\Product','products','2024-10-31 20:46:38','2024-10-31 20:46:38'),(121,'samsung-odyssey-g9-49-inch-curved-gaming-monitor-digital',32,'Botble\\Ecommerce\\Models\\Product','products','2024-10-31 20:46:38','2024-10-31 20:46:41'),(122,'lg-ultragear-27gn950-b-4k-gaming-monitor',33,'Botble\\Ecommerce\\Models\\Product','products','2024-10-31 20:46:38','2024-10-31 20:46:38'),(123,'acer-predator-x38-pbmiphzx-38-inch-curved-gaming-monitor',34,'Botble\\Ecommerce\\Models\\Product','products','2024-10-31 20:46:38','2024-10-31 20:46:38'),(124,'asus-rog-swift-pg279qm-27-inch-gaming-monitor',35,'Botble\\Ecommerce\\Models\\Product','products','2024-10-31 20:46:38','2024-10-31 20:46:38'),(125,'benq-ew3280u-32-inch-4k-hdr-entertainment-monitor-digital',36,'Botble\\Ecommerce\\Models\\Product','products','2024-10-31 20:46:38','2024-10-31 20:46:41'),(126,'dell-ultrasharp-u2720q-27-inch-4k-usb-c-monitor',37,'Botble\\Ecommerce\\Models\\Product','products','2024-10-31 20:46:38','2024-10-31 20:46:38'),(127,'hp-z27k-g3-4k-usb-c-monitor',38,'Botble\\Ecommerce\\Models\\Product','products','2024-10-31 20:46:38','2024-10-31 20:46:38'),(128,'lg-27uk850-w-27-inch-4k-uhd-ips-monitor',39,'Botble\\Ecommerce\\Models\\Product','products','2024-10-31 20:46:38','2024-10-31 20:46:38'),(129,'samsung-odyssey-g7-32-inch-curved-gaming-monitor-digital',40,'Botble\\Ecommerce\\Models\\Product','products','2024-10-31 20:46:38','2024-10-31 20:46:41'),(130,'sony-x900h-4k-ultra-hd-smart-led-tv',41,'Botble\\Ecommerce\\Models\\Product','products','2024-10-31 20:46:38','2024-10-31 20:46:38'),(131,'tcl-6-series-4k-uhd-dolby-vision-hdr-qled-roku-smart-tv',42,'Botble\\Ecommerce\\Models\\Product','products','2024-10-31 20:46:38','2024-10-31 20:46:38'),(132,'vizio-oled65-h1-65-inch-4k-oled-smart-tv',43,'Botble\\Ecommerce\\Models\\Product','products','2024-10-31 20:46:38','2024-10-31 20:46:38'),(133,'hisense-u8g-quantum-series-4k-uled-android-tv-digital',44,'Botble\\Ecommerce\\Models\\Product','products','2024-10-31 20:46:38','2024-10-31 20:46:41'),(134,'lg-c1-series-4k-oled-smart-tv',45,'Botble\\Ecommerce\\Models\\Product','products','2024-10-31 20:46:38','2024-10-31 20:46:38'),(135,'samsung-qn85a-neo-qled-4k-smart-tv',46,'Botble\\Ecommerce\\Models\\Product','products','2024-10-31 20:46:38','2024-10-31 20:46:38'),(136,'sony-a90j-4k-oled-smart-tv',47,'Botble\\Ecommerce\\Models\\Product','products','2024-10-31 20:46:38','2024-10-31 20:46:38'),(137,'apple-tv-4k-2nd-generation-digital',48,'Botble\\Ecommerce\\Models\\Product','products','2024-10-31 20:46:38','2024-10-31 20:46:41'),(138,'roku-ultra-2020-streaming-media-player',49,'Botble\\Ecommerce\\Models\\Product','products','2024-10-31 20:46:39','2024-10-31 20:46:39'),(139,'amazon-fire-tv-stick-4k-max',50,'Botble\\Ecommerce\\Models\\Product','products','2024-10-31 20:46:39','2024-10-31 20:46:39'),(140,'google-chromecast-with-google-tv',51,'Botble\\Ecommerce\\Models\\Product','products','2024-10-31 20:46:39','2024-10-31 20:46:39'),(141,'nvidia-shield-tv-pro-digital',52,'Botble\\Ecommerce\\Models\\Product','products','2024-10-31 20:46:39','2024-10-31 20:46:41'),(142,'sonos-beam-gen-2-soundbar',53,'Botble\\Ecommerce\\Models\\Product','products','2024-10-31 20:46:39','2024-10-31 20:46:39'),(143,'bose-smart-soundbar-900',54,'Botble\\Ecommerce\\Models\\Product','products','2024-10-31 20:46:39','2024-10-31 20:46:39'),(144,'jbl-bar-91-soundbar-with-dolby-atmos',55,'Botble\\Ecommerce\\Models\\Product','products','2024-10-31 20:46:39','2024-10-31 20:46:39'),(145,'sennheiser-ambeo-soundbar-digital',56,'Botble\\Ecommerce\\Models\\Product','products','2024-10-31 20:46:39','2024-10-31 20:46:41'),(146,'sony-ht-a9-home-theater-system',57,'Botble\\Ecommerce\\Models\\Product','products','2024-10-31 20:46:39','2024-10-31 20:46:39'),(147,'perfect',1,'Botble\\Gallery\\Models\\Gallery','galleries','2024-10-31 20:46:40','2024-10-31 20:46:40'),(148,'new-day',2,'Botble\\Gallery\\Models\\Gallery','galleries','2024-10-31 20:46:40','2024-10-31 20:46:40'),(149,'happy-day',3,'Botble\\Gallery\\Models\\Gallery','galleries','2024-10-31 20:46:40','2024-10-31 20:46:40'),(150,'nature',4,'Botble\\Gallery\\Models\\Gallery','galleries','2024-10-31 20:46:40','2024-10-31 20:46:40'),(151,'morning',5,'Botble\\Gallery\\Models\\Gallery','galleries','2024-10-31 20:46:40','2024-10-31 20:46:40'),(152,'home',1,'Botble\\Page\\Models\\Page','','2024-10-31 20:46:41','2024-10-31 20:46:41'),(153,'categories',2,'Botble\\Page\\Models\\Page','','2024-10-31 20:46:41','2024-10-31 20:46:41'),(154,'brands',3,'Botble\\Page\\Models\\Page','','2024-10-31 20:46:41','2024-10-31 20:46:41'),(155,'coupons',4,'Botble\\Page\\Models\\Page','','2024-10-31 20:46:41','2024-10-31 20:46:41'),(156,'blog',5,'Botble\\Page\\Models\\Page','','2024-10-31 20:46:41','2024-10-31 20:46:41'),(157,'contact',6,'Botble\\Page\\Models\\Page','','2024-10-31 20:46:41','2024-10-31 20:46:41'),(158,'faqs',7,'Botble\\Page\\Models\\Page','','2024-10-31 20:46:41','2024-10-31 20:46:41'),(159,'cookie-policy',8,'Botble\\Page\\Models\\Page','','2024-10-31 20:46:41','2024-10-31 20:46:41'),(160,'our-story',9,'Botble\\Page\\Models\\Page','','2024-10-31 20:46:41','2024-10-31 20:46:41'),(161,'careers',10,'Botble\\Page\\Models\\Page','','2024-10-31 20:46:41','2024-10-31 20:46:41'),(162,'shipping',11,'Botble\\Page\\Models\\Page','','2024-10-31 20:46:41','2024-10-31 20:46:41'),(163,'coming-soon',12,'Botble\\Page\\Models\\Page','','2024-10-31 20:46:41','2024-10-31 20:46:41'),(164,'return-policy',13,'Botble\\Page\\Models\\Page','','2024-10-31 20:46:41','2024-10-31 20:46:41'),(165,'ecotech-marine-radion-xr30w-g5-pro-led-light-fixture',58,'Botble\\Ecommerce\\Models\\Product','products','2024-10-31 20:46:41','2024-10-31 20:46:41'),(166,'ecotech-marine-radion-xr30w-g5-pro-led-light-fixture',59,'Botble\\Ecommerce\\Models\\Product','products','2024-10-31 20:46:41','2024-10-31 20:46:41'),(167,'ecotech-marine-radion-xr30w-g5-pro-led-light-fixture',60,'Botble\\Ecommerce\\Models\\Product','products','2024-10-31 20:46:41','2024-10-31 20:46:41'),(168,'philips-hue-white-and-color-ambiance-a19-led-smart-bulb',61,'Botble\\Ecommerce\\Models\\Product','products','2024-10-31 20:46:41','2024-10-31 20:46:41'),(169,'sony-wh-1000xm4-wireless-noise-canceling-headphones',62,'Botble\\Ecommerce\\Models\\Product','products','2024-10-31 20:46:41','2024-10-31 20:46:41'),(170,'sony-wh-1000xm4-wireless-noise-canceling-headphones',63,'Botble\\Ecommerce\\Models\\Product','products','2024-10-31 20:46:41','2024-10-31 20:46:41'),(171,'bose-soundlink-revolve-portable-bluetooth-speaker-digital',64,'Botble\\Ecommerce\\Models\\Product','products','2024-10-31 20:46:41','2024-10-31 20:46:41'),(172,'bose-soundlink-revolve-portable-bluetooth-speaker-digital',65,'Botble\\Ecommerce\\Models\\Product','products','2024-10-31 20:46:41','2024-10-31 20:46:41'),(173,'ring-video-doorbell-pro',66,'Botble\\Ecommerce\\Models\\Product','products','2024-10-31 20:46:41','2024-10-31 20:46:41'),(174,'samsung-qn90a-neo-qled-4k-smart-tv-digital',67,'Botble\\Ecommerce\\Models\\Product','products','2024-10-31 20:46:41','2024-10-31 20:46:41'),(175,'samsung-qn90a-neo-qled-4k-smart-tv-digital',68,'Botble\\Ecommerce\\Models\\Product','products','2024-10-31 20:46:41','2024-10-31 20:46:41'),(176,'lg-oled-c1-series-4k-smart-tv',69,'Botble\\Ecommerce\\Models\\Product','products','2024-10-31 20:46:41','2024-10-31 20:46:41'),(177,'lg-oled-c1-series-4k-smart-tv',70,'Botble\\Ecommerce\\Models\\Product','products','2024-10-31 20:46:41','2024-10-31 20:46:41'),(178,'lg-oled-c1-series-4k-smart-tv',71,'Botble\\Ecommerce\\Models\\Product','products','2024-10-31 20:46:41','2024-10-31 20:46:41'),(179,'apple-watch-series-7',72,'Botble\\Ecommerce\\Models\\Product','products','2024-10-31 20:46:41','2024-10-31 20:46:41'),(180,'fitbit-charge-5-fitness-tracker-digital',73,'Botble\\Ecommerce\\Models\\Product','products','2024-10-31 20:46:41','2024-10-31 20:46:41'),(181,'garmin-fenix-7x-sapphire-solar-gps-watch',74,'Botble\\Ecommerce\\Models\\Product','products','2024-10-31 20:46:41','2024-10-31 20:46:41'),(182,'lenovo-thinkpad-x1-carbon-gen-9-laptop',75,'Botble\\Ecommerce\\Models\\Product','products','2024-10-31 20:46:41','2024-10-31 20:46:41'),(183,'lenovo-thinkpad-x1-carbon-gen-9-laptop',76,'Botble\\Ecommerce\\Models\\Product','products','2024-10-31 20:46:41','2024-10-31 20:46:41'),(184,'lenovo-thinkpad-x1-carbon-gen-9-laptop',77,'Botble\\Ecommerce\\Models\\Product','products','2024-10-31 20:46:41','2024-10-31 20:46:41'),(185,'hp-spectre-x360-14-inch-convertible-laptop-digital',78,'Botble\\Ecommerce\\Models\\Product','products','2024-10-31 20:46:41','2024-10-31 20:46:41'),(186,'hp-spectre-x360-14-inch-convertible-laptop-digital',79,'Botble\\Ecommerce\\Models\\Product','products','2024-10-31 20:46:41','2024-10-31 20:46:41'),(187,'razer-blade-15-advanced-gaming-laptop',80,'Botble\\Ecommerce\\Models\\Product','products','2024-10-31 20:46:41','2024-10-31 20:46:41'),(188,'razer-blade-15-advanced-gaming-laptop',81,'Botble\\Ecommerce\\Models\\Product','products','2024-10-31 20:46:41','2024-10-31 20:46:41'),(189,'alienware-m15-r6-gaming-laptop',82,'Botble\\Ecommerce\\Models\\Product','products','2024-10-31 20:46:41','2024-10-31 20:46:41'),(190,'alienware-m15-r6-gaming-laptop',83,'Botble\\Ecommerce\\Models\\Product','products','2024-10-31 20:46:41','2024-10-31 20:46:41'),(191,'alienware-m15-r6-gaming-laptop',84,'Botble\\Ecommerce\\Models\\Product','products','2024-10-31 20:46:41','2024-10-31 20:46:41'),(192,'alienware-m15-r6-gaming-laptop',85,'Botble\\Ecommerce\\Models\\Product','products','2024-10-31 20:46:41','2024-10-31 20:46:41'),(193,'alienware-m15-r6-gaming-laptop',86,'Botble\\Ecommerce\\Models\\Product','products','2024-10-31 20:46:41','2024-10-31 20:46:41'),(194,'corsair-k95-rgb-platinum-xt-mechanical-gaming-keyboard',87,'Botble\\Ecommerce\\Models\\Product','products','2024-10-31 20:46:41','2024-10-31 20:46:41'),(195,'corsair-k95-rgb-platinum-xt-mechanical-gaming-keyboard',88,'Botble\\Ecommerce\\Models\\Product','products','2024-10-31 20:46:41','2024-10-31 20:46:41'),(196,'corsair-k95-rgb-platinum-xt-mechanical-gaming-keyboard',89,'Botble\\Ecommerce\\Models\\Product','products','2024-10-31 20:46:41','2024-10-31 20:46:41'),(197,'corsair-k95-rgb-platinum-xt-mechanical-gaming-keyboard',90,'Botble\\Ecommerce\\Models\\Product','products','2024-10-31 20:46:41','2024-10-31 20:46:41'),(198,'logitech-g-pro-x-superlight-wireless-gaming-mouse-digital',91,'Botble\\Ecommerce\\Models\\Product','products','2024-10-31 20:46:41','2024-10-31 20:46:41'),(199,'logitech-g-pro-x-superlight-wireless-gaming-mouse-digital',92,'Botble\\Ecommerce\\Models\\Product','products','2024-10-31 20:46:41','2024-10-31 20:46:41'),(200,'logitech-g-pro-x-superlight-wireless-gaming-mouse-digital',93,'Botble\\Ecommerce\\Models\\Product','products','2024-10-31 20:46:41','2024-10-31 20:46:41'),(201,'elgato-stream-deck-xl',94,'Botble\\Ecommerce\\Models\\Product','products','2024-10-31 20:46:41','2024-10-31 20:46:41'),(202,'elgato-stream-deck-xl',95,'Botble\\Ecommerce\\Models\\Product','products','2024-10-31 20:46:41','2024-10-31 20:46:41'),(203,'elgato-stream-deck-xl',96,'Botble\\Ecommerce\\Models\\Product','products','2024-10-31 20:46:41','2024-10-31 20:46:41'),(204,'oculus-quest-2-vr-headset',97,'Botble\\Ecommerce\\Models\\Product','products','2024-10-31 20:46:41','2024-10-31 20:46:41'),(205,'oculus-quest-2-vr-headset',98,'Botble\\Ecommerce\\Models\\Product','products','2024-10-31 20:46:41','2024-10-31 20:46:41'),(206,'oculus-quest-2-vr-headset',99,'Botble\\Ecommerce\\Models\\Product','products','2024-10-31 20:46:41','2024-10-31 20:46:41'),(207,'acer-predator-x38-pbmiphzx-38-inch-curved-gaming-monitor',100,'Botble\\Ecommerce\\Models\\Product','products','2024-10-31 20:46:41','2024-10-31 20:46:41'),(208,'acer-predator-x38-pbmiphzx-38-inch-curved-gaming-monitor',101,'Botble\\Ecommerce\\Models\\Product','products','2024-10-31 20:46:41','2024-10-31 20:46:41'),(209,'acer-predator-x38-pbmiphzx-38-inch-curved-gaming-monitor',102,'Botble\\Ecommerce\\Models\\Product','products','2024-10-31 20:46:41','2024-10-31 20:46:41'),(210,'asus-rog-swift-pg279qm-27-inch-gaming-monitor',103,'Botble\\Ecommerce\\Models\\Product','products','2024-10-31 20:46:41','2024-10-31 20:46:41'),(211,'asus-rog-swift-pg279qm-27-inch-gaming-monitor',104,'Botble\\Ecommerce\\Models\\Product','products','2024-10-31 20:46:41','2024-10-31 20:46:41'),(212,'dell-ultrasharp-u2720q-27-inch-4k-usb-c-monitor',105,'Botble\\Ecommerce\\Models\\Product','products','2024-10-31 20:46:41','2024-10-31 20:46:41'),(213,'dell-ultrasharp-u2720q-27-inch-4k-usb-c-monitor',106,'Botble\\Ecommerce\\Models\\Product','products','2024-10-31 20:46:41','2024-10-31 20:46:41'),(214,'dell-ultrasharp-u2720q-27-inch-4k-usb-c-monitor',107,'Botble\\Ecommerce\\Models\\Product','products','2024-10-31 20:46:41','2024-10-31 20:46:41'),(215,'hp-z27k-g3-4k-usb-c-monitor',108,'Botble\\Ecommerce\\Models\\Product','products','2024-10-31 20:46:41','2024-10-31 20:46:41'),(216,'hp-z27k-g3-4k-usb-c-monitor',109,'Botble\\Ecommerce\\Models\\Product','products','2024-10-31 20:46:41','2024-10-31 20:46:41'),(217,'hp-z27k-g3-4k-usb-c-monitor',110,'Botble\\Ecommerce\\Models\\Product','products','2024-10-31 20:46:41','2024-10-31 20:46:41'),(218,'lg-27uk850-w-27-inch-4k-uhd-ips-monitor',111,'Botble\\Ecommerce\\Models\\Product','products','2024-10-31 20:46:41','2024-10-31 20:46:41'),(219,'lg-27uk850-w-27-inch-4k-uhd-ips-monitor',112,'Botble\\Ecommerce\\Models\\Product','products','2024-10-31 20:46:41','2024-10-31 20:46:41'),(220,'samsung-odyssey-g7-32-inch-curved-gaming-monitor-digital',113,'Botble\\Ecommerce\\Models\\Product','products','2024-10-31 20:46:41','2024-10-31 20:46:41'),(221,'samsung-odyssey-g7-32-inch-curved-gaming-monitor-digital',114,'Botble\\Ecommerce\\Models\\Product','products','2024-10-31 20:46:41','2024-10-31 20:46:41'),(222,'samsung-odyssey-g7-32-inch-curved-gaming-monitor-digital',115,'Botble\\Ecommerce\\Models\\Product','products','2024-10-31 20:46:41','2024-10-31 20:46:41'),(223,'sony-x900h-4k-ultra-hd-smart-led-tv',116,'Botble\\Ecommerce\\Models\\Product','products','2024-10-31 20:46:41','2024-10-31 20:46:41'),(224,'sony-x900h-4k-ultra-hd-smart-led-tv',117,'Botble\\Ecommerce\\Models\\Product','products','2024-10-31 20:46:41','2024-10-31 20:46:41'),(225,'vizio-oled65-h1-65-inch-4k-oled-smart-tv',118,'Botble\\Ecommerce\\Models\\Product','products','2024-10-31 20:46:41','2024-10-31 20:46:41'),(226,'hisense-u8g-quantum-series-4k-uled-android-tv-digital',119,'Botble\\Ecommerce\\Models\\Product','products','2024-10-31 20:46:41','2024-10-31 20:46:41'),(227,'hisense-u8g-quantum-series-4k-uled-android-tv-digital',120,'Botble\\Ecommerce\\Models\\Product','products','2024-10-31 20:46:41','2024-10-31 20:46:41'),(228,'roku-ultra-2020-streaming-media-player',121,'Botble\\Ecommerce\\Models\\Product','products','2024-10-31 20:46:41','2024-10-31 20:46:41'),(229,'roku-ultra-2020-streaming-media-player',122,'Botble\\Ecommerce\\Models\\Product','products','2024-10-31 20:46:41','2024-10-31 20:46:41'),(230,'roku-ultra-2020-streaming-media-player',123,'Botble\\Ecommerce\\Models\\Product','products','2024-10-31 20:46:41','2024-10-31 20:46:41'),(231,'amazon-fire-tv-stick-4k-max',124,'Botble\\Ecommerce\\Models\\Product','products','2024-10-31 20:46:41','2024-10-31 20:46:41'),(232,'amazon-fire-tv-stick-4k-max',125,'Botble\\Ecommerce\\Models\\Product','products','2024-10-31 20:46:41','2024-10-31 20:46:41'),(233,'sonos-beam-gen-2-soundbar',126,'Botble\\Ecommerce\\Models\\Product','products','2024-10-31 20:46:41','2024-10-31 20:46:41'),(234,'sonos-beam-gen-2-soundbar',127,'Botble\\Ecommerce\\Models\\Product','products','2024-10-31 20:46:41','2024-10-31 20:46:41'),(235,'sonos-beam-gen-2-soundbar',128,'Botble\\Ecommerce\\Models\\Product','products','2024-10-31 20:46:41','2024-10-31 20:46:41'),(236,'bose-smart-soundbar-900',129,'Botble\\Ecommerce\\Models\\Product','products','2024-10-31 20:46:41','2024-10-31 20:46:41'),(237,'bose-smart-soundbar-900',130,'Botble\\Ecommerce\\Models\\Product','products','2024-10-31 20:46:41','2024-10-31 20:46:41'),(238,'sennheiser-ambeo-soundbar-digital',131,'Botble\\Ecommerce\\Models\\Product','products','2024-10-31 20:46:41','2024-10-31 20:46:41'),(239,'sennheiser-ambeo-soundbar-digital',132,'Botble\\Ecommerce\\Models\\Product','products','2024-10-31 20:46:41','2024-10-31 20:46:41');

--
-- Table structure for table `slugs_translations`
--

CREATE TABLE `slugs_translations` (
  `lang_code` varchar(20) COLLATE utf8mb4_unicode_ci NOT NULL,
  `slugs_id` bigint unsigned NOT NULL,
  `key` varchar(191) COLLATE utf8mb4_unicode_ci DEFAULT NULL,
  `prefix` varchar(120) COLLATE utf8mb4_unicode_ci DEFAULT '',
  PRIMARY KEY (`lang_code`,`slugs_id`)
) ENGINE=InnoDB DEFAULT CHARSET=utf8mb4 COLLATE=utf8mb4_unicode_ci;

--
-- Dumping data for table `slugs_translations`
--


--
-- Table structure for table `states`
--

CREATE TABLE `states` (
  `id` bigint unsigned NOT NULL AUTO_INCREMENT,
  `name` varchar(120) COLLATE utf8mb4_unicode_ci NOT NULL,
  `slug` varchar(120) COLLATE utf8mb4_unicode_ci DEFAULT NULL,
  `abbreviation` varchar(10) COLLATE utf8mb4_unicode_ci DEFAULT NULL,
  `country_id` bigint unsigned DEFAULT NULL,
  `order` tinyint NOT NULL DEFAULT '0',
  `image` varchar(191) COLLATE utf8mb4_unicode_ci DEFAULT NULL,
  `is_default` tinyint unsigned NOT NULL DEFAULT '0',
  `status` varchar(60) COLLATE utf8mb4_unicode_ci NOT NULL DEFAULT 'published',
  `created_at` timestamp NULL DEFAULT NULL,
  `updated_at` timestamp NULL DEFAULT NULL,
  PRIMARY KEY (`id`),
  UNIQUE KEY `states_slug_unique` (`slug`)
) ENGINE=InnoDB DEFAULT CHARSET=utf8mb4 COLLATE=utf8mb4_unicode_ci;

--
-- Dumping data for table `states`
--


--
-- Table structure for table `states_translations`
--

CREATE TABLE `states_translations` (
  `lang_code` varchar(20) COLLATE utf8mb4_unicode_ci NOT NULL,
  `states_id` bigint unsigned NOT NULL,
  `name` varchar(120) COLLATE utf8mb4_unicode_ci DEFAULT NULL,
  `slug` varchar(120) COLLATE utf8mb4_unicode_ci DEFAULT NULL,
  `abbreviation` varchar(10) COLLATE utf8mb4_unicode_ci DEFAULT NULL,
  PRIMARY KEY (`lang_code`,`states_id`)
) ENGINE=InnoDB DEFAULT CHARSET=utf8mb4 COLLATE=utf8mb4_unicode_ci;

--
-- Dumping data for table `states_translations`
--


--
-- Table structure for table `tags`
--

CREATE TABLE `tags` (
  `id` bigint unsigned NOT NULL AUTO_INCREMENT,
  `name` varchar(120) COLLATE utf8mb4_unicode_ci NOT NULL,
  `author_id` bigint unsigned DEFAULT NULL,
  `author_type` varchar(191) COLLATE utf8mb4_unicode_ci NOT NULL DEFAULT 'Botble\\ACL\\Models\\User',
  `description` varchar(400) COLLATE utf8mb4_unicode_ci DEFAULT NULL,
  `status` varchar(60) COLLATE utf8mb4_unicode_ci NOT NULL DEFAULT 'published',
  `created_at` timestamp NULL DEFAULT NULL,
  `updated_at` timestamp NULL DEFAULT NULL,
  PRIMARY KEY (`id`)
) ENGINE=InnoDB AUTO_INCREMENT=9 DEFAULT CHARSET=utf8mb4 COLLATE=utf8mb4_unicode_ci;

--
-- Dumping data for table `tags`
--

INSERT INTO `tags` VALUES (1,'General',NULL,'Botble\\ACL\\Models\\User',NULL,'published','2024-10-31 20:46:32','2024-10-31 20:46:32'),(2,'Design',NULL,'Botble\\ACL\\Models\\User',NULL,'published','2024-10-31 20:46:32','2024-10-31 20:46:32'),(3,'Fashion',NULL,'Botble\\ACL\\Models\\User',NULL,'published','2024-10-31 20:46:32','2024-10-31 20:46:32'),(4,'Branding',NULL,'Botble\\ACL\\Models\\User',NULL,'published','2024-10-31 20:46:32','2024-10-31 20:46:32'),(5,'Modern',NULL,'Botble\\ACL\\Models\\User',NULL,'published','2024-10-31 20:46:32','2024-10-31 20:46:32'),(6,'Nature',NULL,'Botble\\ACL\\Models\\User',NULL,'published','2024-10-31 20:46:32','2024-10-31 20:46:32'),(7,'Vintage',NULL,'Botble\\ACL\\Models\\User',NULL,'published','2024-10-31 20:46:32','2024-10-31 20:46:32'),(8,'Sunglasses',NULL,'Botble\\ACL\\Models\\User',NULL,'published','2024-10-31 20:46:32','2024-10-31 20:46:32');

--
-- Table structure for table `tags_translations`
--

CREATE TABLE `tags_translations` (
  `lang_code` varchar(20) COLLATE utf8mb4_unicode_ci NOT NULL,
  `tags_id` bigint unsigned NOT NULL,
  `name` varchar(191) COLLATE utf8mb4_unicode_ci DEFAULT NULL,
  `description` varchar(400) COLLATE utf8mb4_unicode_ci DEFAULT NULL,
  PRIMARY KEY (`lang_code`,`tags_id`)
) ENGINE=InnoDB DEFAULT CHARSET=utf8mb4 COLLATE=utf8mb4_unicode_ci;

--
-- Dumping data for table `tags_translations`
--


--
-- Table structure for table `testimonials`
--

CREATE TABLE `testimonials` (
  `id` bigint unsigned NOT NULL AUTO_INCREMENT,
  `name` varchar(120) COLLATE utf8mb4_unicode_ci NOT NULL,
  `content` text COLLATE utf8mb4_unicode_ci NOT NULL,
  `image` varchar(191) COLLATE utf8mb4_unicode_ci DEFAULT NULL,
  `company` varchar(120) COLLATE utf8mb4_unicode_ci DEFAULT NULL,
  `status` varchar(60) COLLATE utf8mb4_unicode_ci NOT NULL DEFAULT 'published',
  `created_at` timestamp NULL DEFAULT NULL,
  `updated_at` timestamp NULL DEFAULT NULL,
  PRIMARY KEY (`id`)
) ENGINE=InnoDB AUTO_INCREMENT=5 DEFAULT CHARSET=utf8mb4 COLLATE=utf8mb4_unicode_ci;

--
-- Dumping data for table `testimonials`
--

INSERT INTO `testimonials` VALUES (1,'James Dopli','Thanks for all your efforts and teamwork over the last several months!  Thank you so much','main/users/1.jpg','Developer','published','2024-10-31 20:46:35','2024-10-31 20:46:35'),(2,'Theodore Handle','How you use the city or town name is up to you. All results may be freely used in any work.','main/users/7.jpg','CO Founder','published','2024-10-31 20:46:35','2024-10-31 20:46:35'),(3,'Shahnewaz Sakil','Very happy with our choice to take our daughter to Brave care. The entire team was great! Thank you!','main/users/8.jpg','UI/UX Designer','published','2024-10-31 20:46:35','2024-10-31 20:46:35'),(4,'Albert Flores','Wedding day savior! 5 stars. Their bridal collection is a game-changer. Made me feel like a star.','main/users/7.jpg','Bank of America','published','2024-10-31 20:46:35','2024-10-31 20:46:35');

--
-- Table structure for table `testimonials_translations`
--

CREATE TABLE `testimonials_translations` (
  `lang_code` varchar(20) COLLATE utf8mb4_unicode_ci NOT NULL,
  `testimonials_id` bigint unsigned NOT NULL,
  `name` varchar(191) COLLATE utf8mb4_unicode_ci DEFAULT NULL,
  `content` text COLLATE utf8mb4_unicode_ci,
  `company` varchar(120) COLLATE utf8mb4_unicode_ci DEFAULT NULL,
  PRIMARY KEY (`lang_code`,`testimonials_id`)
) ENGINE=InnoDB DEFAULT CHARSET=utf8mb4 COLLATE=utf8mb4_unicode_ci;

--
-- Dumping data for table `testimonials_translations`
--


--
-- Table structure for table `user_meta`
--

CREATE TABLE `user_meta` (
  `id` bigint unsigned NOT NULL AUTO_INCREMENT,
  `key` varchar(120) COLLATE utf8mb4_unicode_ci DEFAULT NULL,
  `value` text COLLATE utf8mb4_unicode_ci,
  `user_id` bigint unsigned NOT NULL,
  `created_at` timestamp NULL DEFAULT NULL,
  `updated_at` timestamp NULL DEFAULT NULL,
  PRIMARY KEY (`id`),
  KEY `user_meta_user_id_index` (`user_id`)
) ENGINE=InnoDB DEFAULT CHARSET=utf8mb4 COLLATE=utf8mb4_unicode_ci;

--
-- Dumping data for table `user_meta`
--


--
-- Table structure for table `users`
--

CREATE TABLE `users` (
  `id` bigint unsigned NOT NULL AUTO_INCREMENT,
  `email` varchar(191) COLLATE utf8mb4_unicode_ci NOT NULL,
  `email_verified_at` timestamp NULL DEFAULT NULL,
  `password` varchar(120) COLLATE utf8mb4_unicode_ci DEFAULT NULL,
  `remember_token` varchar(100) COLLATE utf8mb4_unicode_ci DEFAULT NULL,
  `created_at` timestamp NULL DEFAULT NULL,
  `updated_at` timestamp NULL DEFAULT NULL,
  `first_name` varchar(120) COLLATE utf8mb4_unicode_ci DEFAULT NULL,
  `last_name` varchar(120) COLLATE utf8mb4_unicode_ci DEFAULT NULL,
  `username` varchar(60) COLLATE utf8mb4_unicode_ci DEFAULT NULL,
  `avatar_id` bigint unsigned DEFAULT NULL,
  `super_user` tinyint(1) NOT NULL DEFAULT '0',
  `manage_supers` tinyint(1) NOT NULL DEFAULT '0',
  `permissions` text COLLATE utf8mb4_unicode_ci,
  `last_login` timestamp NULL DEFAULT NULL,
  PRIMARY KEY (`id`),
  UNIQUE KEY `users_email_unique` (`email`),
  UNIQUE KEY `users_username_unique` (`username`)
) ENGINE=InnoDB AUTO_INCREMENT=2 DEFAULT CHARSET=utf8mb4 COLLATE=utf8mb4_unicode_ci;

--
-- Dumping data for table `users`
--

INSERT INTO `users` VALUES (1,'charity43@bogan.com',NULL,'$2y$12$kfHNjfgWrZ7/xHmkGGIxyeTp/Xmgx8i1nuqNSNpp7PB8MaPGIE0/C',NULL,'2024-10-31 20:46:27','2024-10-31 20:46:27','Mattie','McClure','admin',NULL,1,1,NULL,NULL);

--
-- Table structure for table `widgets`
--

CREATE TABLE `widgets` (
  `id` bigint unsigned NOT NULL AUTO_INCREMENT,
  `widget_id` varchar(120) COLLATE utf8mb4_unicode_ci NOT NULL,
  `sidebar_id` varchar(120) COLLATE utf8mb4_unicode_ci NOT NULL,
  `theme` varchar(120) COLLATE utf8mb4_unicode_ci NOT NULL,
  `position` tinyint unsigned NOT NULL DEFAULT '0',
  `data` text COLLATE utf8mb4_unicode_ci,
  `created_at` timestamp NULL DEFAULT NULL,
  `updated_at` timestamp NULL DEFAULT NULL,
  PRIMARY KEY (`id`)
) ENGINE=InnoDB AUTO_INCREMENT=20 DEFAULT CHARSET=utf8mb4 COLLATE=utf8mb4_unicode_ci;

--
-- Dumping data for table `widgets`
--

INSERT INTO `widgets` VALUES (1,'SiteInfoWidget','footer_primary_sidebar','shofy',1,'{\"id\":\"SiteInfoWidget\",\"logo\":\"main\\/general\\/logo.png\",\"logo_height\":50,\"about\":\"Shofy is a powerful tool eCommerce Laravel script for creating a professional and visually appealing online store.\",\"show_social_links\":true}','2024-10-31 20:46:41','2024-10-31 20:46:41'),(2,'CustomMenuWidget','footer_primary_sidebar','shofy',2,'{\"id\":\"CustomMenuWidget\",\"name\":\"My Account\",\"menu_id\":\"my-account\"}','2024-10-31 20:46:41','2024-10-31 20:46:41'),(3,'CustomMenuWidget','footer_primary_sidebar','shofy',3,'{\"id\":\"CustomMenuWidget\",\"name\":\"Information\",\"menu_id\":\"information\"}','2024-10-31 20:46:41','2024-10-31 20:46:41'),(4,'SiteContactWidget','footer_primary_sidebar','shofy',4,'{\"id\":\"SiteContactWidget\",\"name\":\"Talk To Us\",\"phone_label\":\"Got Questions? Call us\",\"phone\":\"+670 413 90 762\",\"email\":\"support@shofy.com\",\"address\":\"79 Sleepy Hollow St. Jamaica, New York 1432\"}','2024-10-31 20:46:41','2024-10-31 20:46:41'),(5,'ProductCategoriesWidget','footer_primary_sidebar','shofy',5,'{\"id\":\"ProductCategoriesWidget\",\"name\":\"Health & Beauty\",\"categories\":[5,6,7,8,10,11,12]}','2024-10-31 20:46:41','2024-10-31 20:46:41'),(6,'ProductCategoriesWidget','footer_primary_sidebar','shofy',7,'{\"id\":\"ProductCategoriesWidget\",\"name\":\"Electronics\",\"style\":\"simple-text\",\"categories\":[3,4,15,18,19,20]}','2024-10-31 20:46:41','2024-10-31 20:46:41'),(7,'ProductCategoriesWidget','footer_primary_sidebar','shofy',8,'{\"id\":\"ProductCategoriesWidget\",\"name\":\"Sweet Treats\",\"categories\":[11,12,13,14,15,16,17]}','2024-10-31 20:46:41','2024-10-31 20:46:41'),(8,'ProductCategoriesWidget','footer_primary_sidebar','shofy',9,'{\"id\":\"ProductCategoriesWidget\",\"name\":\"Fashion\",\"categories\":[1,2,3,4,5,6,7,8]}','2024-10-31 20:46:41','2024-10-31 20:46:41'),(9,'NewsletterWidget','footer_top_sidebar','shofy',1,'{\"id\":\"NewsletterWidget\",\"title\":\"Subscribe our Newsletter\",\"subtitle\":\"Sale 20% off all store\"}','2024-10-31 20:46:41','2024-10-31 20:46:41'),(10,'SiteCopyrightWidget','footer_bottom_sidebar','shofy',1,'{\"id\":\"SiteCopyrightWidget\",\"content\":\"\\u00a9 %y% All rights Reserved.\"}','2024-10-31 20:46:41','2024-10-31 20:46:41'),(11,'SiteAcceptedPaymentsWidget','footer_bottom_sidebar','shofy',2,'{\"id\":\"SiteAcceptedPaymentsWidget\",\"name\":\"Accepted Payments\",\"image\":\"main\\/general\\/footer-pay.png\",\"url\":\"#\"}','2024-10-31 20:46:41','2024-10-31 20:46:41'),(12,'BlogSearchWidget','blog_sidebar','shofy',1,'{\"id\":\"BlogSearchWidget\"}','2024-10-31 20:46:41','2024-10-31 20:46:41'),(13,'BlogAboutMeWidget','blog_sidebar','shofy',2,'{\"id\":\"BlogAboutMeWidget\",\"name\":\"About Me\",\"author_url\":\"\\/blog\",\"author_avatar\":\"main\\/users\\/4.jpg\",\"author_name\":\"Ravi O\'Leigh\",\"author_role\":\"Photographer & Blogger\",\"author_description\":\"Lorem ligula eget dolor. Aenean massa. Cum sociis que penatibus magnis dis parturient\",\"author_signature\":\"main\\/general\\/signature.png\"}','2024-10-31 20:46:41','2024-10-31 20:46:41'),(14,'BlogPostsWidget','blog_sidebar','shofy',3,'{\"id\":\"BlogPostsWidget\",\"name\":\"Latest Posts\",\"limit\":3}','2024-10-31 20:46:41','2024-10-31 20:46:41'),(15,'BlogCategoriesWidget','blog_sidebar','shofy',4,'{\"id\":\"BlogCategoriesWidget\",\"name\":\"Categories\",\"number_display\":6}','2024-10-31 20:46:41','2024-10-31 20:46:41'),(16,'BlogTagsWidget','blog_sidebar','shofy',5,'{\"id\":\"BlogTagsWidget\",\"name\":\"Popular Tags\",\"number_display\":6}','2024-10-31 20:46:41','2024-10-31 20:46:41'),(17,'ProductDetailInfoWidget','product_details_sidebar','shofy',1,'{\"id\":\"ProductDetailInfoWidget\",\"messages\":[[{\"key\":\"message\",\"value\":\"30 days easy returns\"}],[{\"key\":\"message\",\"value\":\"Order yours before 2.30pm for same day dispatch\"}]],\"description\":\"Guaranteed safe & secure checkout\",\"image\":\"main\\/general\\/footer-pay.png\"}','2024-10-31 20:46:41','2024-10-31 20:46:41'),(18,'EcommerceBrands','products_listing_top_sidebar','shofy',1,'{\"id\":\"EcommerceBrands\",\"brand_ids\":[1,2,3,4,5]}','2024-10-31 20:46:41','2024-10-31 20:46:41'),(19,'ProductCategoriesWidget','products_listing_top_sidebar','shofy',2,'{\"id\":\"ProductCategoriesWidget\",\"categories\":[6,7,10,13,16,30],\"style\":\"slider\",\"display_children\":false}','2024-10-31 20:46:41','2024-10-31 20:46:41');


