--
-- Host: 127.0.0.1    Database: shofy
-- ------------------------------------------------------


--
-- Table structure for table `activations`
--

CREATE TABLE `activations` (
  `id` bigint unsigned NOT NULL AUTO_INCREMENT,
  `user_id` bigint unsigned NOT NULL,
  `code` varchar(120) COLLATE utf8mb4_unicode_ci NOT NULL,
  `completed` tinyint(1) NOT NULL DEFAULT '0',
  `completed_at` timestamp NULL DEFAULT NULL,
  `created_at` timestamp NULL DEFAULT NULL,
  `updated_at` timestamp NULL DEFAULT NULL,
  PRIMARY KEY (`id`),
  KEY `activations_user_id_index` (`user_id`)
) ENGINE=InnoDB AUTO_INCREMENT=2 DEFAULT CHARSET=utf8mb4 COLLATE=utf8mb4_unicode_ci;

--
-- Dumping data for table `activations`
--

INSERT INTO `activations` VALUES (1,1,'ujNVF9jbe3fzkM2CDQIS0KozvKUg0LOs',1,'2024-10-31 20:46:27','2024-10-31 20:46:27','2024-10-31 20:46:27');

--
-- Table structure for table `admin_notifications`
--

CREATE TABLE `admin_notifications` (
  `id` bigint unsigned NOT NULL AUTO_INCREMENT,
  `title` varchar(191) COLLATE utf8mb4_unicode_ci NOT NULL,
  `action_label` varchar(191) COLLATE utf8mb4_unicode_ci DEFAULT NULL,
  `action_url` varchar(191) COLLATE utf8mb4_unicode_ci DEFAULT NULL,
  `description` varchar(400) COLLATE utf8mb4_unicode_ci DEFAULT NULL,
  `read_at` timestamp NULL DEFAULT NULL,
  `created_at` timestamp NULL DEFAULT NULL,
  `updated_at` timestamp NULL DEFAULT NULL,
  `permission` varchar(191) COLLATE utf8mb4_unicode_ci DEFAULT NULL,
  PRIMARY KEY (`id`)
) ENGINE=InnoDB DEFAULT CHARSET=utf8mb4 COLLATE=utf8mb4_unicode_ci;

--
-- Dumping data for table `admin_notifications`
--


--
-- Table structure for table `ads_translations`
--

CREATE TABLE `ads_translations` (
  `lang_code` varchar(191) COLLATE utf8mb4_unicode_ci NOT NULL,
  `ads_id` bigint unsigned NOT NULL,
  `name` varchar(191) COLLATE utf8mb4_unicode_ci DEFAULT NULL,
  `image` varchar(191) COLLATE utf8mb4_unicode_ci DEFAULT NULL,
  `url` varchar(191) COLLATE utf8mb4_unicode_ci DEFAULT NULL,
  PRIMARY KEY (`lang_code`,`ads_id`)
) ENGINE=InnoDB DEFAULT CHARSET=utf8mb4 COLLATE=utf8mb4_unicode_ci;

--
-- Dumping data for table `ads_translations`
--


--
-- Table structure for table `announcements`
--

CREATE TABLE `announcements` (
  `id` bigint unsigned NOT NULL AUTO_INCREMENT,
  `name` varchar(191) COLLATE utf8mb4_unicode_ci NOT NULL,
  `content` text COLLATE utf8mb4_unicode_ci NOT NULL,
  `has_action` tinyint(1) NOT NULL DEFAULT '0',
  `action_label` varchar(60) COLLATE utf8mb4_unicode_ci DEFAULT NULL,
  `action_url` varchar(400) COLLATE utf8mb4_unicode_ci DEFAULT NULL,
  `action_open_new_tab` tinyint(1) NOT NULL DEFAULT '0',
  `dismissible` tinyint(1) NOT NULL DEFAULT '0',
  `start_date` datetime DEFAULT NULL,
  `end_date` datetime DEFAULT NULL,
  `is_active` tinyint(1) NOT NULL DEFAULT '1',
  `created_at` timestamp NULL DEFAULT NULL,
  `updated_at` timestamp NULL DEFAULT NULL,
  PRIMARY KEY (`id`)
) ENGINE=InnoDB AUTO_INCREMENT=4 DEFAULT CHARSET=utf8mb4 COLLATE=utf8mb4_unicode_ci;

--
-- Dumping data for table `announcements`
--

INSERT INTO `announcements` VALUES (1,'Announcement 1','Enjoy free shipping on all orders over $99! Shop now and save on delivery costs.',0,NULL,NULL,0,1,'2024-11-01 03:46:35',NULL,1,'2024-10-31 20:46:35','2024-10-31 20:46:35'),(2,'Announcement 2','Need assistance? Our customer support is available 24/7 to help you with any questions or concerns.',0,NULL,NULL,0,1,'2024-11-01 03:46:35',NULL,1,'2024-10-31 20:46:35','2024-10-31 20:46:35'),(3,'Announcement 3','Shop with confidence! We offer a hassle-free 30 days return service for your peace of mind.',0,NULL,NULL,0,1,'2024-11-01 03:46:35',NULL,1,'2024-10-31 20:46:35','2024-10-31 20:46:35');

--
-- Table structure for table `announcements_translations`
--

CREATE TABLE `announcements_translations` (
  `lang_code` varchar(191) COLLATE utf8mb4_unicode_ci NOT NULL,
  `announcements_id` bigint unsigned NOT NULL,
  `content` text COLLATE utf8mb4_unicode_ci,
  PRIMARY KEY (`lang_code`,`announcements_id`)
) ENGINE=InnoDB DEFAULT CHARSET=utf8mb4 COLLATE=utf8mb4_unicode_ci;

--
-- Dumping data for table `announcements_translations`
--


--
-- Table structure for table `audit_histories`
--

CREATE TABLE `audit_histories` (
  `id` bigint unsigned NOT NULL AUTO_INCREMENT,
  `user_id` bigint unsigned NOT NULL,
  `module` varchar(60) COLLATE utf8mb4_unicode_ci NOT NULL,
  `request` longtext COLLATE utf8mb4_unicode_ci,
  `action` varchar(120) COLLATE utf8mb4_unicode_ci NOT NULL,
  `user_agent` text COLLATE utf8mb4_unicode_ci,
  `ip_address` varchar(45) COLLATE utf8mb4_unicode_ci DEFAULT NULL,
  `reference_user` bigint unsigned NOT NULL,
  `reference_id` bigint unsigned NOT NULL,
  `reference_name` varchar(191) COLLATE utf8mb4_unicode_ci NOT NULL,
  `type` varchar(20) COLLATE utf8mb4_unicode_ci NOT NULL,
  `created_at` timestamp NULL DEFAULT NULL,
  `updated_at` timestamp NULL DEFAULT NULL,
  PRIMARY KEY (`id`),
  KEY `audit_histories_user_id_index` (`user_id`),
  KEY `audit_histories_module_index` (`module`)
) ENGINE=InnoDB DEFAULT CHARSET=utf8mb4 COLLATE=utf8mb4_unicode_ci;

--
-- Dumping data for table `audit_histories`
--


--
-- Table structure for table `categories`
--

CREATE TABLE `categories` (
  `id` bigint unsigned NOT NULL AUTO_INCREMENT,
  `name` varchar(120) COLLATE utf8mb4_unicode_ci NOT NULL,
  `parent_id` bigint unsigned NOT NULL DEFAULT '0',
  `description` varchar(400) COLLATE utf8mb4_unicode_ci DEFAULT NULL,
  `status` varchar(60) COLLATE utf8mb4_unicode_ci NOT NULL DEFAULT 'published',
  `author_id` bigint unsigned DEFAULT NULL,
  `author_type` varchar(191) COLLATE utf8mb4_unicode_ci NOT NULL DEFAULT 'Botble\\ACL\\Models\\User',
  `icon` varchar(60) COLLATE utf8mb4_unicode_ci DEFAULT NULL,
  `order` int unsigned NOT NULL DEFAULT '0',
  `is_featured` tinyint NOT NULL DEFAULT '0',
  `is_default` tinyint unsigned NOT NULL DEFAULT '0',
  `created_at` timestamp NULL DEFAULT NULL,
  `updated_at` timestamp NULL DEFAULT NULL,
  PRIMARY KEY (`id`),
  KEY `categories_parent_id_index` (`parent_id`),
  KEY `categories_status_index` (`status`),
  KEY `categories_created_at_index` (`created_at`)
) ENGINE=InnoDB AUTO_INCREMENT=7 DEFAULT CHARSET=utf8mb4 COLLATE=utf8mb4_unicode_ci;

--
-- Dumping data for table `categories`
--

INSERT INTO `categories` VALUES (1,'Crisp Bread &amp; Cake',0,'A ea voluptatem doloribus. Adipisci veniam alias non fuga et commodi. Qui repellendus autem et. Ea sit placeat in id quia.','published',1,'Botble\\ACL\\Models\\User',NULL,0,0,0,'2024-10-31 20:46:32','2024-10-31 20:46:32'),(2,'Fashion',0,'Exercitationem est beatae ut ratione repellendus omnis est. Expedita necessitatibus ut iure praesentium sunt quia iusto. Molestiae qui ut consectetur totam. Natus sed soluta illo aut possimus ut.','published',1,'Botble\\ACL\\Models\\User',NULL,0,1,0,'2024-10-31 20:46:32','2024-10-31 20:46:32'),(3,'Electronic',0,'Voluptatibus molestias sunt eveniet adipisci. Itaque eligendi non ut error. At qui quibusdam adipisci qui animi velit explicabo a.','published',1,'Botble\\ACL\\Models\\User',NULL,0,1,0,'2024-10-31 20:46:32','2024-10-31 20:46:32'),(4,'Commercial',0,'Voluptas sapiente sint quia vel quaerat doloribus. Ab laboriosam blanditiis eum fuga iure omnis. Voluptate vel sed esse animi. Enim quas possimus unde id.','published',1,'Botble\\ACL\\Models\\User',NULL,0,1,0,'2024-10-31 20:46:32','2024-10-31 20:46:32'),(5,'Organic Fruits',0,'Ut harum et ut minima ut quod. Est dicta consectetur mollitia assumenda quis explicabo.','published',1,'Botble\\ACL\\Models\\User',NULL,0,1,0,'2024-10-31 20:46:32','2024-10-31 20:46:32'),(6,'Ecological',0,'Eum vero nisi est atque quisquam illum aut. Maxime voluptas id tempora qui. Provident porro et quo quis. Qui ipsam autem ut eos.','published',1,'Botble\\ACL\\Models\\User',NULL,0,1,0,'2024-10-31 20:46:32','2024-10-31 20:46:32');

--
-- Table structure for table `categories_translations`
--

CREATE TABLE `categories_translations` (
  `lang_code` varchar(20) COLLATE utf8mb4_unicode_ci NOT NULL,
  `categories_id` bigint unsigned NOT NULL,
  `name` varchar(191) COLLATE utf8mb4_unicode_ci DEFAULT NULL,
  `description` varchar(400) COLLATE utf8mb4_unicode_ci DEFAULT NULL,
  PRIMARY KEY (`lang_code`,`categories_id`)
) ENGINE=InnoDB DEFAULT CHARSET=utf8mb4 COLLATE=utf8mb4_unicode_ci;

--
-- Dumping data for table `categories_translations`
--


--
-- Table structure for table `cities`
--

CREATE TABLE `cities` (
  `id` bigint unsigned NOT NULL AUTO_INCREMENT,
  `name` varchar(120) COLLATE utf8mb4_unicode_ci NOT NULL,
  `slug` varchar(120) COLLATE utf8mb4_unicode_ci DEFAULT NULL,
  `state_id` bigint unsigned DEFAULT NULL,
  `country_id` bigint unsigned DEFAULT NULL,
  `record_id` varchar(40) COLLATE utf8mb4_unicode_ci DEFAULT NULL,
  `order` tinyint NOT NULL DEFAULT '0',
  `image` varchar(191) COLLATE utf8mb4_unicode_ci DEFAULT NULL,
  `is_default` tinyint unsigned NOT NULL DEFAULT '0',
  `status` varchar(60) COLLATE utf8mb4_unicode_ci NOT NULL DEFAULT 'published',
  `created_at` timestamp NULL DEFAULT NULL,
  `updated_at` timestamp NULL DEFAULT NULL,
  PRIMARY KEY (`id`),
  UNIQUE KEY `cities_slug_unique` (`slug`)
) ENGINE=InnoDB DEFAULT CHARSET=utf8mb4 COLLATE=utf8mb4_unicode_ci;

--
-- Dumping data for table `cities`
--


--
-- Table structure for table `cities_translations`
--

CREATE TABLE `cities_translations` (
  `lang_code` varchar(20) COLLATE utf8mb4_unicode_ci NOT NULL,
  `cities_id` bigint unsigned NOT NULL,
  `name` varchar(120) COLLATE utf8mb4_unicode_ci DEFAULT NULL,
  `slug` varchar(120) COLLATE utf8mb4_unicode_ci DEFAULT NULL,
  PRIMARY KEY (`lang_code`,`cities_id`)
) ENGINE=InnoDB DEFAULT CHARSET=utf8mb4 COLLATE=utf8mb4_unicode_ci;

--
-- Dumping data for table `cities_translations`
--


--
-- Table structure for table `contact_custom_field_options`
--

CREATE TABLE `contact_custom_field_options` (
  `id` bigint unsigned NOT NULL AUTO_INCREMENT,
  `custom_field_id` bigint unsigned NOT NULL,
  `label` varchar(191) COLLATE utf8mb4_unicode_ci DEFAULT NULL,
  `value` varchar(191) COLLATE utf8mb4_unicode_ci NOT NULL,
  `order` int NOT NULL DEFAULT '999',
  `created_at` timestamp NULL DEFAULT NULL,
  `updated_at` timestamp NULL DEFAULT NULL,
  PRIMARY KEY (`id`)
) ENGINE=InnoDB DEFAULT CHARSET=utf8mb4 COLLATE=utf8mb4_unicode_ci;

--
-- Dumping data for table `contact_custom_field_options`
--


--
-- Table structure for table `contact_custom_field_options_translations`
--

CREATE TABLE `contact_custom_field_options_translations` (
  `contact_custom_field_options_id` bigint unsigned NOT NULL,
  `lang_code` varchar(191) COLLATE utf8mb4_unicode_ci NOT NULL,
  `label` varchar(191) COLLATE utf8mb4_unicode_ci DEFAULT NULL,
  `value` varchar(191) COLLATE utf8mb4_unicode_ci DEFAULT NULL,
  PRIMARY KEY (`lang_code`,`contact_custom_field_options_id`)
) ENGINE=InnoDB DEFAULT CHARSET=utf8mb4 COLLATE=utf8mb4_unicode_ci;

--
-- Dumping data for table `contact_custom_field_options_translations`
--


--
-- Table structure for table `contact_custom_fields`
--

CREATE TABLE `contact_custom_fields` (
  `id` bigint unsigned NOT NULL AUTO_INCREMENT,
  `type` varchar(191) COLLATE utf8mb4_unicode_ci NOT NULL,
  `required` tinyint(1) NOT NULL DEFAULT '0',
  `name` varchar(191) COLLATE utf8mb4_unicode_ci NOT NULL,
  `placeholder` varchar(191) COLLATE utf8mb4_unicode_ci DEFAULT NULL,
  `order` int NOT NULL DEFAULT '999',
  `status` varchar(191) COLLATE utf8mb4_unicode_ci NOT NULL DEFAULT 'published',
  `created_at` timestamp NULL DEFAULT NULL,
  `updated_at` timestamp NULL DEFAULT NULL,
  PRIMARY KEY (`id`)
) ENGINE=InnoDB DEFAULT CHARSET=utf8mb4 COLLATE=utf8mb4_unicode_ci;

--
-- Dumping data for table `contact_custom_fields`
--


--
-- Table structure for table `contact_custom_fields_translations`
--

CREATE TABLE `contact_custom_fields_translations` (
  `contact_custom_fields_id` bigint unsigned NOT NULL,
  `lang_code` varchar(191) COLLATE utf8mb4_unicode_ci NOT NULL,
  `name` varchar(191) COLLATE utf8mb4_unicode_ci DEFAULT NULL,
  `placeholder` varchar(191) COLLATE utf8mb4_unicode_ci DEFAULT NULL,
  PRIMARY KEY (`lang_code`,`contact_custom_fields_id`)
) ENGINE=InnoDB DEFAULT CHARSET=utf8mb4 COLLATE=utf8mb4_unicode_ci;

--
-- Dumping data for table `contact_custom_fields_translations`
--


--
-- Table structure for table `contact_replies`
--

CREATE TABLE `contact_replies` (
  `id` bigint unsigned NOT NULL AUTO_INCREMENT,
  `message` longtext COLLATE utf8mb4_unicode_ci NOT NULL,
  `contact_id` bigint unsigned NOT NULL,
  `created_at` timestamp NULL DEFAULT NULL,
  `updated_at` timestamp NULL DEFAULT NULL,
  PRIMARY KEY (`id`)
) ENGINE=InnoDB DEFAULT CHARSET=utf8mb4 COLLATE=utf8mb4_unicode_ci;

--
-- Dumping data for table `contact_replies`
--


--
-- Table structure for table `contacts`
--

CREATE TABLE `contacts` (
  `id` bigint unsigned NOT NULL AUTO_INCREMENT,
  `name` varchar(60) COLLATE utf8mb4_unicode_ci NOT NULL,
  `email` varchar(60) COLLATE utf8mb4_unicode_ci DEFAULT NULL,
  `phone` varchar(60) COLLATE utf8mb4_unicode_ci DEFAULT NULL,
  `address` varchar(120) COLLATE utf8mb4_unicode_ci DEFAULT NULL,
  `subject` varchar(120) COLLATE utf8mb4_unicode_ci DEFAULT NULL,
  `content` longtext COLLATE utf8mb4_unicode_ci NOT NULL,
  `custom_fields` text COLLATE utf8mb4_unicode_ci,
  `status` varchar(60) COLLATE utf8mb4_unicode_ci NOT NULL DEFAULT 'unread',
  `created_at` timestamp NULL DEFAULT NULL,
  `updated_at` timestamp NULL DEFAULT NULL,
  PRIMARY KEY (`id`)
) ENGINE=InnoDB AUTO_INCREMENT=11 DEFAULT CHARSET=utf8mb4 COLLATE=utf8mb4_unicode_ci;

--
-- Dumping data for table `contacts`
--

INSERT INTO `contacts` VALUES (1,'Prof. Dewayne Bruen','leonor.streich@example.org','303.992.9794','486 Kris Creek Apt. 434\nEast Guiseppeland, CO 17437','Dolores odio qui animi.','Ut aspernatur sit error vero expedita. Maiores et quia aliquid repudiandae. Consequatur laudantium tenetur accusantium qui. Et sed et itaque corporis delectus. Quaerat totam earum quasi quis. Voluptas repellat aperiam ducimus illum delectus ut. Quo molestiae officia nisi dignissimos tempore itaque. Ipsam est veniam voluptatem id iusto mollitia voluptate. Aliquam sunt dolore sapiente voluptatem molestiae pariatur. Nihil voluptatem sed enim doloribus perferendis repellat ipsa.',NULL,'unread','2024-10-31 20:46:31','2024-10-31 20:46:31'),(2,'Ms. Charlene Boehm','ubalistreri@example.com','+1 (470) 387-7740','47450 Anita Landing Apt. 878\nSouth Eloisehaven, UT 49841','Ea reiciendis vitae qui maxime.','Reiciendis consectetur et eos. Labore deleniti fuga iusto dolorem accusantium perspiciatis natus. Delectus dolorem beatae aut ut. Perspiciatis nam natus provident voluptates qui. A reprehenderit earum harum impedit corporis rerum. Impedit ut qui ut ut cum odit non. Repellendus maxime est aut rerum enim iste totam. Et est est dolorum reiciendis rem voluptas nihil. Quaerat facilis ullam aut pariatur laborum laborum quisquam.',NULL,'unread','2024-10-31 20:46:31','2024-10-31 20:46:31'),(3,'Mrs. Opal Emard','burley.hahn@example.com','+15012777242','7590 Kautzer Forest Suite 906\nEast Providencitown, IN 38720','Veniam molestiae quasi eos autem similique.','Eligendi atque modi tempora reprehenderit deserunt illo similique. Iusto facilis eveniet ut quo quia nisi. Quisquam deserunt est vel sit aperiam assumenda id. Omnis et ad ut quaerat iste. Veritatis eveniet sed dolores ut et alias quia. Quis et distinctio expedita voluptatem repellat. Voluptatum sequi commodi quod temporibus ab. Vel quo adipisci dolore. Aliquam nesciunt eius voluptatum explicabo voluptatem possimus saepe ut.',NULL,'unread','2024-10-31 20:46:31','2024-10-31 20:46:31'),(4,'Jewell Carter','nicolette00@example.com','+1 (443) 239-6815','24973 Amira Corners Apt. 227\nNorth Johathan, MT 46713-3117','Ut temporibus quis non culpa.','Rerum itaque nihil eius laborum vel provident sint. Quis cupiditate esse tenetur numquam. Qui odio eum et enim. Quam ea ea qui mollitia. Dolore minima animi in ea amet reprehenderit. Odit similique consectetur quisquam. Illum eius et ut repudiandae. In et fuga soluta excepturi iure tenetur. Eum repudiandae neque eius et est. Quo fugit consequatur sunt sed. Officia qui in fugiat illum cupiditate asperiores cupiditate pariatur. Esse enim in qui.',NULL,'unread','2024-10-31 20:46:31','2024-10-31 20:46:31'),(5,'Kylee Welch','lebsack.kali@example.com','214-769-7157','87107 Emmerich Way Suite 383\nLake Jaren, SC 60840-5384','Atque perferendis ab quia amet.','Excepturi cum et repellendus saepe eum. Porro dicta quis dolores ullam alias consectetur quia. Quia praesentium rem qui consequatur error et quibusdam accusamus. Possimus non deserunt vel id. Maiores eaque vitae quo repellat. Optio ut odit recusandae non laudantium odio est qui. Qui beatae commodi dolor itaque. Dolor odit eligendi natus eos sint consequatur. Possimus voluptatibus quis assumenda enim. Corporis et et nulla dolorum et nesciunt et. Dignissimos ut quia aut maxime mollitia tenetur.',NULL,'unread','2024-10-31 20:46:31','2024-10-31 20:46:31'),(6,'Tad Mertz PhD','daron.hamill@example.com','972-855-4115','403 Heaney Underpass Apt. 030\nKiaratown, NH 89880-9304','Incidunt repellat maxime eum quia consequatur.','Ut reiciendis ea occaecati sed nostrum repellendus. Quo neque dicta esse omnis. Recusandae aut iure quod cum doloribus aliquam. Itaque ut iusto atque non quaerat. Consequuntur et voluptas consequatur. Adipisci ut nulla veniam maxime ea. Soluta cum dolorem vel mollitia est omnis magnam aut. Aliquid quo incidunt adipisci quis deleniti nemo itaque ut. Et alias impedit iste laudantium ullam amet. Porro ratione quas vitae iste. Eos sint beatae sint voluptatum sed voluptas accusamus in.',NULL,'read','2024-10-31 20:46:31','2024-10-31 20:46:31'),(7,'Melany Schulist','rusty.marquardt@example.org','+1-959-543-7102','933 Mraz Avenue Suite 732\nEast Freddiefort, OR 48350-8673','Earum non ex eum.','Modi fuga nostrum voluptas vel minima vel quibusdam reiciendis. Eum in molestias earum necessitatibus ut. Unde qui deserunt numquam voluptatibus impedit eaque. Nisi labore qui laudantium delectus libero. Et aspernatur saepe similique sint odio saepe enim mollitia. Cum ullam officia molestias velit repudiandae. Omnis eos deserunt veritatis facilis quibusdam soluta optio atque. Ex quia quia facilis quam reiciendis. Maiores inventore doloremque asperiores dolorum aut.',NULL,'read','2024-10-31 20:46:31','2024-10-31 20:46:31'),(8,'Abagail Cruickshank DVM','ritchie.macie@example.org','580-340-3382','38770 Cynthia Spurs Apt. 946\nNew Jerrodfurt, ND 53168','Nisi occaecati quia blanditiis totam enim.','Repellat consequatur aut aut in odit itaque id. Voluptas fuga nemo explicabo tempora eius. Quaerat sunt quod illo illo amet. Officiis qui fugit rem sit molestiae dolorem eaque rem. Perferendis dolorem maxime excepturi eligendi. Illum at tenetur aut rerum eaque cumque. Eos occaecati voluptates consectetur suscipit laudantium. Ducimus et dolorem ea minima voluptas molestiae. Eveniet enim impedit aut at ipsa laborum dolorem.',NULL,'read','2024-10-31 20:46:31','2024-10-31 20:46:31'),(9,'Bonnie Wisoky','bwindler@example.org','1-223-628-9260','8141 Powlowski Crest Apt. 608\nJaskolskihaven, ND 93109','Illo quasi voluptatem earum et sunt.','Voluptatum incidunt nesciunt suscipit saepe harum odit. Ut enim eligendi autem ea voluptatum id consequatur. Facere iste sapiente dolore ut sit possimus nam. Sit inventore fugiat hic facere. Totam quia quis minima aut. Sit adipisci ipsa ducimus quasi ullam qui. In quis ipsam ea rerum eveniet quaerat. Et ipsa voluptatem vel ducimus. Qui non cupiditate sint corporis perferendis. Vel ut molestiae cum perferendis laborum quia modi. Suscipit facere voluptatum sint soluta.',NULL,'read','2024-10-31 20:46:31','2024-10-31 20:46:31'),(10,'Dr. Keeley Larson PhD','hauck.connie@example.com','(815) 642-5464','17625 Davis Circles\nWest Vito, DC 97757-2510','Voluptas ad quae doloribus velit magni.','Voluptates non culpa inventore dolor sapiente. Esse inventore sequi non pariatur nemo. Cupiditate et in velit temporibus. In atque numquam architecto. Error nihil quo earum sed. Nam sapiente ut tempore hic laudantium. Earum qui sunt quos omnis dolorum reiciendis. Quos exercitationem et dolore ad quam et nostrum. Id rerum quia laboriosam facere fuga fugit. Enim eum nam suscipit impedit.',NULL,'read','2024-10-31 20:46:31','2024-10-31 20:46:31');

--
-- Table structure for table `countries`
--

CREATE TABLE `countries` (
  `id` bigint unsigned NOT NULL AUTO_INCREMENT,
  `name` varchar(120) COLLATE utf8mb4_unicode_ci NOT NULL,
  `nationality` varchar(120) COLLATE utf8mb4_unicode_ci DEFAULT NULL,
  `order` tinyint NOT NULL DEFAULT '0',
  `image` varchar(191) COLLATE utf8mb4_unicode_ci DEFAULT NULL,
  `is_default` tinyint unsigned NOT NULL DEFAULT '0',
  `status` varchar(60) COLLATE utf8mb4_unicode_ci NOT NULL DEFAULT 'published',
  `created_at` timestamp NULL DEFAULT NULL,
  `updated_at` timestamp NULL DEFAULT NULL,
  `code` varchar(10) COLLATE utf8mb4_unicode_ci DEFAULT NULL,
  PRIMARY KEY (`id`)
) ENGINE=InnoDB DEFAULT CHARSET=utf8mb4 COLLATE=utf8mb4_unicode_ci;

--
-- Dumping data for table `countries`
--


--
-- Table structure for table `countries_translations`
--

CREATE TABLE `countries_translations` (
  `lang_code` varchar(20) COLLATE utf8mb4_unicode_ci NOT NULL,
  `countries_id` bigint unsigned NOT NULL,
  `name` varchar(120) COLLATE utf8mb4_unicode_ci DEFAULT NULL,
  `nationality` varchar(120) COLLATE utf8mb4_unicode_ci DEFAULT NULL,
  PRIMARY KEY (`lang_code`,`countries_id`)
) ENGINE=InnoDB DEFAULT CHARSET=utf8mb4 COLLATE=utf8mb4_unicode_ci;

--
-- Dumping data for table `countries_translations`
--


--
-- Table structure for table `dashboard_widget_settings`
--

CREATE TABLE `dashboard_widget_settings` (
  `id` bigint unsigned NOT NULL AUTO_INCREMENT,
  `settings` text COLLATE utf8mb4_unicode_ci,
  `user_id` bigint unsigned NOT NULL,
  `widget_id` bigint unsigned NOT NULL,
  `order` tinyint unsigned NOT NULL DEFAULT '0',
  `status` tinyint unsigned NOT NULL DEFAULT '1',
  `created_at` timestamp NULL DEFAULT NULL,
  `updated_at` timestamp NULL DEFAULT NULL,
  PRIMARY KEY (`id`),
  KEY `dashboard_widget_settings_user_id_index` (`user_id`),
  KEY `dashboard_widget_settings_widget_id_index` (`widget_id`)
) ENGINE=InnoDB DEFAULT CHARSET=utf8mb4 COLLATE=utf8mb4_unicode_ci;

--
-- Dumping data for table `dashboard_widget_settings`
--


--
-- Table structure for table `dashboard_widgets`
--

CREATE TABLE `dashboard_widgets` (
  `id` bigint unsigned NOT NULL AUTO_INCREMENT,
  `name` varchar(120) COLLATE utf8mb4_unicode_ci NOT NULL,
  `created_at` timestamp NULL DEFAULT NULL,
  `updated_at` timestamp NULL DEFAULT NULL,
  PRIMARY KEY (`id`)
) ENGINE=InnoDB DEFAULT CHARSET=utf8mb4 COLLATE=utf8mb4_unicode_ci;

--
-- Dumping data for table `dashboard_widgets`
--


--
-- Table structure for table `ec_brands`
--

CREATE TABLE `ec_brands` (
  `id` bigint unsigned NOT NULL AUTO_INCREMENT,
  `name` varchar(191) COLLATE utf8mb4_unicode_ci NOT NULL,
  `description` mediumtext COLLATE utf8mb4_unicode_ci,
  `website` varchar(191) COLLATE utf8mb4_unicode_ci DEFAULT NULL,
  `logo` varchar(191) COLLATE utf8mb4_unicode_ci DEFAULT NULL,
  `status` varchar(60) COLLATE utf8mb4_unicode_ci NOT NULL DEFAULT 'published',
  `order` tinyint unsigned NOT NULL DEFAULT '0',
  `is_featured` tinyint unsigned NOT NULL DEFAULT '0',
  `created_at` timestamp NULL DEFAULT NULL,
  `updated_at` timestamp NULL DEFAULT NULL,
  PRIMARY KEY (`id`)
) ENGINE=InnoDB AUTO_INCREMENT=6 DEFAULT CHARSET=utf8mb4 COLLATE=utf8mb4_unicode_ci;

--
-- Dumping data for table `ec_brands`
--

INSERT INTO `ec_brands` VALUES (1,'FoodPound','New Snacks Release',NULL,'main/brands/1.png','published',0,1,'2024-10-31 20:46:28','2024-10-31 20:46:28'),(2,'iTea JSC','Happy Tea 100% Organic. From $29.9',NULL,'main/brands/2.png','published',1,1,'2024-10-31 20:46:28','2024-10-31 20:46:28'),(3,'Soda Brand','Fresh Meat Sausage. BUY 2 GET 1!',NULL,'main/brands/3.png','published',2,1,'2024-10-31 20:46:28','2024-10-31 20:46:28'),(4,'Shofy','Fresh Meat Sausage. BUY 2 GET 1!',NULL,'main/brands/4.png','published',3,1,'2024-10-31 20:46:28','2024-10-31 20:46:28'),(5,'Soda Brand','Fresh Meat Sausage. BUY 2 GET 1!',NULL,'main/brands/5.png','published',4,1,'2024-10-31 20:46:28','2024-10-31 20:46:28');

--
-- Table structure for table `ec_brands_translations`
--

CREATE TABLE `ec_brands_translations` (
  `lang_code` varchar(191) COLLATE utf8mb4_unicode_ci NOT NULL,
  `ec_brands_id` bigint unsigned NOT NULL,
  `name` varchar(191) COLLATE utf8mb4_unicode_ci DEFAULT NULL,
  `description` mediumtext COLLATE utf8mb4_unicode_ci,
  PRIMARY KEY (`lang_code`,`ec_brands_id`)
) ENGINE=InnoDB DEFAULT CHARSET=utf8mb4 COLLATE=utf8mb4_unicode_ci;

--
-- Dumping data for table `ec_brands_translations`
--


--
-- Table structure for table `ec_cart`
--

CREATE TABLE `ec_cart` (
  `identifier` varchar(60) COLLATE utf8mb4_unicode_ci NOT NULL,
  `instance` varchar(60) COLLATE utf8mb4_unicode_ci NOT NULL,
  `content` longtext COLLATE utf8mb4_unicode_ci NOT NULL,
  `created_at` timestamp NULL DEFAULT NULL,
  `updated_at` timestamp NULL DEFAULT NULL,
  PRIMARY KEY (`identifier`,`instance`)
) ENGINE=InnoDB DEFAULT CHARSET=utf8mb4 COLLATE=utf8mb4_unicode_ci;

--
-- Dumping data for table `ec_cart`
--


--
-- Table structure for table `ec_currencies`
--

CREATE TABLE `ec_currencies` (
  `id` bigint unsigned NOT NULL AUTO_INCREMENT,
  `title` varchar(191) COLLATE utf8mb4_unicode_ci NOT NULL,
  `symbol` varchar(10) COLLATE utf8mb4_unicode_ci NOT NULL,
  `is_prefix_symbol` tinyint unsigned NOT NULL DEFAULT '0',
  `decimals` tinyint unsigned DEFAULT '0',
  `order` int unsigned DEFAULT '0',
  `is_default` tinyint NOT NULL DEFAULT '0',
  `exchange_rate` double NOT NULL DEFAULT '1',
  `created_at` timestamp NULL DEFAULT NULL,
  `updated_at` timestamp NULL DEFAULT NULL,
  PRIMARY KEY (`id`)
) ENGINE=InnoDB AUTO_INCREMENT=5 DEFAULT CHARSET=utf8mb4 COLLATE=utf8mb4_unicode_ci;

--
-- Dumping data for table `ec_currencies`
--

INSERT INTO `ec_currencies` VALUES (1,'USD','$',1,2,0,1,1,'2024-10-31 20:46:28','2024-10-31 20:46:28'),(2,'EUR','€',0,2,1,0,0.84,'2024-10-31 20:46:28','2024-10-31 20:46:28'),(3,'VND','₫',0,0,2,0,23203,'2024-10-31 20:46:28','2024-10-31 20:46:28'),(4,'NGN','₦',1,2,2,0,895.52,'2024-10-31 20:46:28','2024-10-31 20:46:28');

--
-- Table structure for table `ec_customer_addresses`
--

CREATE TABLE `ec_customer_addresses` (
  `id` bigint unsigned NOT NULL AUTO_INCREMENT,
  `name` varchar(191) COLLATE utf8mb4_unicode_ci NOT NULL,
  `email` varchar(60) COLLATE utf8mb4_unicode_ci DEFAULT NULL,
  `phone` varchar(20) COLLATE utf8mb4_unicode_ci DEFAULT NULL,
  `country` varchar(120) COLLATE utf8mb4_unicode_ci DEFAULT NULL,
  `state` varchar(120) COLLATE utf8mb4_unicode_ci DEFAULT NULL,
  `city` varchar(120) COLLATE utf8mb4_unicode_ci DEFAULT NULL,
  `address` varchar(191) COLLATE utf8mb4_unicode_ci DEFAULT NULL,
  `customer_id` bigint unsigned NOT NULL,
  `is_default` tinyint unsigned NOT NULL DEFAULT '0',
  `created_at` timestamp NULL DEFAULT NULL,
  `updated_at` timestamp NULL DEFAULT NULL,
  `zip_code` varchar(20) COLLATE utf8mb4_unicode_ci DEFAULT NULL,
  PRIMARY KEY (`id`)
) ENGINE=InnoDB AUTO_INCREMENT=13 DEFAULT CHARSET=utf8mb4 COLLATE=utf8mb4_unicode_ci;

--
-- Dumping data for table `ec_customer_addresses`
--

INSERT INTO `ec_customer_addresses` VALUES (1,'Jerrell Koelpin DVM','customer@botble.com','+16079669913','JE','Delaware','Grahamport','1371 Cruickshank Pike Apt. 936',1,1,'2024-10-31 20:46:28','2024-10-31 20:46:28','59280'),(2,'Jerrell Koelpin DVM','customer@botble.com','+18282490923','GW','Wisconsin','Freddymouth','8252 Kolby Well',1,0,'2024-10-31 20:46:28','2024-10-31 20:46:28','60415-9416'),(3,'Dr. Jameson Williamson','vendor@botble.com','+18604812850','ID','District of Columbia','West Lavonneburgh','5565 Altenwerth Road',2,1,'2024-10-31 20:46:29','2024-10-31 20:46:29','04803-8724'),(4,'Dr. Jameson Williamson','vendor@botble.com','+17473245276','ZW','Hawaii','West Denis','403 Gulgowski Light Suite 707',2,0,'2024-10-31 20:46:29','2024-10-31 20:46:29','68209-5799'),(5,'Dr. Jedidiah Jakubowski I','faye.king@example.com','+16817958002','RS','New Mexico','Port Haileyland','3167 Estella Hill',3,1,'2024-10-31 20:46:29','2024-10-31 20:46:29','47029'),(6,'Eileen Labadie DDS','juana.rogahn@example.com','+13055094358','GT','Wyoming','West Nellieton','9141 Selmer Locks Apt. 761',4,1,'2024-10-31 20:46:29','2024-10-31 20:46:29','11750'),(7,'Dr. Alessia Walter IV','julianne67@example.org','+12485431598','ST','Delaware','Lemkemouth','25952 Reva Ramp Apt. 562',5,1,'2024-10-31 20:46:29','2024-10-31 20:46:29','44945-9657'),(8,'Mrs. Raphaelle Kiehn V','fahey.beau@example.net','+16783395385','CM','Ohio','North Ivahhaven','72074 Mauricio Flats',6,1,'2024-10-31 20:46:30','2024-10-31 20:46:30','65743-6025'),(9,'Mrs. Genoveva Stiedemann','kerluke.clarissa@example.com','+16239001988','BR','Massachusetts','Ryanmouth','7934 Barton Extension',7,1,'2024-10-31 20:46:30','2024-10-31 20:46:30','62196-1013'),(10,'Edwina Dickens','welch.waldo@example.net','+17245454991','TD','Utah','New Jennifer','931 Cecile Plains Suite 771',8,1,'2024-10-31 20:46:30','2024-10-31 20:46:30','09319'),(11,'Dr. Myah Denesik','becker.rossie@example.net','+12835223408','MZ','Connecticut','Beckermouth','46552 Hector Summit',9,1,'2024-10-31 20:46:30','2024-10-31 20:46:30','50417-0983'),(12,'Ms. Jermaine Wintheiser V','cathy.terry@example.org','+14045774552','MG','Kansas','Arnoldomouth','581 Kunze Cliff Apt. 076',10,1,'2024-10-31 20:46:31','2024-10-31 20:46:31','50728-3457');

--
-- Table structure for table `ec_customer_deletion_requests`
--

CREATE TABLE `ec_customer_deletion_requests` (
  `id` bigint unsigned NOT NULL AUTO_INCREMENT,
  `customer_id` bigint unsigned NOT NULL,
  `customer_name` varchar(191) COLLATE utf8mb4_unicode_ci DEFAULT NULL,
  `customer_phone` varchar(191) COLLATE utf8mb4_unicode_ci DEFAULT NULL,
  `customer_email` varchar(191) COLLATE utf8mb4_unicode_ci DEFAULT NULL,
  `token` varchar(191) COLLATE utf8mb4_unicode_ci NOT NULL,
  `status` varchar(50) COLLATE utf8mb4_unicode_ci NOT NULL DEFAULT 'waiting_for_confirmation',
  `reason` text COLLATE utf8mb4_unicode_ci,
  `confirmed_at` datetime DEFAULT NULL,
  `created_at` timestamp NULL DEFAULT NULL,
  `updated_at` timestamp NULL DEFAULT NULL,
  PRIMARY KEY (`id`),
  UNIQUE KEY `ec_customer_deletion_requests_token_unique` (`token`)
) ENGINE=InnoDB DEFAULT CHARSET=utf8mb4 COLLATE=utf8mb4_unicode_ci;

--
-- Dumping data for table `ec_customer_deletion_requests`
--


--
-- Table structure for table `ec_customer_password_resets`
--

CREATE TABLE `ec_customer_password_resets` (
  `email` varchar(191) COLLATE utf8mb4_unicode_ci NOT NULL,
  `token` varchar(191) COLLATE utf8mb4_unicode_ci NOT NULL,
  `created_at` timestamp NULL DEFAULT NULL,
  KEY `ec_customer_password_resets_email_index` (`email`),
  KEY `ec_customer_password_resets_token_index` (`token`)
) ENGINE=InnoDB DEFAULT CHARSET=utf8mb4 COLLATE=utf8mb4_unicode_ci;

--
-- Dumping data for table `ec_customer_password_resets`
--


--
-- Table structure for table `ec_customer_recently_viewed_products`
--

CREATE TABLE `ec_customer_recently_viewed_products` (
  `id` bigint unsigned NOT NULL AUTO_INCREMENT,
  `customer_id` bigint unsigned NOT NULL,
  `product_id` bigint unsigned NOT NULL,
  PRIMARY KEY (`id`)
) ENGINE=InnoDB DEFAULT CHARSET=utf8mb4 COLLATE=utf8mb4_unicode_ci;

--
-- Dumping data for table `ec_customer_recently_viewed_products`
--


--
-- Table structure for table `ec_customer_used_coupons`
--

CREATE TABLE `ec_customer_used_coupons` (
  `discount_id` bigint unsigned NOT NULL,
  `customer_id` bigint unsigned NOT NULL,
  PRIMARY KEY (`discount_id`,`customer_id`)
) ENGINE=InnoDB DEFAULT CHARSET=utf8mb4 COLLATE=utf8mb4_unicode_ci;

--
-- Dumping data for table `ec_customer_used_coupons`
--


--
-- Table structure for table `ec_discount_customers`
--

CREATE TABLE `ec_discount_customers` (
  `discount_id` bigint unsigned NOT NULL,
  `customer_id` bigint unsigned NOT NULL,
  PRIMARY KEY (`discount_id`,`customer_id`)
) ENGINE=InnoDB DEFAULT CHARSET=utf8mb4 COLLATE=utf8mb4_unicode_ci;

--
-- Dumping data for table `ec_discount_customers`
--


--
-- Table structure for table `ec_discount_product_categories`
--

CREATE TABLE `ec_discount_product_categories` (
  `discount_id` bigint unsigned NOT NULL,
  `product_category_id` bigint unsigned NOT NULL,
  PRIMARY KEY (`discount_id`,`product_category_id`)
) ENGINE=InnoDB DEFAULT CHARSET=utf8mb4 COLLATE=utf8mb4_unicode_ci;

--
-- Dumping data for table `ec_discount_product_categories`
--


--
-- Table structure for table `ec_discount_product_collections`
--

CREATE TABLE `ec_discount_product_collections` (
  `discount_id` bigint unsigned NOT NULL,
  `product_collection_id` bigint unsigned NOT NULL,
  PRIMARY KEY (`discount_id`,`product_collection_id`)
) ENGINE=InnoDB DEFAULT CHARSET=utf8mb4 COLLATE=utf8mb4_unicode_ci;

--
-- Dumping data for table `ec_discount_product_collections`
--


--
-- Table structure for table `ec_discount_products`
--

CREATE TABLE `ec_discount_products` (
  `discount_id` bigint unsigned NOT NULL,
  `product_id` bigint unsigned NOT NULL,
  PRIMARY KEY (`discount_id`,`product_id`)
) ENGINE=InnoDB DEFAULT CHARSET=utf8mb4 COLLATE=utf8mb4_unicode_ci;

--
-- Dumping data for table `ec_discount_products`
--


--
-- Table structure for table `ec_discounts`
--

CREATE TABLE `ec_discounts` (
  `id` bigint unsigned NOT NULL AUTO_INCREMENT,
  `title` varchar(120) COLLATE utf8mb4_unicode_ci DEFAULT NULL,
  `code` varchar(20) COLLATE utf8mb4_unicode_ci DEFAULT NULL,
  `start_date` datetime DEFAULT NULL,
  `end_date` datetime DEFAULT NULL,
  `quantity` int DEFAULT NULL,
  `total_used` int unsigned NOT NULL DEFAULT '0',
  `value` double DEFAULT NULL,
  `type` varchar(60) COLLATE utf8mb4_unicode_ci DEFAULT 'coupon',
  `can_use_with_promotion` tinyint(1) NOT NULL DEFAULT '0',
  `can_use_with_flash_sale` tinyint(1) NOT NULL DEFAULT '0',
  `discount_on` varchar(20) COLLATE utf8mb4_unicode_ci DEFAULT NULL,
  `product_quantity` int unsigned DEFAULT NULL,
  `type_option` varchar(100) COLLATE utf8mb4_unicode_ci NOT NULL DEFAULT 'amount',
  `target` varchar(100) COLLATE utf8mb4_unicode_ci NOT NULL DEFAULT 'all-orders',
  `min_order_price` decimal(15,2) DEFAULT NULL,
  `apply_via_url` tinyint(1) NOT NULL DEFAULT '0',
  `display_at_checkout` tinyint(1) NOT NULL DEFAULT '0',
  `created_at` timestamp NULL DEFAULT NULL,
  `updated_at` timestamp NULL DEFAULT NULL,
  `store_id` bigint unsigned DEFAULT NULL,
  `description` varchar(400) COLLATE utf8mb4_unicode_ci DEFAULT NULL,
  PRIMARY KEY (`id`),
  UNIQUE KEY `ec_discounts_code_unique` (`code`)
) ENGINE=InnoDB AUTO_INCREMENT=11 DEFAULT CHARSET=utf8mb4 COLLATE=utf8mb4_unicode_ci;

--
-- Dumping data for table `ec_discounts`
--

INSERT INTO `ec_discounts` VALUES (1,'Discount 1','XBNB8NVXVPKW','2024-10-31 03:46:32','2024-11-02 03:46:32',NULL,0,408,'coupon',0,0,NULL,NULL,'shipping','all-orders',NULL,0,1,'2024-10-31 20:46:32','2024-10-31 20:46:32',NULL,NULL),(2,'Discount 2','2VJV6FMRHRBQ','2024-10-31 03:46:32','2024-11-06 03:46:32',NULL,0,124,'coupon',0,0,NULL,NULL,'shipping','all-orders',NULL,0,1,'2024-10-31 20:46:32','2024-10-31 20:46:32',NULL,NULL),(3,'Discount 3','OYTAHFFQVDPV','2024-10-31 03:46:32',NULL,NULL,0,45,'coupon',0,0,NULL,NULL,'same-price','all-orders',NULL,0,1,'2024-10-31 20:46:32','2024-10-31 20:46:32',NULL,NULL),(4,'Discount 4','1YCH4WLWGABW','2024-10-31 03:46:32','2024-11-07 03:46:32',NULL,0,76,'coupon',0,0,NULL,NULL,'percentage','all-orders',NULL,0,1,'2024-10-31 20:46:32','2024-10-31 20:46:32',NULL,NULL),(5,'Discount 5','KP2TWR4VIXDP','2024-10-31 03:46:32',NULL,NULL,0,77,'coupon',0,0,NULL,NULL,'percentage','all-orders',NULL,0,1,'2024-10-31 20:46:32','2024-10-31 20:46:32',NULL,NULL),(6,'Discount 6','2KRRLEN00PCG','2024-10-31 03:46:32','2024-11-20 03:46:32',NULL,0,88,'coupon',0,0,NULL,NULL,'amount','all-orders',NULL,0,1,'2024-10-31 20:46:32','2024-10-31 20:46:32',NULL,NULL),(7,'Discount 7','IF2WBNK7NUZM','2024-10-31 03:46:32',NULL,NULL,0,98,'coupon',0,0,NULL,NULL,'same-price','all-orders',NULL,0,1,'2024-10-31 20:46:32','2024-10-31 20:46:32',NULL,NULL),(8,'Discount 8','GK1LOQLR1EX9','2024-10-31 03:46:32',NULL,NULL,0,932,'coupon',0,0,NULL,NULL,'amount','all-orders',NULL,0,1,'2024-10-31 20:46:32','2024-10-31 20:46:32',NULL,NULL),(9,'Discount 9','PJQPVBKMYFJX','2024-10-31 03:46:32','2024-11-06 03:46:32',NULL,0,41,'coupon',0,0,NULL,NULL,'percentage','all-orders',NULL,0,1,'2024-10-31 20:46:32','2024-10-31 20:46:32',NULL,NULL),(10,'Discount 10','RWBZUACZV7VE','2024-10-31 03:46:32','2024-11-25 03:46:32',NULL,0,92,'coupon',0,0,NULL,NULL,'percentage','all-orders',NULL,0,1,'2024-10-31 20:46:32','2024-10-31 20:46:32',NULL,NULL);

--
-- Table structure for table `ec_flash_sale_products`
--

CREATE TABLE `ec_flash_sale_products` (
  `flash_sale_id` bigint unsigned NOT NULL,
  `product_id` bigint unsigned NOT NULL,
  `price` double unsigned DEFAULT NULL,
  `quantity` int unsigned DEFAULT NULL,
  `sold` int unsigned NOT NULL DEFAULT '0'
) ENGINE=InnoDB DEFAULT CHARSET=utf8mb4 COLLATE=utf8mb4_unicode_ci;

--
-- Dumping data for table `ec_flash_sale_products`
--

INSERT INTO `ec_flash_sale_products` VALUES (1,1,508.95,18,3),(1,2,1939.56,14,4),(1,3,187,13,1),(1,4,49.53,7,4),(1,5,638.88,20,5),(1,6,476.41,9,1),(1,7,84.32,14,5),(1,8,75.81,13,5),(1,9,586.71,20,3),(1,10,1321.65,18,1);

--
-- Table structure for table `ec_flash_sales`
--

CREATE TABLE `ec_flash_sales` (
  `id` bigint unsigned NOT NULL AUTO_INCREMENT,
  `name` varchar(191) COLLATE utf8mb4_unicode_ci NOT NULL,
  `end_date` datetime NOT NULL,
  `status` varchar(60) COLLATE utf8mb4_unicode_ci NOT NULL DEFAULT 'published',
  `created_at` timestamp NULL DEFAULT NULL,
  `updated_at` timestamp NULL DEFAULT NULL,
  PRIMARY KEY (`id`)
) ENGINE=InnoDB AUTO_INCREMENT=2 DEFAULT CHARSET=utf8mb4 COLLATE=utf8mb4_unicode_ci;

--
-- Dumping data for table `ec_flash_sales`
--

INSERT INTO `ec_flash_sales` VALUES (1,'Winter Sale','2024-11-16 00:00:00','published','2024-10-31 20:46:40','2024-10-31 20:46:40');

--
-- Table structure for table `ec_flash_sales_translations`
--

CREATE TABLE `ec_flash_sales_translations` (
  `lang_code` varchar(191) COLLATE utf8mb4_unicode_ci NOT NULL,
  `ec_flash_sales_id` bigint unsigned NOT NULL,
  `name` varchar(191) COLLATE utf8mb4_unicode_ci DEFAULT NULL,
  PRIMARY KEY (`lang_code`,`ec_flash_sales_id`)
) ENGINE=InnoDB DEFAULT CHARSET=utf8mb4 COLLATE=utf8mb4_unicode_ci;

--
-- Dumping data for table `ec_flash_sales_translations`
--


--
-- Table structure for table `ec_global_option_value`
--

CREATE TABLE `ec_global_option_value` (
  `id` bigint unsigned NOT NULL AUTO_INCREMENT,
  `option_id` bigint unsigned NOT NULL COMMENT 'option id',
  `option_value` tinytext COLLATE utf8mb4_unicode_ci COMMENT 'option value',
  `affect_price` double DEFAULT NULL COMMENT 'value of price of this option affect',
  `order` int NOT NULL DEFAULT '9999',
  `affect_type` tinyint NOT NULL DEFAULT '0' COMMENT '0. fixed 1. percent',
  `created_at` timestamp NULL DEFAULT NULL,
  `updated_at` timestamp NULL DEFAULT NULL,
  PRIMARY KEY (`id`)
) ENGINE=InnoDB AUTO_INCREMENT=13 DEFAULT CHARSET=utf8mb4 COLLATE=utf8mb4_unicode_ci;

--
-- Dumping data for table `ec_global_option_value`
--

INSERT INTO `ec_global_option_value` VALUES (1,1,'1 Year',0,9999,0,'2024-10-31 20:46:32','2024-10-31 20:46:32'),(2,1,'2 Year',10,9999,0,'2024-10-31 20:46:32','2024-10-31 20:46:32'),(3,1,'3 Year',20,9999,0,'2024-10-31 20:46:32','2024-10-31 20:46:32'),(4,2,'4GB',0,9999,0,'2024-10-31 20:46:32','2024-10-31 20:46:32'),(5,2,'8GB',10,9999,0,'2024-10-31 20:46:32','2024-10-31 20:46:32'),(6,2,'16GB',20,9999,0,'2024-10-31 20:46:32','2024-10-31 20:46:32'),(7,3,'Core i5',0,9999,0,'2024-10-31 20:46:32','2024-10-31 20:46:32'),(8,3,'Core i7',10,9999,0,'2024-10-31 20:46:32','2024-10-31 20:46:32'),(9,3,'Core i9',20,9999,0,'2024-10-31 20:46:32','2024-10-31 20:46:32'),(10,4,'128GB',0,9999,0,'2024-10-31 20:46:32','2024-10-31 20:46:32'),(11,4,'256GB',10,9999,0,'2024-10-31 20:46:32','2024-10-31 20:46:32'),(12,4,'512GB',20,9999,0,'2024-10-31 20:46:32','2024-10-31 20:46:32');

--
-- Table structure for table `ec_global_option_value_translations`
--

CREATE TABLE `ec_global_option_value_translations` (
  `lang_code` varchar(191) COLLATE utf8mb4_unicode_ci NOT NULL,
  `ec_global_option_value_id` bigint unsigned NOT NULL,
  `option_value` varchar(191) COLLATE utf8mb4_unicode_ci DEFAULT NULL,
  PRIMARY KEY (`lang_code`,`ec_global_option_value_id`)
) ENGINE=InnoDB DEFAULT CHARSET=utf8mb4 COLLATE=utf8mb4_unicode_ci;

--
-- Dumping data for table `ec_global_option_value_translations`
--


--
-- Table structure for table `ec_global_options`
--

CREATE TABLE `ec_global_options` (
  `id` bigint unsigned NOT NULL AUTO_INCREMENT,
  `name` varchar(191) COLLATE utf8mb4_unicode_ci NOT NULL COMMENT 'Name of options',
  `option_type` varchar(191) COLLATE utf8mb4_unicode_ci NOT NULL COMMENT 'option type',
  `required` tinyint(1) NOT NULL DEFAULT '0' COMMENT 'Checked if this option is required',
  `created_at` timestamp NULL DEFAULT NULL,
  `updated_at` timestamp NULL DEFAULT NULL,
  PRIMARY KEY (`id`)
) ENGINE=InnoDB AUTO_INCREMENT=5 DEFAULT CHARSET=utf8mb4 COLLATE=utf8mb4_unicode_ci;

--
-- Dumping data for table `ec_global_options`
--

INSERT INTO `ec_global_options` VALUES (1,'Warranty','Botble\\Ecommerce\\Option\\OptionType\\RadioButton',1,'2024-10-31 20:46:32','2024-10-31 20:46:32'),(2,'RAM','Botble\\Ecommerce\\Option\\OptionType\\RadioButton',1,'2024-10-31 20:46:32','2024-10-31 20:46:32'),(3,'CPU','Botble\\Ecommerce\\Option\\OptionType\\RadioButton',1,'2024-10-31 20:46:32','2024-10-31 20:46:32'),(4,'HDD','Botble\\Ecommerce\\Option\\OptionType\\Dropdown',0,'2024-10-31 20:46:32','2024-10-31 20:46:32');

--
-- Table structure for table `ec_global_options_translations`
--

CREATE TABLE `ec_global_options_translations` (
  `lang_code` varchar(191) COLLATE utf8mb4_unicode_ci NOT NULL,
  `ec_global_options_id` bigint unsigned NOT NULL,
  `name` varchar(191) COLLATE utf8mb4_unicode_ci DEFAULT NULL,
  PRIMARY KEY (`lang_code`,`ec_global_options_id`)
) ENGINE=InnoDB DEFAULT CHARSET=utf8mb4 COLLATE=utf8mb4_unicode_ci;

--
-- Dumping data for table `ec_global_options_translations`
--


--
-- Table structure for table `ec_grouped_products`
--

CREATE TABLE `ec_grouped_products` (
  `id` bigint unsigned NOT NULL AUTO_INCREMENT,
  `parent_product_id` bigint unsigned NOT NULL,
  `product_id` bigint unsigned NOT NULL,
  `fixed_qty` int NOT NULL DEFAULT '1',
  PRIMARY KEY (`id`)
) ENGINE=InnoDB DEFAULT CHARSET=utf8mb4 COLLATE=utf8mb4_unicode_ci;

--
-- Dumping data for table `ec_grouped_products`
--


--
-- Table structure for table `ec_invoice_items`
--

CREATE TABLE `ec_invoice_items` (
  `id` bigint unsigned NOT NULL AUTO_INCREMENT,
  `invoice_id` bigint unsigned NOT NULL,
  `reference_type` varchar(191) COLLATE utf8mb4_unicode_ci NOT NULL,
  `reference_id` bigint unsigned NOT NULL,
  `name` varchar(191) COLLATE utf8mb4_unicode_ci NOT NULL,
  `description` varchar(400) COLLATE utf8mb4_unicode_ci DEFAULT NULL,
  `image` varchar(191) COLLATE utf8mb4_unicode_ci DEFAULT NULL,
  `qty` int unsigned NOT NULL,
  `price` decimal(15,2) NOT NULL DEFAULT '0.00',
  `sub_total` decimal(15,2) unsigned NOT NULL,
  `tax_amount` decimal(15,2) unsigned NOT NULL DEFAULT '0.00',
  `discount_amount` decimal(15,2) unsigned NOT NULL DEFAULT '0.00',
  `amount` decimal(15,2) unsigned NOT NULL,
  `options` text COLLATE utf8mb4_unicode_ci,
  `created_at` timestamp NULL DEFAULT NULL,
  `updated_at` timestamp NULL DEFAULT NULL,
  PRIMARY KEY (`id`),
  KEY `ec_invoice_items_reference_type_reference_id_index` (`reference_type`,`reference_id`)
) ENGINE=InnoDB DEFAULT CHARSET=utf8mb4 COLLATE=utf8mb4_unicode_ci;

--
-- Dumping data for table `ec_invoice_items`
--


--
-- Table structure for table `ec_invoices`
--

CREATE TABLE `ec_invoices` (
  `id` bigint unsigned NOT NULL AUTO_INCREMENT,
  `reference_type` varchar(191) COLLATE utf8mb4_unicode_ci NOT NULL,
  `reference_id` bigint unsigned NOT NULL,
  `code` varchar(191) COLLATE utf8mb4_unicode_ci NOT NULL,
  `customer_name` varchar(191) COLLATE utf8mb4_unicode_ci DEFAULT NULL,
  `company_name` varchar(191) COLLATE utf8mb4_unicode_ci DEFAULT NULL,
  `company_logo` varchar(191) COLLATE utf8mb4_unicode_ci DEFAULT NULL,
  `customer_email` varchar(191) COLLATE utf8mb4_unicode_ci DEFAULT NULL,
  `customer_phone` varchar(191) COLLATE utf8mb4_unicode_ci DEFAULT NULL,
  `customer_address` varchar(191) COLLATE utf8mb4_unicode_ci DEFAULT NULL,
  `customer_tax_id` varchar(191) COLLATE utf8mb4_unicode_ci DEFAULT NULL,
  `sub_total` decimal(15,2) unsigned NOT NULL,
  `tax_amount` decimal(15,2) unsigned NOT NULL DEFAULT '0.00',
  `shipping_amount` decimal(15,2) unsigned NOT NULL DEFAULT '0.00',
  `discount_amount` decimal(15,2) unsigned NOT NULL DEFAULT '0.00',
  `shipping_option` varchar(60) COLLATE utf8mb4_unicode_ci DEFAULT NULL,
  `shipping_method` varchar(60) COLLATE utf8mb4_unicode_ci NOT NULL DEFAULT 'default',
  `coupon_code` varchar(120) COLLATE utf8mb4_unicode_ci DEFAULT NULL,
  `discount_description` varchar(191) COLLATE utf8mb4_unicode_ci DEFAULT NULL,
  `amount` decimal(15,2) unsigned NOT NULL,
  `description` text COLLATE utf8mb4_unicode_ci,
  `payment_id` bigint unsigned DEFAULT NULL,
  `status` varchar(191) COLLATE utf8mb4_unicode_ci NOT NULL DEFAULT 'pending',
  `paid_at` timestamp NULL DEFAULT NULL,
  `created_at` timestamp NULL DEFAULT NULL,
  `updated_at` timestamp NULL DEFAULT NULL,
  PRIMARY KEY (`id`),
  UNIQUE KEY `ec_invoices_code_unique` (`code`),
  KEY `ec_invoices_reference_type_reference_id_index` (`reference_type`,`reference_id`),
  KEY `ec_invoices_payment_id_index` (`payment_id`),
  KEY `ec_invoices_status_index` (`status`)
) ENGINE=InnoDB DEFAULT CHARSET=utf8mb4 COLLATE=utf8mb4_unicode_ci;

--
-- Dumping data for table `ec_invoices`
--


--
-- Table structure for table `ec_option_value`
--

CREATE TABLE `ec_option_value` (
  `id` bigint unsigned NOT NULL AUTO_INCREMENT,
  `option_id` bigint unsigned NOT NULL COMMENT 'option id',
  `option_value` tinytext COLLATE utf8mb4_unicode_ci COMMENT 'option value',
  `affect_price` double DEFAULT NULL COMMENT 'value of price of this option affect',
  `order` int NOT NULL DEFAULT '9999',
  `affect_type` tinyint NOT NULL DEFAULT '0' COMMENT '0. fixed 1. percent',
  `created_at` timestamp NULL DEFAULT NULL,
  `updated_at` timestamp NULL DEFAULT NULL,
  PRIMARY KEY (`id`)
) ENGINE=InnoDB DEFAULT CHARSET=utf8mb4 COLLATE=utf8mb4_unicode_ci;

--
-- Dumping data for table `ec_option_value`
--


--
-- Table structure for table `ec_option_value_translations`
--

CREATE TABLE `ec_option_value_translations` (
  `lang_code` varchar(191) COLLATE utf8mb4_unicode_ci NOT NULL,
  `ec_option_value_id` bigint unsigned NOT NULL,
  `option_value` varchar(191) COLLATE utf8mb4_unicode_ci DEFAULT NULL,
  PRIMARY KEY (`lang_code`,`ec_option_value_id`)
) ENGINE=InnoDB DEFAULT CHARSET=utf8mb4 COLLATE=utf8mb4_unicode_ci;

--
-- Dumping data for table `ec_option_value_translations`
--


--
-- Table structure for table `ec_options`
--

CREATE TABLE `ec_options` (
  `id` bigint unsigned NOT NULL AUTO_INCREMENT,
  `name` varchar(191) COLLATE utf8mb4_unicode_ci NOT NULL COMMENT 'Name of options',
  `option_type` varchar(191) COLLATE utf8mb4_unicode_ci DEFAULT NULL COMMENT 'option type',
  `product_id` bigint unsigned NOT NULL DEFAULT '0',
  `order` int NOT NULL DEFAULT '9999',
  `required` tinyint(1) NOT NULL DEFAULT '0' COMMENT 'Checked if this option is required',
  `created_at` timestamp NULL DEFAULT NULL,
  `updated_at` timestamp NULL DEFAULT NULL,
  PRIMARY KEY (`id`)
) ENGINE=InnoDB DEFAULT CHARSET=utf8mb4 COLLATE=utf8mb4_unicode_ci;

--
-- Dumping data for table `ec_options`
--


--
-- Table structure for table `ec_options_translations`
--

CREATE TABLE `ec_options_translations` (
  `lang_code` varchar(191) COLLATE utf8mb4_unicode_ci NOT NULL,
  `ec_options_id` bigint unsigned NOT NULL,
  `name` varchar(191) COLLATE utf8mb4_unicode_ci DEFAULT NULL,
  PRIMARY KEY (`lang_code`,`ec_options_id`)
) ENGINE=InnoDB DEFAULT CHARSET=utf8mb4 COLLATE=utf8mb4_unicode_ci;

--
-- Dumping data for table `ec_options_translations`
--


--
-- Table structure for table `ec_order_addresses`
--

CREATE TABLE `ec_order_addresses` (
  `id` bigint unsigned NOT NULL AUTO_INCREMENT,
  `name` varchar(191) COLLATE utf8mb4_unicode_ci NOT NULL,
  `phone` varchar(20) COLLATE utf8mb4_unicode_ci DEFAULT NULL,
  `email` varchar(191) COLLATE utf8mb4_unicode_ci DEFAULT NULL,
  `country` varchar(120) COLLATE utf8mb4_unicode_ci DEFAULT NULL,
  `state` varchar(120) COLLATE utf8mb4_unicode_ci DEFAULT NULL,
  `city` varchar(120) COLLATE utf8mb4_unicode_ci DEFAULT NULL,
  `address` varchar(191) COLLATE utf8mb4_unicode_ci DEFAULT NULL,
  `order_id` bigint unsigned NOT NULL,
  `zip_code` varchar(20) COLLATE utf8mb4_unicode_ci DEFAULT NULL,
  `type` varchar(60) COLLATE utf8mb4_unicode_ci NOT NULL DEFAULT 'shipping_address',
  PRIMARY KEY (`id`)
) ENGINE=InnoDB DEFAULT CHARSET=utf8mb4 COLLATE=utf8mb4_unicode_ci;

--
-- Dumping data for table `ec_order_addresses`
--


--
-- Table structure for table `ec_order_histories`
--

CREATE TABLE `ec_order_histories` (
  `id` bigint unsigned NOT NULL AUTO_INCREMENT,
  `action` varchar(120) COLLATE utf8mb4_unicode_ci NOT NULL,
  `description` varchar(400) COLLATE utf8mb4_unicode_ci DEFAULT NULL,
  `user_id` bigint unsigned DEFAULT NULL,
  `order_id` bigint unsigned NOT NULL,
  `extras` text COLLATE utf8mb4_unicode_ci,
  `created_at` timestamp NULL DEFAULT NULL,
  `updated_at` timestamp NULL DEFAULT NULL,
  PRIMARY KEY (`id`)
) ENGINE=InnoDB DEFAULT CHARSET=utf8mb4 COLLATE=utf8mb4_unicode_ci;

--
-- Dumping data for table `ec_order_histories`
--


--
-- Table structure for table `ec_order_product`
--

CREATE TABLE `ec_order_product` (
  `id` bigint unsigned NOT NULL AUTO_INCREMENT,
  `order_id` bigint unsigned NOT NULL,
  `qty` int NOT NULL,
  `price` decimal(15,2) NOT NULL,
  `tax_amount` decimal(15,2) NOT NULL,
  `options` text COLLATE utf8mb4_unicode_ci,
  `product_options` text COLLATE utf8mb4_unicode_ci COMMENT 'product option data',
  `product_id` bigint unsigned DEFAULT NULL,
  `product_name` varchar(191) COLLATE utf8mb4_unicode_ci NOT NULL,
  `product_image` varchar(191) COLLATE utf8mb4_unicode_ci DEFAULT NULL,
  `weight` double(8,2) DEFAULT '0.00',
  `restock_quantity` int unsigned DEFAULT '0',
  `created_at` timestamp NULL DEFAULT NULL,
  `updated_at` timestamp NULL DEFAULT NULL,
  `product_type` varchar(60) COLLATE utf8mb4_unicode_ci NOT NULL DEFAULT 'physical',
  `times_downloaded` int NOT NULL DEFAULT '0',
  `license_code` char(36) COLLATE utf8mb4_unicode_ci DEFAULT NULL,
  `downloaded_at` timestamp NULL DEFAULT NULL,
  PRIMARY KEY (`id`)
) ENGINE=InnoDB DEFAULT CHARSET=utf8mb4 COLLATE=utf8mb4_unicode_ci;

--
-- Dumping data for table `ec_order_product`
--


--
-- Table structure for table `ec_order_referrals`
--

CREATE TABLE `ec_order_referrals` (
  `id` bigint unsigned NOT NULL AUTO_INCREMENT,
  `ip` varchar(39) COLLATE utf8mb4_unicode_ci DEFAULT NULL,
  `landing_domain` varchar(191) COLLATE utf8mb4_unicode_ci DEFAULT NULL,
  `landing_page` varchar(191) COLLATE utf8mb4_unicode_ci DEFAULT NULL,
  `landing_params` varchar(191) COLLATE utf8mb4_unicode_ci DEFAULT NULL,
  `referral` varchar(191) COLLATE utf8mb4_unicode_ci DEFAULT NULL,
  `gclid` varchar(191) COLLATE utf8mb4_unicode_ci DEFAULT NULL,
  `fclid` varchar(191) COLLATE utf8mb4_unicode_ci DEFAULT NULL,
  `utm_source` varchar(191) COLLATE utf8mb4_unicode_ci DEFAULT NULL,
  `utm_campaign` varchar(191) COLLATE utf8mb4_unicode_ci DEFAULT NULL,
  `utm_medium` varchar(191) COLLATE utf8mb4_unicode_ci DEFAULT NULL,
  `utm_term` varchar(191) COLLATE utf8mb4_unicode_ci DEFAULT NULL,
  `utm_content` varchar(191) COLLATE utf8mb4_unicode_ci DEFAULT NULL,
  `referrer_url` text COLLATE utf8mb4_unicode_ci,
  `referrer_domain` varchar(191) COLLATE utf8mb4_unicode_ci DEFAULT NULL,
  `order_id` bigint unsigned DEFAULT NULL,
  `created_at` timestamp NULL DEFAULT NULL,
  `updated_at` timestamp NULL DEFAULT NULL,
  PRIMARY KEY (`id`),
  KEY `ec_order_referrals_order_id_index` (`order_id`)
) ENGINE=InnoDB DEFAULT CHARSET=utf8mb4 COLLATE=utf8mb4_unicode_ci;

--
-- Dumping data for table `ec_order_referrals`
--


--
-- Table structure for table `ec_order_return_histories`
--

CREATE TABLE `ec_order_return_histories` (
  `id` bigint unsigned NOT NULL AUTO_INCREMENT,
  `user_id` bigint unsigned DEFAULT NULL,
  `order_return_id` bigint unsigned NOT NULL,
  `action` varchar(191) COLLATE utf8mb4_unicode_ci NOT NULL,
  `description` varchar(400) COLLATE utf8mb4_unicode_ci DEFAULT NULL,
  `reason` varchar(191) COLLATE utf8mb4_unicode_ci DEFAULT NULL,
  `created_at` timestamp NULL DEFAULT NULL,
  `updated_at` timestamp NULL DEFAULT NULL,
  PRIMARY KEY (`id`)
) ENGINE=InnoDB DEFAULT CHARSET=utf8mb4 COLLATE=utf8mb4_unicode_ci;

--
-- Dumping data for table `ec_order_return_histories`
--


--
-- Table structure for table `ec_order_return_items`
--

CREATE TABLE `ec_order_return_items` (
  `id` bigint unsigned NOT NULL AUTO_INCREMENT,
  `order_return_id` bigint unsigned NOT NULL COMMENT 'Order return id',
  `order_product_id` bigint unsigned NOT NULL COMMENT 'Order product id',
  `product_id` bigint unsigned NOT NULL COMMENT 'Product id',
  `product_name` varchar(191) COLLATE utf8mb4_unicode_ci NOT NULL,
  `product_image` varchar(191) COLLATE utf8mb4_unicode_ci DEFAULT NULL,
  `qty` int NOT NULL COMMENT 'Quantity return',
  `price` decimal(15,2) NOT NULL COMMENT 'Price Product',
  `reason` text COLLATE utf8mb4_unicode_ci,
  `created_at` timestamp NULL DEFAULT NULL,
  `updated_at` timestamp NULL DEFAULT NULL,
  `refund_amount` decimal(12,2) DEFAULT '0.00',
  PRIMARY KEY (`id`)
) ENGINE=InnoDB DEFAULT CHARSET=utf8mb4 COLLATE=utf8mb4_unicode_ci;

--
-- Dumping data for table `ec_order_return_items`
--


--
-- Table structure for table `ec_order_returns`
--

CREATE TABLE `ec_order_returns` (
  `id` bigint unsigned NOT NULL AUTO_INCREMENT,
  `code` varchar(191) COLLATE utf8mb4_unicode_ci DEFAULT NULL,
  `order_id` bigint unsigned NOT NULL COMMENT 'Order ID',
  `store_id` bigint unsigned DEFAULT NULL COMMENT 'Store ID',
  `user_id` bigint unsigned NOT NULL COMMENT 'Customer ID',
  `reason` text COLLATE utf8mb4_unicode_ci COMMENT 'Reason return order',
  `order_status` varchar(191) COLLATE utf8mb4_unicode_ci DEFAULT NULL COMMENT 'Order current status',
  `return_status` varchar(191) COLLATE utf8mb4_unicode_ci NOT NULL COMMENT 'Return status',
  `created_at` timestamp NULL DEFAULT NULL,
  `updated_at` timestamp NULL DEFAULT NULL,
  PRIMARY KEY (`id`),
  UNIQUE KEY `ec_order_returns_code_unique` (`code`)
) ENGINE=InnoDB DEFAULT CHARSET=utf8mb4 COLLATE=utf8mb4_unicode_ci;

--
-- Dumping data for table `ec_order_returns`
--


--
-- Table structure for table `ec_order_tax_information`
--

CREATE TABLE `ec_order_tax_information` (
  `id` bigint unsigned NOT NULL AUTO_INCREMENT,
  `order_id` bigint unsigned NOT NULL,
  `company_name` varchar(120) COLLATE utf8mb4_unicode_ci NOT NULL,
  `company_address` varchar(191) COLLATE utf8mb4_unicode_ci NOT NULL,
  `company_tax_code` varchar(20) COLLATE utf8mb4_unicode_ci NOT NULL,
  `company_email` varchar(60) COLLATE utf8mb4_unicode_ci NOT NULL,
  `created_at` timestamp NULL DEFAULT NULL,
  `updated_at` timestamp NULL DEFAULT NULL,
  PRIMARY KEY (`id`),
  KEY `ec_order_tax_information_order_id_index` (`order_id`)
) ENGINE=InnoDB DEFAULT CHARSET=utf8mb4 COLLATE=utf8mb4_unicode_ci;

--
-- Dumping data for table `ec_order_tax_information`
--


--
-- Table structure for table `ec_orders`
--

CREATE TABLE `ec_orders` (
  `id` bigint unsigned NOT NULL AUTO_INCREMENT,
  `code` varchar(191) COLLATE utf8mb4_unicode_ci DEFAULT NULL,
  `user_id` bigint unsigned NOT NULL,
  `shipping_option` varchar(60) COLLATE utf8mb4_unicode_ci DEFAULT NULL,
  `shipping_method` varchar(60) COLLATE utf8mb4_unicode_ci NOT NULL DEFAULT 'default',
  `status` varchar(120) COLLATE utf8mb4_unicode_ci NOT NULL DEFAULT 'pending',
  `amount` decimal(15,2) NOT NULL,
  `tax_amount` decimal(15,2) DEFAULT NULL,
  `shipping_amount` decimal(15,2) DEFAULT NULL,
  `description` text COLLATE utf8mb4_unicode_ci,
  `coupon_code` varchar(120) COLLATE utf8mb4_unicode_ci DEFAULT NULL,
  `discount_amount` decimal(15,2) DEFAULT NULL,
  `sub_total` decimal(15,2) NOT NULL,
  `is_confirmed` tinyint(1) NOT NULL DEFAULT '0',
  `discount_description` varchar(191) COLLATE utf8mb4_unicode_ci DEFAULT NULL,
  `is_finished` tinyint(1) DEFAULT '0',
  `cancellation_reason` varchar(191) COLLATE utf8mb4_unicode_ci DEFAULT NULL,
  `cancellation_reason_description` varchar(191) COLLATE utf8mb4_unicode_ci DEFAULT NULL,
  `completed_at` timestamp NULL DEFAULT NULL,
  `token` varchar(120) COLLATE utf8mb4_unicode_ci DEFAULT NULL,
  `payment_id` bigint unsigned DEFAULT NULL,
  `created_at` timestamp NULL DEFAULT NULL,
  `updated_at` timestamp NULL DEFAULT NULL,
  `store_id` bigint unsigned DEFAULT NULL,
  `proof_file` varchar(191) COLLATE utf8mb4_unicode_ci DEFAULT NULL,
  PRIMARY KEY (`id`),
  UNIQUE KEY `ec_orders_code_unique` (`code`),
  KEY `ec_orders_user_id_status_created_at_index` (`user_id`,`status`,`created_at`)
) ENGINE=InnoDB DEFAULT CHARSET=utf8mb4 COLLATE=utf8mb4_unicode_ci;

--
-- Dumping data for table `ec_orders`
--


--
-- Table structure for table `ec_product_attribute_sets`
--

CREATE TABLE `ec_product_attribute_sets` (
  `id` bigint unsigned NOT NULL AUTO_INCREMENT,
  `title` varchar(120) COLLATE utf8mb4_unicode_ci NOT NULL,
  `slug` varchar(120) COLLATE utf8mb4_unicode_ci DEFAULT NULL,
  `display_layout` varchar(191) COLLATE utf8mb4_unicode_ci NOT NULL DEFAULT 'swatch_dropdown',
  `is_searchable` tinyint unsigned NOT NULL DEFAULT '1',
  `is_comparable` tinyint unsigned NOT NULL DEFAULT '1',
  `is_use_in_product_listing` tinyint unsigned NOT NULL DEFAULT '0',
  `status` varchar(60) COLLATE utf8mb4_unicode_ci NOT NULL DEFAULT 'published',
  `order` tinyint unsigned NOT NULL DEFAULT '0',
  `created_at` timestamp NULL DEFAULT NULL,
  `updated_at` timestamp NULL DEFAULT NULL,
  `use_image_from_product_variation` tinyint unsigned NOT NULL DEFAULT '0',
  PRIMARY KEY (`id`)
) ENGINE=InnoDB AUTO_INCREMENT=5 DEFAULT CHARSET=utf8mb4 COLLATE=utf8mb4_unicode_ci;

--
-- Dumping data for table `ec_product_attribute_sets`
--

INSERT INTO `ec_product_attribute_sets` VALUES (1,'Color','color','visual',1,1,1,'published',0,'2024-10-31 20:46:28','2024-10-31 20:46:28',0),(2,'Size','size','text',1,1,1,'published',1,'2024-10-31 20:46:28','2024-10-31 20:46:28',0),(3,'Weight','weight','text',1,1,1,'published',0,'2024-10-31 20:46:28','2024-10-31 20:46:28',0),(4,'Boxes','boxes','text',1,1,1,'published',1,'2024-10-31 20:46:28','2024-10-31 20:46:28',0);

--
-- Table structure for table `ec_product_attribute_sets_translations`
--

CREATE TABLE `ec_product_attribute_sets_translations` (
  `lang_code` varchar(191) COLLATE utf8mb4_unicode_ci NOT NULL,
  `ec_product_attribute_sets_id` bigint unsigned NOT NULL,
  `title` varchar(191) COLLATE utf8mb4_unicode_ci DEFAULT NULL,
  PRIMARY KEY (`lang_code`,`ec_product_attribute_sets_id`)
) ENGINE=InnoDB DEFAULT CHARSET=utf8mb4 COLLATE=utf8mb4_unicode_ci;

--
-- Dumping data for table `ec_product_attribute_sets_translations`
--


--
-- Table structure for table `ec_product_attributes`
--

CREATE TABLE `ec_product_attributes` (
  `id` bigint unsigned NOT NULL AUTO_INCREMENT,
  `attribute_set_id` bigint unsigned NOT NULL,
  `title` varchar(120) COLLATE utf8mb4_unicode_ci NOT NULL,
  `slug` varchar(120) COLLATE utf8mb4_unicode_ci DEFAULT NULL,
  `color` varchar(50) COLLATE utf8mb4_unicode_ci DEFAULT NULL,
  `image` varchar(191) COLLATE utf8mb4_unicode_ci DEFAULT NULL,
  `is_default` tinyint unsigned NOT NULL DEFAULT '0',
  `order` tinyint unsigned NOT NULL DEFAULT '0',
  `created_at` timestamp NULL DEFAULT NULL,
  `updated_at` timestamp NULL DEFAULT NULL,
  PRIMARY KEY (`id`),
  KEY `attribute_set_status_index` (`attribute_set_id`)
) ENGINE=InnoDB AUTO_INCREMENT=21 DEFAULT CHARSET=utf8mb4 COLLATE=utf8mb4_unicode_ci;

--
-- Dumping data for table `ec_product_attributes`
--

INSERT INTO `ec_product_attributes` VALUES (1,1,'Green','green','#5FB7D4',NULL,1,1,'2024-10-31 20:46:28','2024-10-31 20:46:28'),(2,1,'Blue','blue','#333333',NULL,0,2,'2024-10-31 20:46:28','2024-10-31 20:46:28'),(3,1,'Red','red','#DA323F',NULL,0,3,'2024-10-31 20:46:28','2024-10-31 20:46:28'),(4,1,'Black','black','#2F366C',NULL,0,4,'2024-10-31 20:46:28','2024-10-31 20:46:28'),(5,1,'Brown','brown','#87554B',NULL,0,5,'2024-10-31 20:46:28','2024-10-31 20:46:28'),(6,2,'S','s',NULL,NULL,1,1,'2024-10-31 20:46:28','2024-10-31 20:46:28'),(7,2,'M','m',NULL,NULL,0,2,'2024-10-31 20:46:28','2024-10-31 20:46:28'),(8,2,'L','l',NULL,NULL,0,3,'2024-10-31 20:46:28','2024-10-31 20:46:28'),(9,2,'XL','xl',NULL,NULL,0,4,'2024-10-31 20:46:28','2024-10-31 20:46:28'),(10,2,'XXL','xxl',NULL,NULL,0,5,'2024-10-31 20:46:28','2024-10-31 20:46:28'),(11,3,'1KG','1kg',NULL,NULL,1,1,'2024-10-31 20:46:28','2024-10-31 20:46:28'),(12,3,'2KG','2kg',NULL,NULL,0,2,'2024-10-31 20:46:28','2024-10-31 20:46:28'),(13,3,'3KG','3kg',NULL,NULL,0,3,'2024-10-31 20:46:28','2024-10-31 20:46:28'),(14,3,'4KG','4kg',NULL,NULL,0,4,'2024-10-31 20:46:28','2024-10-31 20:46:28'),(15,3,'5KG','5kg',NULL,NULL,0,5,'2024-10-31 20:46:28','2024-10-31 20:46:28'),(16,4,'1 Box','1-box',NULL,NULL,1,1,'2024-10-31 20:46:28','2024-10-31 20:46:28'),(17,4,'2 Boxes','2-boxes',NULL,NULL,0,2,'2024-10-31 20:46:28','2024-10-31 20:46:28'),(18,4,'3 Boxes','3-boxes',NULL,NULL,0,3,'2024-10-31 20:46:28','2024-10-31 20:46:28'),(19,4,'4 Boxes','4-boxes',NULL,NULL,0,4,'2024-10-31 20:46:28','2024-10-31 20:46:28'),(20,4,'5 Boxes','5-boxes',NULL,NULL,0,5,'2024-10-31 20:46:28','2024-10-31 20:46:28');

--
-- Table structure for table `ec_product_attributes_translations`
--

CREATE TABLE `ec_product_attributes_translations` (
  `lang_code` varchar(191) COLLATE utf8mb4_unicode_ci NOT NULL,
  `ec_product_attributes_id` bigint unsigned NOT NULL,
  `title` varchar(191) COLLATE utf8mb4_unicode_ci DEFAULT NULL,
  PRIMARY KEY (`lang_code`,`ec_product_attributes_id`)
) ENGINE=InnoDB DEFAULT CHARSET=utf8mb4 COLLATE=utf8mb4_unicode_ci;

--
-- Dumping data for table `ec_product_attributes_translations`
--


--
-- Table structure for table `ec_product_categories`
--

CREATE TABLE `ec_product_categories` (
  `id` bigint unsigned NOT NULL AUTO_INCREMENT,
  `name` varchar(191) COLLATE utf8mb4_unicode_ci NOT NULL,
  `parent_id` bigint unsigned NOT NULL DEFAULT '0',
  `description` mediumtext COLLATE utf8mb4_unicode_ci,
  `status` varchar(60) COLLATE utf8mb4_unicode_ci NOT NULL DEFAULT 'published',
  `order` int unsigned NOT NULL DEFAULT '0',
  `image` varchar(191) COLLATE utf8mb4_unicode_ci DEFAULT NULL,
  `is_featured` tinyint unsigned NOT NULL DEFAULT '0',
  `created_at` timestamp NULL DEFAULT NULL,
  `updated_at` timestamp NULL DEFAULT NULL,
  `icon` varchar(191) COLLATE utf8mb4_unicode_ci DEFAULT NULL,
  `icon_image` varchar(191) COLLATE utf8mb4_unicode_ci DEFAULT NULL,
  PRIMARY KEY (`id`),
  KEY `ec_product_categories_parent_id_status_created_at_index` (`parent_id`,`status`,`created_at`),
  KEY `ec_product_categories_parent_id_status_index` (`parent_id`,`status`)
) ENGINE=InnoDB AUTO_INCREMENT=39 DEFAULT CHARSET=utf8mb4 COLLATE=utf8mb4_unicode_ci;

--
-- Dumping data for table `ec_product_categories`
--

INSERT INTO `ec_product_categories` VALUES (1,'New Arrivals',0,NULL,'published',0,NULL,0,'2024-10-31 20:46:36','2024-10-31 20:46:36','ti ti-home',NULL),(2,'Electronics',0,NULL,'published',1,NULL,0,'2024-10-31 20:46:36','2024-10-31 20:46:36','ti ti-device-tv',NULL),(3,'Featured',2,NULL,'published',0,'main/product-categories/menu-1.jpg',0,'2024-10-31 20:46:36','2024-10-31 20:46:36',NULL,NULL),(4,'New Arrivals',3,NULL,'published',0,NULL,0,'2024-10-31 20:46:36','2024-10-31 20:46:36',NULL,NULL),(5,'Best Sellers',3,NULL,'published',1,NULL,0,'2024-10-31 20:46:36','2024-10-31 20:46:36',NULL,NULL),(6,'Mobile Phone',3,NULL,'published',2,'main/product-categories/2.png',1,'2024-10-31 20:46:36','2024-10-31 20:46:36',NULL,NULL),(7,'Computers & Laptops',2,NULL,'published',1,'main/product-categories/menu-2.jpg',1,'2024-10-31 20:46:36','2024-10-31 20:46:36',NULL,NULL),(8,'Top Brands',7,NULL,'published',0,NULL,0,'2024-10-31 20:46:36','2024-10-31 20:46:36',NULL,NULL),(9,'Weekly Best Selling',7,NULL,'published',1,NULL,0,'2024-10-31 20:46:36','2024-10-31 20:46:36',NULL,NULL),(10,'CPU Heat Pipes',7,NULL,'published',2,'main/product-categories/3.png',1,'2024-10-31 20:46:36','2024-10-31 20:46:36',NULL,NULL),(11,'CPU Coolers',7,NULL,'published',3,'main/product-categories/category-thumb-9.jpg',0,'2024-10-31 20:46:36','2024-10-31 20:46:36',NULL,NULL),(12,'Accessories',2,NULL,'published',2,'main/product-categories/menu-3.jpg',0,'2024-10-31 20:46:36','2024-10-31 20:46:36',NULL,NULL),(13,'Headphones',12,NULL,'published',0,'main/product-categories/1.png',1,'2024-10-31 20:46:36','2024-10-31 20:46:36',NULL,NULL),(14,'Wireless Headphones',12,NULL,'published',1,'main/product-categories/category-thumb-1.jpg',0,'2024-10-31 20:46:36','2024-10-31 20:46:36',NULL,NULL),(15,'TWS Earphones',12,NULL,'published',2,'main/product-categories/category-thumb-6.jpg',0,'2024-10-31 20:46:36','2024-10-31 20:46:36',NULL,NULL),(16,'Smart Watch',12,NULL,'published',3,'main/product-categories/4.png',1,'2024-10-31 20:46:36','2024-10-31 20:46:36',NULL,NULL),(17,'Gaming Console',2,NULL,'published',3,'main/product-categories/category-thumb-8.jpg',0,'2024-10-31 20:46:36','2024-10-31 20:46:36',NULL,NULL),(18,'Playstation',2,NULL,'published',4,'main/product-categories/category-thumb-12.jpg',0,'2024-10-31 20:46:36','2024-10-31 20:46:36',NULL,NULL),(19,'Gifts',0,NULL,'published',2,NULL,0,'2024-10-31 20:46:36','2024-10-31 20:46:36','ti ti-gift',NULL),(20,'Computers',0,NULL,'published',3,NULL,0,'2024-10-31 20:46:36','2024-10-31 20:46:36','ti ti-device-laptop',NULL),(21,'Desktop',20,NULL,'published',0,'main/product-categories/category-thumb-5.jpg',0,'2024-10-31 20:46:36','2024-10-31 20:46:36','ti ti-device-desktop',NULL),(22,'Laptop',20,NULL,'published',1,'main/product-categories/category-thumb-3.jpg',0,'2024-10-31 20:46:36','2024-10-31 20:46:36','ti ti-device-laptop',NULL),(23,'Tablet',20,NULL,'published',2,'main/product-categories/category-thumb-4.jpg',0,'2024-10-31 20:46:36','2024-10-31 20:46:36','ti ti-device-tablet',NULL),(24,'Accessories',20,NULL,'published',3,NULL,0,'2024-10-31 20:46:36','2024-10-31 20:46:36','ti ti-keyboard',NULL),(25,'Smartphones & Tablets',0,NULL,'published',4,'main/product-categories/category-thumb-10.jpg',0,'2024-10-31 20:46:36','2024-10-31 20:46:36','ti ti-device-mobile',NULL),(26,'TV,\n                Video & Music',0,NULL,'published',5,NULL,0,'2024-10-31 20:46:36','2024-10-31 20:46:36','ti ti-device-tv',NULL),(27,'Cameras',0,NULL,'published',6,NULL,0,'2024-10-31 20:46:36','2024-10-31 20:46:36','ti ti-camera',NULL),(28,'Cooking',0,NULL,'published',7,NULL,0,'2024-10-31 20:46:36','2024-10-31 20:46:36','ti ti-grill-spatula',NULL),(29,'Accessories',0,NULL,'published',8,NULL,0,'2024-10-31 20:46:36','2024-10-31 20:46:36','ti ti-building-store',NULL),(30,'With Bluetooth',29,NULL,'published',0,'main/product-categories/5.png',1,'2024-10-31 20:46:36','2024-10-31 20:46:36',NULL,NULL),(31,'Sports',0,NULL,'published',9,NULL,0,'2024-10-31 20:46:36','2024-10-31 20:46:36','ti ti-ball-football',NULL),(32,'Electronics Gadgets',0,NULL,'published',10,NULL,0,'2024-10-31 20:46:36','2024-10-31 20:46:36','ti ti-cpu-2',NULL),(33,'Micrscope',32,NULL,'published',0,NULL,0,'2024-10-31 20:46:36','2024-10-31 20:46:36',NULL,NULL),(34,'Remote Control',32,NULL,'published',1,NULL,0,'2024-10-31 20:46:36','2024-10-31 20:46:36',NULL,NULL),(35,'Monitor',32,NULL,'published',2,NULL,0,'2024-10-31 20:46:36','2024-10-31 20:46:36',NULL,NULL),(36,'Thermometer',32,NULL,'published',3,NULL,0,'2024-10-31 20:46:36','2024-10-31 20:46:36',NULL,NULL),(37,'Backpack',32,NULL,'published',4,NULL,0,'2024-10-31 20:46:36','2024-10-31 20:46:36',NULL,NULL),(38,'Headphones',32,NULL,'published',5,'main/product-categories/category-thumb-1.jpg',0,'2024-10-31 20:46:36','2024-10-31 20:46:36',NULL,NULL);

--
-- Table structure for table `ec_product_categories_translations`
--

CREATE TABLE `ec_product_categories_translations` (
  `lang_code` varchar(191) COLLATE utf8mb4_unicode_ci NOT NULL,
  `ec_product_categories_id` bigint unsigned NOT NULL,
  `name` varchar(191) COLLATE utf8mb4_unicode_ci DEFAULT NULL,
  `description` mediumtext COLLATE utf8mb4_unicode_ci,
  PRIMARY KEY (`lang_code`,`ec_product_categories_id`)
) ENGINE=InnoDB DEFAULT CHARSET=utf8mb4 COLLATE=utf8mb4_unicode_ci;

--
-- Dumping data for table `ec_product_categories_translations`
--


--
-- Table structure for table `ec_product_categorizables`
--

CREATE TABLE `ec_product_categorizables` (
  `category_id` bigint unsigned NOT NULL,
  `reference_id` bigint unsigned NOT NULL,
  `reference_type` varchar(120) COLLATE utf8mb4_unicode_ci NOT NULL,
  PRIMARY KEY (`category_id`,`reference_id`,`reference_type`),
  KEY `ec_product_categorizables_category_id_index` (`category_id`),
  KEY `ec_product_categorizables_reference_id_index` (`reference_id`),
  KEY `ec_product_categorizables_reference_type_index` (`reference_type`)
) ENGINE=InnoDB DEFAULT CHARSET=utf8mb4 COLLATE=utf8mb4_unicode_ci;

--
-- Dumping data for table `ec_product_categorizables`
--


--
-- Table structure for table `ec_product_category_product`
--

CREATE TABLE `ec_product_category_product` (
  `category_id` bigint unsigned NOT NULL,
  `product_id` bigint unsigned NOT NULL,
  PRIMARY KEY (`product_id`,`category_id`),
  KEY `ec_product_category_product_category_id_index` (`category_id`),
  KEY `ec_product_category_product_product_id_index` (`product_id`)
) ENGINE=InnoDB DEFAULT CHARSET=utf8mb4 COLLATE=utf8mb4_unicode_ci;

--
-- Dumping data for table `ec_product_category_product`
--

INSERT INTO `ec_product_category_product` VALUES (1,20),(1,21),(2,9),(2,14),(2,34),(2,48),(2,50),(2,56),(3,30),(3,37),(3,45),(4,10),(4,23),(4,28),(4,54),(5,18),(5,22),(5,36),(5,37),(6,2),(6,15),(6,36),(6,48),(7,1),(7,6),(7,22),(7,23),(7,42),(7,43),(7,44),(7,45),(7,46),(7,47),(8,19),(8,23),(8,31),(8,33),(8,43),(9,4),(9,27),(9,34),(9,44),(9,57),(10,12),(10,21),(10,39),(10,48),(10,53),(10,57),(11,3),(11,14),(11,19),(11,32),(11,37),(12,1),(12,4),(12,15),(12,34),(12,44),(12,50),(13,14),(13,15),(13,19),(13,23),(13,24),(13,28),(13,39),(13,56),(14,1),(14,9),(14,10),(14,14),(14,17),(14,20),(14,30),(14,37),(14,50),(14,51),(14,52),(14,54),(15,3),(15,4),(15,27),(16,24),(16,34),(16,54),(17,11),(17,38),(17,39),(17,43),(18,2),(18,4),(18,5),(18,6),(18,7),(18,16),(18,28),(18,33),(18,38),(18,40),(18,41),(18,42),(18,49),(18,52),(18,57),(19,12),(19,21),(19,40),(20,15),(20,25),(20,43),(20,47),(20,53),(21,2),(21,9),(21,13),(21,29),(21,38),(21,39),(21,47),(21,55),(22,3),(22,8),(22,51),(23,32),(23,41),(23,49),(23,51),(23,55),(24,7),(24,13),(24,18),(24,28),(24,31),(24,33),(24,42),(24,53),(25,13),(25,24),(25,25),(25,32),(25,36),(25,40),(25,49),(26,3),(26,8),(26,12),(26,16),(26,19),(26,29),(26,46),(26,49),(27,1),(27,2),(27,5),(27,26),(27,29),(28,6),(28,9),(28,11),(28,17),(28,18),(28,26),(28,29),(29,8),(29,26),(29,44),(29,52),(29,57),(30,13),(30,20),(30,22),(30,26),(30,31),(30,35),(30,41),(31,6),(31,10),(31,17),(31,25),(31,35),(31,36),(31,38),(31,41),(32,21),(32,30),(32,54),(33,7),(33,8),(33,11),(33,17),(33,27),(33,45),(34,7),(34,24),(34,27),(34,35),(34,45),(34,46),(34,48),(34,51),(34,56),(35,10),(35,30),(35,32),(35,46),(35,47),(35,52),(35,56),(36,5),(36,11),(36,16),(36,18),(36,20),(36,22),(36,33),(36,40),(36,42),(36,50),(36,55),(37,12),(37,25),(37,35),(37,53),(38,5),(38,16),(38,31),(38,55);

--
-- Table structure for table `ec_product_collection_products`
--

CREATE TABLE `ec_product_collection_products` (
  `product_collection_id` bigint unsigned NOT NULL,
  `product_id` bigint unsigned NOT NULL,
  PRIMARY KEY (`product_id`,`product_collection_id`),
  KEY `ec_product_collection_products_product_collection_id_index` (`product_collection_id`),
  KEY `ec_product_collection_products_product_id_index` (`product_id`)
) ENGINE=InnoDB DEFAULT CHARSET=utf8mb4 COLLATE=utf8mb4_unicode_ci;

--
-- Dumping data for table `ec_product_collection_products`
--

INSERT INTO `ec_product_collection_products` VALUES (1,1),(1,3),(1,4),(1,5),(1,15),(1,20),(1,23),(1,30),(1,33),(1,38),(1,43),(1,50),(1,51),(1,54),(1,56),(2,9),(2,10),(2,17),(2,18),(2,22),(2,24),(2,26),(2,29),(2,42),(2,47),(2,48),(2,53),(2,55),(3,2),(3,6),(3,7),(3,8),(3,13),(3,14),(3,19),(3,25),(3,37),(3,40),(3,44),(3,45),(3,49),(3,52),(4,11),(4,12),(4,16),(4,21),(4,27),(4,28),(4,31),(4,32),(4,34),(4,35),(4,36),(4,39),(4,41),(4,46),(4,57);

--
-- Table structure for table `ec_product_collections`
--

CREATE TABLE `ec_product_collections` (
  `id` bigint unsigned NOT NULL AUTO_INCREMENT,
  `name` varchar(191) COLLATE utf8mb4_unicode_ci NOT NULL,
  `slug` varchar(191) COLLATE utf8mb4_unicode_ci NOT NULL,
  `description` varchar(400) COLLATE utf8mb4_unicode_ci DEFAULT NULL,
  `image` varchar(191) COLLATE utf8mb4_unicode_ci DEFAULT NULL,
  `status` varchar(60) COLLATE utf8mb4_unicode_ci NOT NULL DEFAULT 'published',
  `created_at` timestamp NULL DEFAULT NULL,
  `updated_at` timestamp NULL DEFAULT NULL,
  `is_featured` tinyint unsigned NOT NULL DEFAULT '0',
  PRIMARY KEY (`id`)
) ENGINE=InnoDB AUTO_INCREMENT=5 DEFAULT CHARSET=utf8mb4 COLLATE=utf8mb4_unicode_ci;

--
-- Dumping data for table `ec_product_collections`
--

INSERT INTO `ec_product_collections` VALUES (1,'Weekly Gadget Spotlight','weekly-gadget-spotlight',NULL,NULL,'published','2024-10-31 20:46:36','2024-10-31 20:46:36',0),(2,'Electronics Trendsetters','electronics-trendsetters',NULL,NULL,'published','2024-10-31 20:46:36','2024-10-31 20:46:36',0),(3,'Digital Workspace Gear','digital-workspace-gear',NULL,NULL,'published','2024-10-31 20:46:36','2024-10-31 20:46:36',0),(4,'Cutting-Edge Tech Showcase','cutting-edge-tech-showcase',NULL,NULL,'published','2024-10-31 20:46:36','2024-10-31 20:46:36',0);

--
-- Table structure for table `ec_product_collections_translations`
--

CREATE TABLE `ec_product_collections_translations` (
  `lang_code` varchar(191) COLLATE utf8mb4_unicode_ci NOT NULL,
  `ec_product_collections_id` bigint unsigned NOT NULL,
  `name` varchar(191) COLLATE utf8mb4_unicode_ci DEFAULT NULL,
  `description` varchar(400) COLLATE utf8mb4_unicode_ci DEFAULT NULL,
  PRIMARY KEY (`lang_code`,`ec_product_collections_id`)
) ENGINE=InnoDB DEFAULT CHARSET=utf8mb4 COLLATE=utf8mb4_unicode_ci;

--
-- Dumping data for table `ec_product_collections_translations`
--


--
-- Table structure for table `ec_product_cross_sale_relations`
--

CREATE TABLE `ec_product_cross_sale_relations` (
  `from_product_id` bigint unsigned NOT NULL,
  `to_product_id` bigint unsigned NOT NULL,
  `is_variant` tinyint(1) NOT NULL DEFAULT '0',
  `price` decimal(15,2) DEFAULT '0.00',
  `price_type` varchar(191) COLLATE utf8mb4_unicode_ci NOT NULL DEFAULT 'fixed',
  `apply_to_all_variations` tinyint(1) NOT NULL DEFAULT '1',
  PRIMARY KEY (`from_product_id`,`to_product_id`),
  KEY `ec_product_cross_sale_relations_from_product_id_index` (`from_product_id`),
  KEY `ec_product_cross_sale_relations_to_product_id_index` (`to_product_id`)
) ENGINE=InnoDB DEFAULT CHARSET=utf8mb4 COLLATE=utf8mb4_unicode_ci;

--
-- Dumping data for table `ec_product_cross_sale_relations`
--

INSERT INTO `ec_product_cross_sale_relations` VALUES (1,2,0,0.00,'fixed',1),(1,3,0,0.00,'fixed',1),(1,16,0,0.00,'fixed',1),(1,22,0,0.00,'fixed',1),(1,24,0,0.00,'fixed',1),(1,47,0,0.00,'fixed',1),(2,3,0,0.00,'fixed',1),(2,13,0,0.00,'fixed',1),(2,14,0,0.00,'fixed',1),(2,22,0,0.00,'fixed',1),(2,42,0,0.00,'fixed',1),(2,49,0,0.00,'fixed',1),(2,54,0,0.00,'fixed',1),(3,2,0,0.00,'fixed',1),(3,13,0,0.00,'fixed',1),(3,16,0,0.00,'fixed',1),(3,49,0,0.00,'fixed',1),(3,50,0,0.00,'fixed',1),(3,54,0,0.00,'fixed',1),(3,55,0,0.00,'fixed',1),(4,3,0,0.00,'fixed',1),(4,5,0,0.00,'fixed',1),(4,22,0,0.00,'fixed',1),(4,29,0,0.00,'fixed',1),(4,33,0,0.00,'fixed',1),(4,38,0,0.00,'fixed',1),(4,54,0,0.00,'fixed',1),(5,10,0,0.00,'fixed',1),(5,14,0,0.00,'fixed',1),(5,18,0,0.00,'fixed',1),(5,24,0,0.00,'fixed',1),(5,41,0,0.00,'fixed',1),(5,52,0,0.00,'fixed',1),(5,53,0,0.00,'fixed',1),(6,3,0,0.00,'fixed',1),(6,4,0,0.00,'fixed',1),(6,5,0,0.00,'fixed',1),(6,8,0,0.00,'fixed',1),(6,18,0,0.00,'fixed',1),(6,42,0,0.00,'fixed',1),(6,44,0,0.00,'fixed',1),(7,3,0,0.00,'fixed',1),(7,27,0,0.00,'fixed',1),(7,39,0,0.00,'fixed',1),(7,40,0,0.00,'fixed',1),(7,49,0,0.00,'fixed',1),(7,51,0,0.00,'fixed',1),(7,55,0,0.00,'fixed',1),(8,10,0,0.00,'fixed',1),(8,13,0,0.00,'fixed',1),(8,14,0,0.00,'fixed',1),(8,15,0,0.00,'fixed',1),(8,18,0,0.00,'fixed',1),(8,26,0,0.00,'fixed',1),(8,44,0,0.00,'fixed',1),(9,5,0,0.00,'fixed',1),(9,7,0,0.00,'fixed',1),(9,11,0,0.00,'fixed',1),(9,14,0,0.00,'fixed',1),(9,17,0,0.00,'fixed',1),(9,24,0,0.00,'fixed',1),(9,32,0,0.00,'fixed',1),(10,9,0,0.00,'fixed',1),(10,13,0,0.00,'fixed',1),(10,16,0,0.00,'fixed',1),(10,21,0,0.00,'fixed',1),(10,27,0,0.00,'fixed',1),(10,35,0,0.00,'fixed',1),(10,54,0,0.00,'fixed',1),(11,12,0,0.00,'fixed',1),(11,18,0,0.00,'fixed',1),(11,35,0,0.00,'fixed',1),(11,37,0,0.00,'fixed',1),(11,51,0,0.00,'fixed',1),(11,54,0,0.00,'fixed',1),(12,1,0,0.00,'fixed',1),(12,3,0,0.00,'fixed',1),(12,7,0,0.00,'fixed',1),(12,11,0,0.00,'fixed',1),(12,15,0,0.00,'fixed',1),(12,45,0,0.00,'fixed',1),(13,2,0,0.00,'fixed',1),(13,23,0,0.00,'fixed',1),(13,28,0,0.00,'fixed',1),(13,44,0,0.00,'fixed',1),(13,46,0,0.00,'fixed',1),(13,49,0,0.00,'fixed',1),(14,4,0,0.00,'fixed',1),(14,7,0,0.00,'fixed',1),(14,19,0,0.00,'fixed',1),(14,23,0,0.00,'fixed',1),(14,30,0,0.00,'fixed',1),(14,41,0,0.00,'fixed',1),(14,54,0,0.00,'fixed',1),(15,6,0,0.00,'fixed',1),(15,14,0,0.00,'fixed',1),(15,18,0,0.00,'fixed',1),(15,22,0,0.00,'fixed',1),(15,23,0,0.00,'fixed',1),(15,25,0,0.00,'fixed',1),(15,31,0,0.00,'fixed',1),(16,3,0,0.00,'fixed',1),(16,9,0,0.00,'fixed',1),(16,17,0,0.00,'fixed',1),(16,29,0,0.00,'fixed',1),(16,36,0,0.00,'fixed',1),(16,38,0,0.00,'fixed',1),(16,49,0,0.00,'fixed',1),(17,11,0,0.00,'fixed',1),(17,19,0,0.00,'fixed',1),(17,26,0,0.00,'fixed',1),(17,31,0,0.00,'fixed',1),(17,35,0,0.00,'fixed',1),(17,42,0,0.00,'fixed',1),(17,57,0,0.00,'fixed',1),(18,6,0,0.00,'fixed',1),(18,17,0,0.00,'fixed',1),(18,22,0,0.00,'fixed',1),(18,41,0,0.00,'fixed',1),(18,46,0,0.00,'fixed',1),(18,48,0,0.00,'fixed',1),(18,56,0,0.00,'fixed',1),(19,11,0,0.00,'fixed',1),(19,15,0,0.00,'fixed',1),(19,28,0,0.00,'fixed',1),(19,30,0,0.00,'fixed',1),(19,31,0,0.00,'fixed',1),(20,3,0,0.00,'fixed',1),(20,22,0,0.00,'fixed',1),(20,27,0,0.00,'fixed',1),(20,33,0,0.00,'fixed',1),(20,38,0,0.00,'fixed',1),(20,45,0,0.00,'fixed',1),(20,49,0,0.00,'fixed',1),(21,1,0,0.00,'fixed',1),(21,4,0,0.00,'fixed',1),(21,8,0,0.00,'fixed',1),(21,16,0,0.00,'fixed',1),(21,48,0,0.00,'fixed',1),(21,50,0,0.00,'fixed',1),(21,56,0,0.00,'fixed',1),(22,6,0,0.00,'fixed',1),(22,8,0,0.00,'fixed',1),(22,14,0,0.00,'fixed',1),(22,25,0,0.00,'fixed',1),(22,38,0,0.00,'fixed',1),(22,50,0,0.00,'fixed',1),(22,57,0,0.00,'fixed',1),(23,8,0,0.00,'fixed',1),(23,21,0,0.00,'fixed',1),(23,32,0,0.00,'fixed',1),(23,35,0,0.00,'fixed',1),(23,45,0,0.00,'fixed',1),(23,54,0,0.00,'fixed',1),(23,55,0,0.00,'fixed',1),(24,1,0,0.00,'fixed',1),(24,21,0,0.00,'fixed',1),(24,23,0,0.00,'fixed',1),(24,27,0,0.00,'fixed',1),(24,29,0,0.00,'fixed',1),(24,57,0,0.00,'fixed',1),(25,10,0,0.00,'fixed',1),(25,22,0,0.00,'fixed',1),(25,26,0,0.00,'fixed',1),(25,44,0,0.00,'fixed',1),(25,54,0,0.00,'fixed',1),(25,55,0,0.00,'fixed',1),(26,1,0,0.00,'fixed',1),(26,13,0,0.00,'fixed',1),(26,24,0,0.00,'fixed',1),(26,30,0,0.00,'fixed',1),(26,31,0,0.00,'fixed',1),(27,2,0,0.00,'fixed',1),(27,3,0,0.00,'fixed',1),(27,24,0,0.00,'fixed',1),(27,30,0,0.00,'fixed',1),(27,32,0,0.00,'fixed',1),(27,35,0,0.00,'fixed',1),(27,36,0,0.00,'fixed',1),(28,1,0,0.00,'fixed',1),(28,19,0,0.00,'fixed',1),(28,25,0,0.00,'fixed',1),(28,27,0,0.00,'fixed',1),(28,38,0,0.00,'fixed',1),(28,44,0,0.00,'fixed',1),(28,52,0,0.00,'fixed',1),(29,9,0,0.00,'fixed',1),(29,23,0,0.00,'fixed',1),(29,30,0,0.00,'fixed',1),(29,32,0,0.00,'fixed',1),(29,35,0,0.00,'fixed',1),(29,46,0,0.00,'fixed',1),(29,51,0,0.00,'fixed',1),(30,6,0,0.00,'fixed',1),(30,23,0,0.00,'fixed',1),(30,27,0,0.00,'fixed',1),(30,28,0,0.00,'fixed',1),(30,35,0,0.00,'fixed',1),(30,40,0,0.00,'fixed',1),(30,44,0,0.00,'fixed',1),(31,3,0,0.00,'fixed',1),(31,6,0,0.00,'fixed',1),(31,26,0,0.00,'fixed',1),(31,35,0,0.00,'fixed',1),(31,53,0,0.00,'fixed',1),(31,55,0,0.00,'fixed',1),(32,3,0,0.00,'fixed',1),(32,12,0,0.00,'fixed',1),(32,13,0,0.00,'fixed',1),(32,23,0,0.00,'fixed',1),(32,31,0,0.00,'fixed',1),(32,39,0,0.00,'fixed',1),(32,55,0,0.00,'fixed',1),(33,11,0,0.00,'fixed',1),(33,19,0,0.00,'fixed',1),(33,42,0,0.00,'fixed',1),(33,45,0,0.00,'fixed',1),(33,49,0,0.00,'fixed',1),(33,50,0,0.00,'fixed',1),(33,53,0,0.00,'fixed',1),(34,12,0,0.00,'fixed',1),(34,18,0,0.00,'fixed',1),(34,20,0,0.00,'fixed',1),(34,22,0,0.00,'fixed',1),(34,24,0,0.00,'fixed',1),(34,37,0,0.00,'fixed',1),(34,38,0,0.00,'fixed',1),(35,6,0,0.00,'fixed',1),(35,15,0,0.00,'fixed',1),(35,20,0,0.00,'fixed',1),(35,24,0,0.00,'fixed',1),(35,42,0,0.00,'fixed',1),(35,51,0,0.00,'fixed',1),(36,20,0,0.00,'fixed',1),(36,21,0,0.00,'fixed',1),(36,24,0,0.00,'fixed',1),(36,30,0,0.00,'fixed',1),(36,46,0,0.00,'fixed',1),(36,54,0,0.00,'fixed',1),(37,1,0,0.00,'fixed',1),(37,2,0,0.00,'fixed',1),(37,17,0,0.00,'fixed',1),(37,24,0,0.00,'fixed',1),(37,33,0,0.00,'fixed',1),(37,42,0,0.00,'fixed',1),(37,53,0,0.00,'fixed',1),(38,9,0,0.00,'fixed',1),(38,10,0,0.00,'fixed',1),(38,14,0,0.00,'fixed',1),(38,19,0,0.00,'fixed',1),(38,29,0,0.00,'fixed',1),(38,30,0,0.00,'fixed',1),(38,49,0,0.00,'fixed',1),(39,16,0,0.00,'fixed',1),(39,18,0,0.00,'fixed',1),(39,22,0,0.00,'fixed',1),(39,29,0,0.00,'fixed',1),(39,32,0,0.00,'fixed',1),(39,42,0,0.00,'fixed',1),(39,45,0,0.00,'fixed',1),(40,1,0,0.00,'fixed',1),(40,22,0,0.00,'fixed',1),(40,25,0,0.00,'fixed',1),(40,26,0,0.00,'fixed',1),(40,28,0,0.00,'fixed',1),(40,39,0,0.00,'fixed',1),(40,43,0,0.00,'fixed',1),(41,16,0,0.00,'fixed',1),(41,27,0,0.00,'fixed',1),(41,28,0,0.00,'fixed',1),(41,34,0,0.00,'fixed',1),(41,39,0,0.00,'fixed',1),(41,49,0,0.00,'fixed',1),(41,54,0,0.00,'fixed',1),(42,6,0,0.00,'fixed',1),(42,15,0,0.00,'fixed',1),(42,18,0,0.00,'fixed',1),(42,38,0,0.00,'fixed',1),(42,44,0,0.00,'fixed',1),(42,46,0,0.00,'fixed',1),(43,5,0,0.00,'fixed',1),(43,15,0,0.00,'fixed',1),(43,29,0,0.00,'fixed',1),(43,30,0,0.00,'fixed',1),(43,40,0,0.00,'fixed',1),(44,4,0,0.00,'fixed',1),(44,15,0,0.00,'fixed',1),(44,24,0,0.00,'fixed',1),(44,26,0,0.00,'fixed',1),(44,29,0,0.00,'fixed',1),(44,33,0,0.00,'fixed',1),(44,34,0,0.00,'fixed',1),(45,11,0,0.00,'fixed',1),(45,18,0,0.00,'fixed',1),(45,20,0,0.00,'fixed',1),(45,29,0,0.00,'fixed',1),(45,31,0,0.00,'fixed',1),(45,42,0,0.00,'fixed',1),(45,47,0,0.00,'fixed',1),(46,6,0,0.00,'fixed',1),(46,24,0,0.00,'fixed',1),(46,27,0,0.00,'fixed',1),(46,29,0,0.00,'fixed',1),(46,30,0,0.00,'fixed',1),(46,40,0,0.00,'fixed',1),(46,48,0,0.00,'fixed',1),(47,5,0,0.00,'fixed',1),(47,10,0,0.00,'fixed',1),(47,25,0,0.00,'fixed',1),(47,38,0,0.00,'fixed',1),(47,45,0,0.00,'fixed',1),(47,55,0,0.00,'fixed',1),(47,57,0,0.00,'fixed',1),(48,3,0,0.00,'fixed',1),(48,12,0,0.00,'fixed',1),(48,20,0,0.00,'fixed',1),(48,28,0,0.00,'fixed',1),(48,34,0,0.00,'fixed',1),(48,40,0,0.00,'fixed',1),(48,51,0,0.00,'fixed',1),(49,3,0,0.00,'fixed',1),(49,5,0,0.00,'fixed',1),(49,8,0,0.00,'fixed',1),(49,26,0,0.00,'fixed',1),(49,36,0,0.00,'fixed',1),(49,50,0,0.00,'fixed',1),(50,1,0,0.00,'fixed',1),(50,3,0,0.00,'fixed',1),(50,31,0,0.00,'fixed',1),(50,36,0,0.00,'fixed',1),(50,43,0,0.00,'fixed',1),(50,55,0,0.00,'fixed',1),(50,57,0,0.00,'fixed',1),(51,27,0,0.00,'fixed',1),(51,33,0,0.00,'fixed',1),(51,34,0,0.00,'fixed',1),(51,35,0,0.00,'fixed',1),(51,45,0,0.00,'fixed',1),(51,46,0,0.00,'fixed',1),(51,50,0,0.00,'fixed',1),(52,8,0,0.00,'fixed',1),(52,10,0,0.00,'fixed',1),(52,11,0,0.00,'fixed',1),(52,21,0,0.00,'fixed',1),(52,31,0,0.00,'fixed',1),(52,32,0,0.00,'fixed',1),(52,43,0,0.00,'fixed',1),(53,14,0,0.00,'fixed',1),(53,16,0,0.00,'fixed',1),(53,17,0,0.00,'fixed',1),(53,32,0,0.00,'fixed',1),(53,34,0,0.00,'fixed',1),(53,43,0,0.00,'fixed',1),(53,49,0,0.00,'fixed',1),(54,9,0,0.00,'fixed',1),(54,26,0,0.00,'fixed',1),(54,37,0,0.00,'fixed',1),(54,38,0,0.00,'fixed',1),(54,43,0,0.00,'fixed',1),(54,48,0,0.00,'fixed',1),(55,17,0,0.00,'fixed',1),(55,20,0,0.00,'fixed',1),(55,22,0,0.00,'fixed',1),(55,28,0,0.00,'fixed',1),(55,44,0,0.00,'fixed',1),(55,52,0,0.00,'fixed',1),(55,57,0,0.00,'fixed',1),(56,1,0,0.00,'fixed',1),(56,3,0,0.00,'fixed',1),(56,6,0,0.00,'fixed',1),(56,30,0,0.00,'fixed',1),(56,42,0,0.00,'fixed',1),(56,53,0,0.00,'fixed',1),(56,55,0,0.00,'fixed',1),(57,3,0,0.00,'fixed',1),(57,28,0,0.00,'fixed',1),(57,32,0,0.00,'fixed',1),(57,34,0,0.00,'fixed',1),(57,43,0,0.00,'fixed',1),(57,49,0,0.00,'fixed',1);

--
-- Table structure for table `ec_product_files`
--

CREATE TABLE `ec_product_files` (
  `id` bigint unsigned NOT NULL AUTO_INCREMENT,
  `product_id` bigint unsigned DEFAULT NULL,
  `url` varchar(400) COLLATE utf8mb4_unicode_ci DEFAULT NULL,
  `extras` mediumtext COLLATE utf8mb4_unicode_ci,
  `created_at` timestamp NULL DEFAULT NULL,
  `updated_at` timestamp NULL DEFAULT NULL,
  PRIMARY KEY (`id`),
  KEY `ec_product_files_product_id_index` (`product_id`)
) ENGINE=InnoDB AUTO_INCREMENT=46 DEFAULT CHARSET=utf8mb4 COLLATE=utf8mb4_unicode_ci;

--
-- Dumping data for table `ec_product_files`
--

INSERT INTO `ec_product_files` VALUES (1,4,'ecommerce/digital-product-files/product-details-desc-3.jpg','{\"filename\":\"product-details-desc-3.jpg\",\"url\":\"ecommerce\\/digital-product-files\\/product-details-desc-3.jpg\",\"mime_type\":\"image\\/jpeg\",\"size\":9803,\"modified\":\"2024-11-01 03:46:39\",\"name\":\"product-details-desc-3\",\"extension\":\"jpg\"}','2024-10-31 20:46:39','2024-10-31 20:46:39'),(2,4,'ecommerce/digital-product-files/product-5.jpg','{\"filename\":\"product-5.jpg\",\"url\":\"ecommerce\\/digital-product-files\\/product-5.jpg\",\"mime_type\":\"image\\/jpeg\",\"size\":9803,\"modified\":\"2024-11-01 03:46:39\",\"name\":\"product-5\",\"extension\":\"jpg\"}','2024-10-31 20:46:39','2024-10-31 20:46:39'),(3,8,'ecommerce/digital-product-files/product-14.jpg','{\"filename\":\"product-14.jpg\",\"url\":\"ecommerce\\/digital-product-files\\/product-14.jpg\",\"mime_type\":\"image\\/jpeg\",\"size\":9803,\"modified\":\"2024-11-01 03:46:39\",\"name\":\"product-14\",\"extension\":\"jpg\"}','2024-10-31 20:46:39','2024-10-31 20:46:39'),(4,8,'ecommerce/digital-product-files/product-2.jpg','{\"filename\":\"product-2.jpg\",\"url\":\"ecommerce\\/digital-product-files\\/product-2.jpg\",\"mime_type\":\"image\\/jpeg\",\"size\":9803,\"modified\":\"2024-11-01 03:46:39\",\"name\":\"product-2\",\"extension\":\"jpg\"}','2024-10-31 20:46:39','2024-10-31 20:46:39'),(5,12,'ecommerce/digital-product-files/product-9.jpg','{\"filename\":\"product-9.jpg\",\"url\":\"ecommerce\\/digital-product-files\\/product-9.jpg\",\"mime_type\":\"image\\/jpeg\",\"size\":9803,\"modified\":\"2024-11-01 03:46:39\",\"name\":\"product-9\",\"extension\":\"jpg\"}','2024-10-31 20:46:39','2024-10-31 20:46:39'),(6,12,'ecommerce/digital-product-files/product-18.jpg','{\"filename\":\"product-18.jpg\",\"url\":\"ecommerce\\/digital-product-files\\/product-18.jpg\",\"mime_type\":\"image\\/jpeg\",\"size\":9803,\"modified\":\"2024-11-01 03:46:39\",\"name\":\"product-18\",\"extension\":\"jpg\"}','2024-10-31 20:46:39','2024-10-31 20:46:39'),(7,16,'ecommerce/digital-product-files/product-6.jpg','{\"filename\":\"product-6.jpg\",\"url\":\"ecommerce\\/digital-product-files\\/product-6.jpg\",\"mime_type\":\"image\\/jpeg\",\"size\":9803,\"modified\":\"2024-11-01 03:46:39\",\"name\":\"product-6\",\"extension\":\"jpg\"}','2024-10-31 20:46:39','2024-10-31 20:46:39'),(8,16,'ecommerce/digital-product-files/product-13.jpg','{\"filename\":\"product-13.jpg\",\"url\":\"ecommerce\\/digital-product-files\\/product-13.jpg\",\"mime_type\":\"image\\/jpeg\",\"size\":9803,\"modified\":\"2024-11-01 03:46:39\",\"name\":\"product-13\",\"extension\":\"jpg\"}','2024-10-31 20:46:39','2024-10-31 20:46:39'),(9,20,'ecommerce/digital-product-files/product-7.jpg','{\"filename\":\"product-7.jpg\",\"url\":\"ecommerce\\/digital-product-files\\/product-7.jpg\",\"mime_type\":\"image\\/jpeg\",\"size\":9803,\"modified\":\"2024-11-01 03:46:39\",\"name\":\"product-7\",\"extension\":\"jpg\"}','2024-10-31 20:46:39','2024-10-31 20:46:39'),(10,20,'ecommerce/digital-product-files/product-9.jpg','{\"filename\":\"product-9.jpg\",\"url\":\"ecommerce\\/digital-product-files\\/product-9.jpg\",\"mime_type\":\"image\\/jpeg\",\"size\":9803,\"modified\":\"2024-11-01 03:46:39\",\"name\":\"product-9\",\"extension\":\"jpg\"}','2024-10-31 20:46:39','2024-10-31 20:46:39'),(11,24,'ecommerce/digital-product-files/product-19.jpg','{\"filename\":\"product-19.jpg\",\"url\":\"ecommerce\\/digital-product-files\\/product-19.jpg\",\"mime_type\":\"image\\/jpeg\",\"size\":9803,\"modified\":\"2024-11-01 03:46:39\",\"name\":\"product-19\",\"extension\":\"jpg\"}','2024-10-31 20:46:39','2024-10-31 20:46:39'),(12,24,'ecommerce/digital-product-files/product-6.jpg','{\"filename\":\"product-6.jpg\",\"url\":\"ecommerce\\/digital-product-files\\/product-6.jpg\",\"mime_type\":\"image\\/jpeg\",\"size\":9803,\"modified\":\"2024-11-01 03:46:39\",\"name\":\"product-6\",\"extension\":\"jpg\"}','2024-10-31 20:46:39','2024-10-31 20:46:39'),(13,28,'ecommerce/digital-product-files/product-10.jpg','{\"filename\":\"product-10.jpg\",\"url\":\"ecommerce\\/digital-product-files\\/product-10.jpg\",\"mime_type\":\"image\\/jpeg\",\"size\":9803,\"modified\":\"2024-11-01 03:46:39\",\"name\":\"product-10\",\"extension\":\"jpg\"}','2024-10-31 20:46:39','2024-10-31 20:46:39'),(14,28,'ecommerce/digital-product-files/product-details-desc-3.jpg','{\"filename\":\"product-details-desc-3.jpg\",\"url\":\"ecommerce\\/digital-product-files\\/product-details-desc-3.jpg\",\"mime_type\":\"image\\/jpeg\",\"size\":9803,\"modified\":\"2024-11-01 03:46:39\",\"name\":\"product-details-desc-3\",\"extension\":\"jpg\"}','2024-10-31 20:46:39','2024-10-31 20:46:39'),(15,32,'ecommerce/digital-product-files/product-8.jpg','{\"filename\":\"product-8.jpg\",\"url\":\"ecommerce\\/digital-product-files\\/product-8.jpg\",\"mime_type\":\"image\\/jpeg\",\"size\":9803,\"modified\":\"2024-11-01 03:46:39\",\"name\":\"product-8\",\"extension\":\"jpg\"}','2024-10-31 20:46:39','2024-10-31 20:46:39'),(16,32,'ecommerce/digital-product-files/product-7.jpg','{\"filename\":\"product-7.jpg\",\"url\":\"ecommerce\\/digital-product-files\\/product-7.jpg\",\"mime_type\":\"image\\/jpeg\",\"size\":9803,\"modified\":\"2024-11-01 03:46:39\",\"name\":\"product-7\",\"extension\":\"jpg\"}','2024-10-31 20:46:39','2024-10-31 20:46:39'),(17,36,'ecommerce/digital-product-files/product-9.jpg','{\"filename\":\"product-9.jpg\",\"url\":\"ecommerce\\/digital-product-files\\/product-9.jpg\",\"mime_type\":\"image\\/jpeg\",\"size\":9803,\"modified\":\"2024-11-01 03:46:39\",\"name\":\"product-9\",\"extension\":\"jpg\"}','2024-10-31 20:46:39','2024-10-31 20:46:39'),(18,36,'ecommerce/digital-product-files/product-6.jpg','{\"filename\":\"product-6.jpg\",\"url\":\"ecommerce\\/digital-product-files\\/product-6.jpg\",\"mime_type\":\"image\\/jpeg\",\"size\":9803,\"modified\":\"2024-11-01 03:46:39\",\"name\":\"product-6\",\"extension\":\"jpg\"}','2024-10-31 20:46:39','2024-10-31 20:46:39'),(19,40,'ecommerce/digital-product-files/product-9.jpg','{\"filename\":\"product-9.jpg\",\"url\":\"ecommerce\\/digital-product-files\\/product-9.jpg\",\"mime_type\":\"image\\/jpeg\",\"size\":9803,\"modified\":\"2024-11-01 03:46:39\",\"name\":\"product-9\",\"extension\":\"jpg\"}','2024-10-31 20:46:39','2024-10-31 20:46:39'),(20,40,'ecommerce/digital-product-files/product-details-desc-3.jpg','{\"filename\":\"product-details-desc-3.jpg\",\"url\":\"ecommerce\\/digital-product-files\\/product-details-desc-3.jpg\",\"mime_type\":\"image\\/jpeg\",\"size\":9803,\"modified\":\"2024-11-01 03:46:39\",\"name\":\"product-details-desc-3\",\"extension\":\"jpg\"}','2024-10-31 20:46:39','2024-10-31 20:46:39'),(21,44,'ecommerce/digital-product-files/product-4.jpg','{\"filename\":\"product-4.jpg\",\"url\":\"ecommerce\\/digital-product-files\\/product-4.jpg\",\"mime_type\":\"image\\/jpeg\",\"size\":9803,\"modified\":\"2024-11-01 03:46:39\",\"name\":\"product-4\",\"extension\":\"jpg\"}','2024-10-31 20:46:39','2024-10-31 20:46:39'),(22,44,'ecommerce/digital-product-files/product-15.jpg','{\"filename\":\"product-15.jpg\",\"url\":\"ecommerce\\/digital-product-files\\/product-15.jpg\",\"mime_type\":\"image\\/jpeg\",\"size\":9803,\"modified\":\"2024-11-01 03:46:39\",\"name\":\"product-15\",\"extension\":\"jpg\"}','2024-10-31 20:46:39','2024-10-31 20:46:39'),(23,48,'ecommerce/digital-product-files/product-details-desc-3.jpg','{\"filename\":\"product-details-desc-3.jpg\",\"url\":\"ecommerce\\/digital-product-files\\/product-details-desc-3.jpg\",\"mime_type\":\"image\\/jpeg\",\"size\":9803,\"modified\":\"2024-11-01 03:46:39\",\"name\":\"product-details-desc-3\",\"extension\":\"jpg\"}','2024-10-31 20:46:39','2024-10-31 20:46:39'),(24,48,'ecommerce/digital-product-files/product-3.jpg','{\"filename\":\"product-3.jpg\",\"url\":\"ecommerce\\/digital-product-files\\/product-3.jpg\",\"mime_type\":\"image\\/jpeg\",\"size\":9803,\"modified\":\"2024-11-01 03:46:39\",\"name\":\"product-3\",\"extension\":\"jpg\"}','2024-10-31 20:46:39','2024-10-31 20:46:39'),(25,52,'ecommerce/digital-product-files/product-details-desc-3.jpg','{\"filename\":\"product-details-desc-3.jpg\",\"url\":\"ecommerce\\/digital-product-files\\/product-details-desc-3.jpg\",\"mime_type\":\"image\\/jpeg\",\"size\":9803,\"modified\":\"2024-11-01 03:46:39\",\"name\":\"product-details-desc-3\",\"extension\":\"jpg\"}','2024-10-31 20:46:39','2024-10-31 20:46:39'),(26,52,'ecommerce/digital-product-files/product-15.jpg','{\"filename\":\"product-15.jpg\",\"url\":\"ecommerce\\/digital-product-files\\/product-15.jpg\",\"mime_type\":\"image\\/jpeg\",\"size\":9803,\"modified\":\"2024-11-01 03:46:39\",\"name\":\"product-15\",\"extension\":\"jpg\"}','2024-10-31 20:46:39','2024-10-31 20:46:39'),(27,56,'ecommerce/digital-product-files/product-details-desc-2.jpg','{\"filename\":\"product-details-desc-2.jpg\",\"url\":\"ecommerce\\/digital-product-files\\/product-details-desc-2.jpg\",\"mime_type\":\"image\\/jpeg\",\"size\":9803,\"modified\":\"2024-11-01 03:46:39\",\"name\":\"product-details-desc-2\",\"extension\":\"jpg\"}','2024-10-31 20:46:39','2024-10-31 20:46:39'),(28,56,'ecommerce/digital-product-files/product-16.jpg','{\"filename\":\"product-16.jpg\",\"url\":\"ecommerce\\/digital-product-files\\/product-16.jpg\",\"mime_type\":\"image\\/jpeg\",\"size\":9803,\"modified\":\"2024-11-01 03:46:39\",\"name\":\"product-16\",\"extension\":\"jpg\"}','2024-10-31 20:46:39','2024-10-31 20:46:39'),(29,64,'ecommerce/digital-product-files/product-2.jpg','{\"filename\":\"product-2.jpg\",\"url\":\"ecommerce\\/digital-product-files\\/product-2.jpg\",\"mime_type\":\"image\\/jpeg\",\"size\":9803,\"modified\":\"2024-11-01 03:46:39\",\"name\":\"product-2\",\"extension\":\"jpg\"}','2024-10-31 20:46:39','2024-10-31 20:46:39'),(30,65,'ecommerce/digital-product-files/product-19.jpg','{\"filename\":\"product-19.jpg\",\"url\":\"ecommerce\\/digital-product-files\\/product-19.jpg\",\"mime_type\":\"image\\/jpeg\",\"size\":9803,\"modified\":\"2024-11-01 03:46:39\",\"name\":\"product-19\",\"extension\":\"jpg\"}','2024-10-31 20:46:39','2024-10-31 20:46:39'),(31,67,'ecommerce/digital-product-files/product-18.jpg','{\"filename\":\"product-18.jpg\",\"url\":\"ecommerce\\/digital-product-files\\/product-18.jpg\",\"mime_type\":\"image\\/jpeg\",\"size\":9803,\"modified\":\"2024-11-01 03:46:39\",\"name\":\"product-18\",\"extension\":\"jpg\"}','2024-10-31 20:46:39','2024-10-31 20:46:39'),(32,68,'ecommerce/digital-product-files/product-6.jpg','{\"filename\":\"product-6.jpg\",\"url\":\"ecommerce\\/digital-product-files\\/product-6.jpg\",\"mime_type\":\"image\\/jpeg\",\"size\":9803,\"modified\":\"2024-11-01 03:46:39\",\"name\":\"product-6\",\"extension\":\"jpg\"}','2024-10-31 20:46:39','2024-10-31 20:46:39'),(33,73,'ecommerce/digital-product-files/product-13.jpg','{\"filename\":\"product-13.jpg\",\"url\":\"ecommerce\\/digital-product-files\\/product-13.jpg\",\"mime_type\":\"image\\/jpeg\",\"size\":9803,\"modified\":\"2024-11-01 03:46:39\",\"name\":\"product-13\",\"extension\":\"jpg\"}','2024-10-31 20:46:39','2024-10-31 20:46:39'),(34,78,'ecommerce/digital-product-files/product-9.jpg','{\"filename\":\"product-9.jpg\",\"url\":\"ecommerce\\/digital-product-files\\/product-9.jpg\",\"mime_type\":\"image\\/jpeg\",\"size\":9803,\"modified\":\"2024-11-01 03:46:39\",\"name\":\"product-9\",\"extension\":\"jpg\"}','2024-10-31 20:46:39','2024-10-31 20:46:39'),(35,79,'ecommerce/digital-product-files/product-10.jpg','{\"filename\":\"product-10.jpg\",\"url\":\"ecommerce\\/digital-product-files\\/product-10.jpg\",\"mime_type\":\"image\\/jpeg\",\"size\":9803,\"modified\":\"2024-11-01 03:46:39\",\"name\":\"product-10\",\"extension\":\"jpg\"}','2024-10-31 20:46:39','2024-10-31 20:46:39'),(36,91,'ecommerce/digital-product-files/product-6.jpg','{\"filename\":\"product-6.jpg\",\"url\":\"ecommerce\\/digital-product-files\\/product-6.jpg\",\"mime_type\":\"image\\/jpeg\",\"size\":9803,\"modified\":\"2024-11-01 03:46:39\",\"name\":\"product-6\",\"extension\":\"jpg\"}','2024-10-31 20:46:39','2024-10-31 20:46:39'),(37,92,'ecommerce/digital-product-files/product-7.jpg','{\"filename\":\"product-7.jpg\",\"url\":\"ecommerce\\/digital-product-files\\/product-7.jpg\",\"mime_type\":\"image\\/jpeg\",\"size\":9803,\"modified\":\"2024-11-01 03:46:39\",\"name\":\"product-7\",\"extension\":\"jpg\"}','2024-10-31 20:46:39','2024-10-31 20:46:39'),(38,93,'ecommerce/digital-product-files/product-13.jpg','{\"filename\":\"product-13.jpg\",\"url\":\"ecommerce\\/digital-product-files\\/product-13.jpg\",\"mime_type\":\"image\\/jpeg\",\"size\":9803,\"modified\":\"2024-11-01 03:46:39\",\"name\":\"product-13\",\"extension\":\"jpg\"}','2024-10-31 20:46:39','2024-10-31 20:46:39'),(39,113,'ecommerce/digital-product-files/product-details-desc-3.jpg','{\"filename\":\"product-details-desc-3.jpg\",\"url\":\"ecommerce\\/digital-product-files\\/product-details-desc-3.jpg\",\"mime_type\":\"image\\/jpeg\",\"size\":9803,\"modified\":\"2024-11-01 03:46:39\",\"name\":\"product-details-desc-3\",\"extension\":\"jpg\"}','2024-10-31 20:46:39','2024-10-31 20:46:39'),(40,114,'ecommerce/digital-product-files/product-details-desc-2.jpg','{\"filename\":\"product-details-desc-2.jpg\",\"url\":\"ecommerce\\/digital-product-files\\/product-details-desc-2.jpg\",\"mime_type\":\"image\\/jpeg\",\"size\":9803,\"modified\":\"2024-11-01 03:46:39\",\"name\":\"product-details-desc-2\",\"extension\":\"jpg\"}','2024-10-31 20:46:39','2024-10-31 20:46:39'),(41,115,'ecommerce/digital-product-files/product-20.jpg','{\"filename\":\"product-20.jpg\",\"url\":\"ecommerce\\/digital-product-files\\/product-20.jpg\",\"mime_type\":\"image\\/jpeg\",\"size\":9803,\"modified\":\"2024-11-01 03:46:39\",\"name\":\"product-20\",\"extension\":\"jpg\"}','2024-10-31 20:46:39','2024-10-31 20:46:39'),(42,119,'ecommerce/digital-product-files/product-15.jpg','{\"filename\":\"product-15.jpg\",\"url\":\"ecommerce\\/digital-product-files\\/product-15.jpg\",\"mime_type\":\"image\\/jpeg\",\"size\":9803,\"modified\":\"2024-11-01 03:46:39\",\"name\":\"product-15\",\"extension\":\"jpg\"}','2024-10-31 20:46:39','2024-10-31 20:46:39'),(43,120,'ecommerce/digital-product-files/product-16.jpg','{\"filename\":\"product-16.jpg\",\"url\":\"ecommerce\\/digital-product-files\\/product-16.jpg\",\"mime_type\":\"image\\/jpeg\",\"size\":9803,\"modified\":\"2024-11-01 03:46:39\",\"name\":\"product-16\",\"extension\":\"jpg\"}','2024-10-31 20:46:39','2024-10-31 20:46:39'),(44,131,'ecommerce/digital-product-files/product-16.jpg','{\"filename\":\"product-16.jpg\",\"url\":\"ecommerce\\/digital-product-files\\/product-16.jpg\",\"mime_type\":\"image\\/jpeg\",\"size\":9803,\"modified\":\"2024-11-01 03:46:39\",\"name\":\"product-16\",\"extension\":\"jpg\"}','2024-10-31 20:46:39','2024-10-31 20:46:39'),(45,132,'ecommerce/digital-product-files/product-8.jpg','{\"filename\":\"product-8.jpg\",\"url\":\"ecommerce\\/digital-product-files\\/product-8.jpg\",\"mime_type\":\"image\\/jpeg\",\"size\":9803,\"modified\":\"2024-11-01 03:46:39\",\"name\":\"product-8\",\"extension\":\"jpg\"}','2024-10-31 20:46:39','2024-10-31 20:46:39');

--
-- Table structure for table `ec_product_label_products`
--

CREATE TABLE `ec_product_label_products` (
  `product_label_id` bigint unsigned NOT NULL,
  `product_id` bigint unsigned NOT NULL,
  PRIMARY KEY (`product_label_id`,`product_id`),
  KEY `ec_product_label_products_product_label_id_index` (`product_label_id`),
  KEY `ec_product_label_products_product_id_index` (`product_id`)
) ENGINE=InnoDB DEFAULT CHARSET=utf8mb4 COLLATE=utf8mb4_unicode_ci;

--
-- Dumping data for table `ec_product_label_products`
--

INSERT INTO `ec_product_label_products` VALUES (1,3),(1,9),(1,24),(1,30),(1,39),(1,42),(1,45),(1,51),(2,18),(2,21),(2,33),(2,48),(3,6),(3,12),(3,15),(3,27),(3,36),(3,54),(3,57);

--
-- Table structure for table `ec_product_labels`
--

CREATE TABLE `ec_product_labels` (
  `id` bigint unsigned NOT NULL AUTO_INCREMENT,
  `name` varchar(191) COLLATE utf8mb4_unicode_ci NOT NULL,
  `color` varchar(120) COLLATE utf8mb4_unicode_ci DEFAULT NULL,
  `status` varchar(60) COLLATE utf8mb4_unicode_ci NOT NULL DEFAULT 'published',
  `created_at` timestamp NULL DEFAULT NULL,
  `updated_at` timestamp NULL DEFAULT NULL,
  PRIMARY KEY (`id`)
) ENGINE=InnoDB AUTO_INCREMENT=4 DEFAULT CHARSET=utf8mb4 COLLATE=utf8mb4_unicode_ci;

--
-- Dumping data for table `ec_product_labels`
--

INSERT INTO `ec_product_labels` VALUES (1,'Hot','#AC2200','published','2024-10-31 20:46:28','2024-10-31 20:46:28'),(2,'New','#006554','published','2024-10-31 20:46:28','2024-10-31 20:46:28'),(3,'Sale','#9A3B00','published','2024-10-31 20:46:28','2024-10-31 20:46:28');

--
-- Table structure for table `ec_product_labels_translations`
--

CREATE TABLE `ec_product_labels_translations` (
  `lang_code` varchar(191) COLLATE utf8mb4_unicode_ci NOT NULL,
  `ec_product_labels_id` bigint unsigned NOT NULL,
  `name` varchar(191) COLLATE utf8mb4_unicode_ci DEFAULT NULL,
  `description` varchar(400) COLLATE utf8mb4_unicode_ci DEFAULT NULL,
  PRIMARY KEY (`lang_code`,`ec_product_labels_id`)
) ENGINE=InnoDB DEFAULT CHARSET=utf8mb4 COLLATE=utf8mb4_unicode_ci;

--
-- Dumping data for table `ec_product_labels_translations`
--


--
-- Table structure for table `ec_product_related_relations`
--

CREATE TABLE `ec_product_related_relations` (
  `from_product_id` bigint unsigned NOT NULL,
  `to_product_id` bigint unsigned NOT NULL,
  PRIMARY KEY (`from_product_id`,`to_product_id`),
  KEY `ec_product_related_relations_from_product_id_index` (`from_product_id`),
  KEY `ec_product_related_relations_to_product_id_index` (`to_product_id`)
) ENGINE=InnoDB DEFAULT CHARSET=utf8mb4 COLLATE=utf8mb4_unicode_ci;

--
-- Dumping data for table `ec_product_related_relations`
--


--
-- Table structure for table `ec_product_specification_attribute`
--

CREATE TABLE `ec_product_specification_attribute` (
  `product_id` bigint unsigned NOT NULL,
  `attribute_id` bigint unsigned NOT NULL,
  `value` text COLLATE utf8mb4_unicode_ci,
  `hidden` tinyint(1) NOT NULL DEFAULT '0',
  `order` tinyint NOT NULL DEFAULT '0',
  PRIMARY KEY (`product_id`,`attribute_id`)
) ENGINE=InnoDB DEFAULT CHARSET=utf8mb4 COLLATE=utf8mb4_unicode_ci;

--
-- Dumping data for table `ec_product_specification_attribute`
--

INSERT INTO `ec_product_specification_attribute` VALUES (1,1,'84.06 cm',0,0),(1,2,'69.42 cm',0,0),(1,3,'13.75 cm',0,0),(1,4,'43.44 cm',0,0),(1,5,'2.66 cm',0,0),(2,6,'33.44 cm',0,0),(2,7,'60.23 cm',0,0),(2,8,'1920x1080',0,0),(3,1,'66.91 cm',0,0),(3,2,'32.61 cm',0,0),(3,3,'87.79 cm',0,0),(3,4,'38.78 cm',0,0),(3,5,'50.85 cm',0,0),(4,6,'16.37 cm',0,0),(4,7,'99.45 cm',0,0),(4,8,'3840x2160',0,0),(5,1,'71.79 cm',0,0),(5,2,'55.61 cm',0,0),(5,3,'55.01 cm',0,0),(5,4,'37.03 cm',0,0),(5,5,'99.92 cm',0,0),(6,6,'60.19 cm',0,0),(6,7,'28.75 cm',0,0),(6,8,'1920x1080',0,0),(7,6,'78.77 cm',0,0),(7,7,'84.23 cm',0,0),(7,8,'2560x1440',0,0),(8,6,'41.54 cm',0,0),(8,7,'41.23 cm',0,0),(8,8,'2560x1440',0,0),(9,1,'18.87 cm',0,0),(9,2,'63.65 cm',0,0),(9,3,'68.06 cm',0,0),(9,4,'4.02 cm',0,0),(9,5,'96.68 cm',0,0),(10,1,'84.61 cm',0,0),(10,2,'22.01 cm',0,0),(10,3,'86.43 cm',0,0),(10,4,'55.6 cm',0,0),(10,5,'36.12 cm',0,0),(11,1,'57.15 cm',0,0),(11,2,'54.02 cm',0,0),(11,3,'4.57 cm',0,0),(11,4,'21.47 cm',0,0),(11,5,'58.01 cm',0,0),(12,1,'16.19 cm',0,0),(12,2,'75.52 cm',0,0),(12,3,'68.2 cm',0,0),(12,4,'81 cm',0,0),(12,5,'99.07 cm',0,0),(13,6,'77.08 cm',0,0),(13,7,'94.52 cm',0,0),(13,8,'2560x1440',0,0),(14,6,'57.16 cm',0,0),(14,7,'4.08 cm',0,0),(14,8,'2560x1440',0,0),(15,1,'74.49 cm',0,0),(15,2,'43.7 cm',0,0),(15,3,'86.28 cm',0,0),(15,4,'8.23 cm',0,0),(15,5,'6.39 cm',0,0),(16,6,'53.7 cm',0,0),(16,7,'5.71 cm',0,0),(16,8,'2560x1440',0,0),(17,1,'17.58 cm',0,0),(17,2,'84.42 cm',0,0),(17,3,'99.53 cm',0,0),(17,4,'1.32 cm',0,0),(17,5,'39.57 cm',0,0),(18,1,'17.21 cm',0,0),(18,2,'8.77 cm',0,0),(18,3,'22.55 cm',0,0),(18,4,'56.35 cm',0,0),(18,5,'44.8 cm',0,0),(19,6,'19.98 cm',0,0),(19,7,'30.7 cm',0,0),(19,8,'2560x1440',0,0),(20,1,'30.01 cm',0,0),(20,2,'88.55 cm',0,0),(20,3,'64.52 cm',0,0),(20,4,'60.04 cm',0,0),(20,5,'6.24 cm',0,0),(21,6,'12.5 cm',0,0),(21,7,'11.45 cm',0,0),(21,8,'2560x1440',0,0),(22,6,'95.54 cm',0,0),(22,7,'36.56 cm',0,0),(22,8,'2560x1440',0,0),(23,1,'2.14 cm',0,0),(23,2,'23.33 cm',0,0),(23,3,'38.57 cm',0,0),(23,4,'27.91 cm',0,0),(23,5,'59.17 cm',0,0),(24,6,'57.72 cm',0,0),(24,7,'15.74 cm',0,0),(24,8,'3840x2160',0,0),(25,6,'78.34 cm',0,0),(25,7,'24.77 cm',0,0),(25,8,'2560x1440',0,0),(26,6,'96.36 cm',0,0),(26,7,'85.49 cm',0,0),(26,8,'1920x1080',0,0),(27,6,'65.5 cm',0,0),(27,7,'11.06 cm',0,0),(27,8,'1920x1080',0,0),(28,6,'75.99 cm',0,0),(28,7,'87.16 cm',0,0),(28,8,'1920x1080',0,0),(29,1,'7.74 cm',0,0),(29,2,'37.96 cm',0,0),(29,3,'97.7 cm',0,0),(29,4,'48.03 cm',0,0),(29,5,'70.39 cm',0,0),(30,6,'26.89 cm',0,0),(30,7,'28.66 cm',0,0),(30,8,'1920x1080',0,0),(31,6,'8.24 cm',0,0),(31,7,'9.6 cm',0,0),(31,8,'2560x1440',0,0),(32,6,'19.55 cm',0,0),(32,7,'76.44 cm',0,0),(32,8,'1920x1080',0,0),(33,6,'88.52 cm',0,0),(33,7,'69.96 cm',0,0),(33,8,'2560x1440',0,0),(34,1,'8.26 cm',0,0),(34,2,'67.7 cm',0,0),(34,3,'74.2 cm',0,0),(34,4,'97.48 cm',0,0),(34,5,'15.6 cm',0,0),(35,6,'98.87 cm',0,0),(35,7,'81.68 cm',0,0),(35,8,'1920x1080',0,0),(36,1,'63.95 cm',0,0),(36,2,'46.86 cm',0,0),(36,3,'21.35 cm',0,0),(36,4,'17.78 cm',0,0),(36,5,'49.08 cm',0,0),(37,1,'73.83 cm',0,0),(37,2,'57.02 cm',0,0),(37,3,'99.29 cm',0,0),(37,4,'55.14 cm',0,0),(37,5,'23.61 cm',0,0),(38,1,'78.69 cm',0,0),(38,2,'42.94 cm',0,0),(38,3,'70.32 cm',0,0),(38,4,'77 cm',0,0),(38,5,'8.69 cm',0,0),(39,6,'36.96 cm',0,0),(39,7,'63.87 cm',0,0),(39,8,'3840x2160',0,0),(40,6,'93.67 cm',0,0),(40,7,'91.34 cm',0,0),(40,8,'3840x2160',0,0),(41,1,'92.6 cm',0,0),(41,2,'76.23 cm',0,0),(41,3,'64.96 cm',0,0),(41,4,'20.08 cm',0,0),(41,5,'86.17 cm',0,0),(42,6,'64.04 cm',0,0),(42,7,'71.89 cm',0,0),(42,8,'2560x1440',0,0),(43,6,'52.94 cm',0,0),(43,7,'18.86 cm',0,0),(43,8,'1920x1080',0,0),(44,1,'4.65 cm',0,0),(44,2,'52.67 cm',0,0),(44,3,'92.69 cm',0,0),(44,4,'98.73 cm',0,0),(44,5,'77.47 cm',0,0),(45,1,'14.63 cm',0,0),(45,2,'64.45 cm',0,0),(45,3,'46.74 cm',0,0),(45,4,'4.61 cm',0,0),(45,5,'10.09 cm',0,0),(46,1,'93.12 cm',0,0),(46,2,'81.46 cm',0,0),(46,3,'28.55 cm',0,0),(46,4,'82.06 cm',0,0),(46,5,'78.55 cm',0,0),(47,6,'64.12 cm',0,0),(47,7,'9.72 cm',0,0),(47,8,'1920x1080',0,0),(48,1,'89.38 cm',0,0),(48,2,'85.36 cm',0,0),(48,3,'60.1 cm',0,0),(48,4,'79.21 cm',0,0),(48,5,'30.8 cm',0,0),(49,1,'98 cm',0,0),(49,2,'66.85 cm',0,0),(49,3,'59.51 cm',0,0),(49,4,'25.2 cm',0,0),(49,5,'5.83 cm',0,0),(50,1,'60.08 cm',0,0),(50,2,'96.98 cm',0,0),(50,3,'45.05 cm',0,0),(50,4,'76.36 cm',0,0),(50,5,'8.58 cm',0,0),(51,1,'80.89 cm',0,0),(51,2,'69.21 cm',0,0),(51,3,'30.61 cm',0,0),(51,4,'29.14 cm',0,0),(51,5,'71.43 cm',0,0),(52,1,'31.75 cm',0,0),(52,2,'82.5 cm',0,0),(52,3,'55.32 cm',0,0),(52,4,'52.92 cm',0,0),(52,5,'31.55 cm',0,0),(53,6,'6.67 cm',0,0),(53,7,'49.56 cm',0,0),(53,8,'3840x2160',0,0),(54,1,'12.42 cm',0,0),(54,2,'41.65 cm',0,0),(54,3,'76.01 cm',0,0),(54,4,'83.9 cm',0,0),(54,5,'94.44 cm',0,0),(55,6,'41.63 cm',0,0),(55,7,'5.61 cm',0,0),(55,8,'2560x1440',0,0),(56,1,'92.86 cm',0,0),(56,2,'24.69 cm',0,0),(56,3,'52.5 cm',0,0),(56,4,'92.55 cm',0,0),(56,5,'70.25 cm',0,0),(57,6,'47.4 cm',0,0),(57,7,'81.04 cm',0,0),(57,8,'1920x1080',0,0);

--
-- Table structure for table `ec_product_tag_product`
--

CREATE TABLE `ec_product_tag_product` (
  `product_id` bigint unsigned NOT NULL,
  `tag_id` bigint unsigned NOT NULL,
  PRIMARY KEY (`product_id`,`tag_id`),
  KEY `ec_product_tag_product_product_id_index` (`product_id`),
  KEY `ec_product_tag_product_tag_id_index` (`tag_id`)
) ENGINE=InnoDB DEFAULT CHARSET=utf8mb4 COLLATE=utf8mb4_unicode_ci;

--
-- Dumping data for table `ec_product_tag_product`
--

INSERT INTO `ec_product_tag_product` VALUES (1,2),(1,5),(1,6),(2,2),(2,3),(2,4),(3,2),(3,4),(3,5),(4,1),(4,3),(4,4),(5,2),(5,4),(5,5),(6,3),(6,4),(6,5),(7,1),(7,2),(7,6),(8,2),(8,3),(8,4),(9,1),(9,3),(9,4),(10,1),(10,4),(10,6),(11,1),(11,5),(11,6),(12,2),(12,3),(12,5),(13,2),(13,3),(13,5),(14,2),(14,3),(14,4),(15,1),(15,4),(15,6),(16,1),(16,2),(16,5),(17,2),(17,5),(17,6),(18,4),(18,5),(18,6),(19,1),(19,5),(19,6),(20,2),(20,5),(20,6),(21,1),(21,4),(21,5),(22,2),(22,3),(22,5),(23,1),(23,3),(23,6),(24,3),(24,4),(24,6),(25,1),(25,4),(25,6),(26,3),(26,5),(26,6),(27,2),(27,4),(27,6),(28,1),(28,2),(28,3),(29,2),(29,4),(29,6),(30,1),(30,3),(30,4),(31,1),(31,2),(31,5),(32,2),(32,5),(32,6),(33,2),(33,3),(33,6),(34,3),(34,4),(34,6),(35,1),(35,2),(35,3),(36,2),(36,5),(36,6),(37,2),(37,3),(37,6),(38,2),(38,3),(38,6),(39,1),(39,5),(39,6),(40,1),(40,3),(40,6),(41,2),(41,3),(41,5),(42,1),(42,2),(42,4),(43,2),(43,4),(43,6),(44,3),(44,4),(44,6),(45,3),(45,4),(45,6),(46,1),(46,2),(46,4),(47,3),(47,4),(47,5),(48,2),(48,3),(48,4),(49,2),(49,3),(49,6),(50,2),(50,3),(50,6),(51,2),(51,3),(51,4),(52,1),(52,4),(52,6),(53,2),(53,4),(53,5),(54,1),(54,2),(54,3),(55,2),(55,4),(55,5),(56,1),(56,2),(56,4),(57,2),(57,4),(57,6);

--
-- Table structure for table `ec_product_tags`
--

CREATE TABLE `ec_product_tags` (
  `id` bigint unsigned NOT NULL AUTO_INCREMENT,
  `name` varchar(120) COLLATE utf8mb4_unicode_ci NOT NULL,
  `description` varchar(400) COLLATE utf8mb4_unicode_ci DEFAULT NULL,
  `status` varchar(60) COLLATE utf8mb4_unicode_ci NOT NULL DEFAULT 'published',
  `created_at` timestamp NULL DEFAULT NULL,
  `updated_at` timestamp NULL DEFAULT NULL,
  PRIMARY KEY (`id`)
) ENGINE=InnoDB AUTO_INCREMENT=7 DEFAULT CHARSET=utf8mb4 COLLATE=utf8mb4_unicode_ci;

--
-- Dumping data for table `ec_product_tags`
--

INSERT INTO `ec_product_tags` VALUES (1,'Electronic',NULL,'published','2024-10-31 20:46:31','2024-10-31 20:46:31'),(2,'Mobile',NULL,'published','2024-10-31 20:46:31','2024-10-31 20:46:31'),(3,'Iphone',NULL,'published','2024-10-31 20:46:31','2024-10-31 20:46:31'),(4,'Printer',NULL,'published','2024-10-31 20:46:31','2024-10-31 20:46:31'),(5,'Office',NULL,'published','2024-10-31 20:46:31','2024-10-31 20:46:31'),(6,'IT',NULL,'published','2024-10-31 20:46:31','2024-10-31 20:46:31');

--
-- Table structure for table `ec_product_tags_translations`
--

CREATE TABLE `ec_product_tags_translations` (
  `lang_code` varchar(191) COLLATE utf8mb4_unicode_ci NOT NULL,
  `ec_product_tags_id` bigint unsigned NOT NULL,
  `name` varchar(191) COLLATE utf8mb4_unicode_ci DEFAULT NULL,
  PRIMARY KEY (`lang_code`,`ec_product_tags_id`)
) ENGINE=InnoDB DEFAULT CHARSET=utf8mb4 COLLATE=utf8mb4_unicode_ci;

--
-- Dumping data for table `ec_product_tags_translations`
--


--
-- Table structure for table `ec_product_up_sale_relations`
--

CREATE TABLE `ec_product_up_sale_relations` (
  `from_product_id` bigint unsigned NOT NULL,
  `to_product_id` bigint unsigned NOT NULL,
  PRIMARY KEY (`from_product_id`,`to_product_id`),
  KEY `ec_product_up_sale_relations_from_product_id_index` (`from_product_id`),
  KEY `ec_product_up_sale_relations_to_product_id_index` (`to_product_id`)
) ENGINE=InnoDB DEFAULT CHARSET=utf8mb4 COLLATE=utf8mb4_unicode_ci;

--
-- Dumping data for table `ec_product_up_sale_relations`
--


--
-- Table structure for table `ec_product_variation_items`
--

CREATE TABLE `ec_product_variation_items` (
  `id` bigint unsigned NOT NULL AUTO_INCREMENT,
  `attribute_id` bigint unsigned NOT NULL,
  `variation_id` bigint unsigned NOT NULL,
  PRIMARY KEY (`id`),
  UNIQUE KEY `ec_product_variation_items_attribute_id_variation_id_unique` (`attribute_id`,`variation_id`),
  KEY `attribute_variation_index` (`attribute_id`,`variation_id`)
) ENGINE=InnoDB AUTO_INCREMENT=151 DEFAULT CHARSET=utf8mb4 COLLATE=utf8mb4_unicode_ci;

--
-- Dumping data for table `ec_product_variation_items`
--

INSERT INTO `ec_product_variation_items` VALUES (5,1,3),(11,1,6),(35,1,18),(39,1,20),(45,1,23),(53,1,27),(65,1,33),(69,1,35),(75,1,38),(77,1,39),(15,2,8),(17,2,9),(23,2,12),(25,2,13),(29,2,15),(37,2,19),(57,2,29),(59,2,30),(1,3,1),(3,3,2),(27,3,14),(41,3,21),(43,3,22),(61,3,31),(9,4,5),(21,4,11),(33,4,17),(47,4,24),(51,4,26),(63,4,32),(71,4,36),(73,4,37),(7,5,4),(13,5,7),(19,5,10),(31,5,16),(49,5,25),(55,5,28),(67,5,34),(14,6,7),(28,6,14),(38,6,19),(42,6,21),(44,6,22),(52,6,26),(68,6,34),(72,6,36),(78,6,39),(16,7,8),(18,7,9),(22,7,11),(24,7,12),(26,7,13),(36,7,18),(48,7,24),(62,7,31),(64,7,32),(66,7,33),(76,7,38),(2,8,1),(4,8,2),(8,8,4),(10,8,5),(12,8,6),(46,8,23),(30,9,15),(34,9,17),(40,9,20),(54,9,27),(56,9,28),(58,9,29),(60,9,30),(70,9,35),(6,10,3),(20,10,10),(32,10,16),(50,10,25),(74,10,37),(87,11,44),(93,11,47),(109,11,55),(117,11,59),(123,11,62),(129,11,65),(145,11,73),(81,12,41),(91,12,46),(97,12,49),(103,12,52),(127,12,64),(79,13,40),(95,13,48),(111,13,56),(119,13,60),(121,13,61),(133,13,67),(135,13,68),(141,13,71),(83,14,42),(85,14,43),(89,14,45),(107,14,54),(113,14,57),(115,14,58),(125,14,63),(131,14,66),(137,14,69),(143,14,72),(99,15,50),(101,15,51),(105,15,53),(139,15,70),(147,15,74),(149,15,75),(82,16,41),(90,16,45),(96,16,48),(118,16,59),(128,16,64),(144,16,72),(80,17,40),(102,17,51),(108,17,54),(110,17,55),(120,17,60),(84,18,42),(100,18,50),(104,18,52),(116,18,58),(122,18,61),(136,18,68),(140,18,70),(92,19,46),(94,19,47),(106,19,53),(112,19,56),(126,19,63),(134,19,67),(146,19,73),(148,19,74),(86,20,43),(88,20,44),(98,20,49),(114,20,57),(124,20,62),(130,20,65),(132,20,66),(138,20,69),(142,20,71),(150,20,75);

--
-- Table structure for table `ec_product_variations`
--

CREATE TABLE `ec_product_variations` (
  `id` bigint unsigned NOT NULL AUTO_INCREMENT,
  `product_id` bigint unsigned DEFAULT NULL,
  `configurable_product_id` bigint unsigned NOT NULL,
  `is_default` tinyint NOT NULL DEFAULT '0',
  PRIMARY KEY (`id`),
  UNIQUE KEY `ec_product_variations_product_id_configurable_product_id_unique` (`product_id`,`configurable_product_id`),
  KEY `configurable_product_index` (`product_id`,`configurable_product_id`)
) ENGINE=InnoDB AUTO_INCREMENT=76 DEFAULT CHARSET=utf8mb4 COLLATE=utf8mb4_unicode_ci;

--
-- Dumping data for table `ec_product_variations`
--

INSERT INTO `ec_product_variations` VALUES (1,58,1,1),(2,59,1,0),(3,60,1,0),(4,61,2,1),(5,62,5,1),(6,63,5,0),(7,64,8,1),(8,65,8,0),(9,66,10,1),(10,67,12,1),(11,68,12,0),(12,69,13,1),(13,70,13,0),(14,71,13,0),(15,72,15,1),(16,73,16,1),(17,74,17,1),(18,75,19,1),(19,76,19,0),(20,77,19,0),(21,78,20,1),(22,79,20,0),(23,80,21,1),(24,81,21,0),(25,82,22,1),(26,83,22,0),(27,84,22,0),(28,85,22,0),(29,86,22,0),(30,87,23,1),(31,88,23,0),(32,89,23,0),(33,90,23,0),(34,91,24,1),(35,92,24,0),(36,93,24,0),(37,94,26,1),(38,95,26,0),(39,96,26,0),(40,97,30,1),(41,98,30,0),(42,99,30,0),(43,100,34,1),(44,101,34,0),(45,102,34,0),(46,103,35,1),(47,104,35,0),(48,105,37,1),(49,106,37,0),(50,107,37,0),(51,108,38,1),(52,109,38,0),(53,110,38,0),(54,111,39,1),(55,112,39,0),(56,113,40,1),(57,114,40,0),(58,115,40,0),(59,116,41,1),(60,117,41,0),(61,118,43,1),(62,119,44,1),(63,120,44,0),(64,121,49,1),(65,122,49,0),(66,123,49,0),(67,124,50,1),(68,125,50,0),(69,126,53,1),(70,127,53,0),(71,128,53,0),(72,129,54,1),(73,130,54,0),(74,131,56,1),(75,132,56,0);

--
-- Table structure for table `ec_product_views`
--

CREATE TABLE `ec_product_views` (
  `id` bigint unsigned NOT NULL AUTO_INCREMENT,
  `product_id` bigint unsigned NOT NULL,
  `views` int NOT NULL DEFAULT '1',
  `date` date NOT NULL DEFAULT '2024-11-01',
  PRIMARY KEY (`id`),
  UNIQUE KEY `ec_product_views_product_id_date_unique` (`product_id`,`date`),
  KEY `ec_product_views_product_id_index` (`product_id`)
) ENGINE=InnoDB DEFAULT CHARSET=utf8mb4 COLLATE=utf8mb4_unicode_ci;

--
-- Dumping data for table `ec_product_views`
--


--
-- Table structure for table `ec_product_with_attribute_set`
--

CREATE TABLE `ec_product_with_attribute_set` (
  `attribute_set_id` bigint unsigned NOT NULL,
  `product_id` bigint unsigned NOT NULL,
  `order` tinyint unsigned NOT NULL DEFAULT '0',
  PRIMARY KEY (`product_id`,`attribute_set_id`)
) ENGINE=InnoDB DEFAULT CHARSET=utf8mb4 COLLATE=utf8mb4_unicode_ci;

--
-- Dumping data for table `ec_product_with_attribute_set`
--

INSERT INTO `ec_product_with_attribute_set` VALUES (1,1,0),(2,1,0),(1,2,0),(2,2,0),(1,5,0),(2,5,0),(1,8,0),(2,8,0),(1,10,0),(2,10,0),(1,12,0),(2,12,0),(1,13,0),(2,13,0),(1,15,0),(2,15,0),(1,16,0),(2,16,0),(1,17,0),(2,17,0),(1,19,0),(2,19,0),(1,20,0),(2,20,0),(1,21,0),(2,21,0),(1,22,0),(2,22,0),(1,23,0),(2,23,0),(1,24,0),(2,24,0),(1,26,0),(2,26,0),(3,30,0),(4,30,0),(3,34,0),(4,34,0),(3,35,0),(4,35,0),(3,37,0),(4,37,0),(3,38,0),(4,38,0),(3,39,0),(4,39,0),(3,40,0),(4,40,0),(3,41,0),(4,41,0),(3,43,0),(4,43,0),(3,44,0),(4,44,0),(3,49,0),(4,49,0),(3,50,0),(4,50,0),(3,53,0),(4,53,0),(3,54,0),(4,54,0),(3,56,0),(4,56,0);

--
-- Table structure for table `ec_products`
--

CREATE TABLE `ec_products` (
  `id` bigint unsigned NOT NULL AUTO_INCREMENT,
  `name` varchar(191) COLLATE utf8mb4_unicode_ci NOT NULL,
  `description` text COLLATE utf8mb4_unicode_ci,
  `content` longtext COLLATE utf8mb4_unicode_ci,
  `status` varchar(60) COLLATE utf8mb4_unicode_ci NOT NULL DEFAULT 'published',
  `images` text COLLATE utf8mb4_unicode_ci,
  `video_media` text COLLATE utf8mb4_unicode_ci,
  `sku` varchar(191) COLLATE utf8mb4_unicode_ci DEFAULT NULL,
  `order` int unsigned NOT NULL DEFAULT '0',
  `quantity` int unsigned DEFAULT NULL,
  `allow_checkout_when_out_of_stock` tinyint unsigned NOT NULL DEFAULT '0',
  `with_storehouse_management` tinyint unsigned NOT NULL DEFAULT '0',
  `is_featured` tinyint unsigned NOT NULL DEFAULT '0',
  `brand_id` bigint unsigned DEFAULT NULL,
  `is_variation` tinyint NOT NULL DEFAULT '0',
  `sale_type` tinyint NOT NULL DEFAULT '0',
  `price` double unsigned DEFAULT NULL,
  `sale_price` double unsigned DEFAULT NULL,
  `start_date` timestamp NULL DEFAULT NULL,
  `end_date` timestamp NULL DEFAULT NULL,
  `length` double(8,2) DEFAULT NULL,
  `wide` double(8,2) DEFAULT NULL,
  `height` double(8,2) DEFAULT NULL,
  `weight` double(8,2) DEFAULT NULL,
  `tax_id` bigint unsigned DEFAULT NULL,
  `views` bigint NOT NULL DEFAULT '0',
  `created_at` timestamp NULL DEFAULT NULL,
  `updated_at` timestamp NULL DEFAULT NULL,
  `stock_status` varchar(191) COLLATE utf8mb4_unicode_ci DEFAULT 'in_stock',
  `store_id` bigint unsigned DEFAULT NULL,
  `created_by_id` bigint unsigned DEFAULT '0',
  `created_by_type` varchar(191) COLLATE utf8mb4_unicode_ci NOT NULL DEFAULT 'Botble\\ACL\\Models\\User',
  `approved_by` bigint unsigned DEFAULT '0',
  `image` varchar(191) COLLATE utf8mb4_unicode_ci DEFAULT NULL,
  `product_type` varchar(60) COLLATE utf8mb4_unicode_ci DEFAULT 'physical',
  `barcode` varchar(50) COLLATE utf8mb4_unicode_ci DEFAULT NULL,
  `cost_per_item` double DEFAULT NULL,
  `generate_license_code` tinyint(1) NOT NULL DEFAULT '0',
  `minimum_order_quantity` int unsigned DEFAULT '0',
  `maximum_order_quantity` int unsigned DEFAULT '0',
  `notify_attachment_updated` tinyint(1) NOT NULL DEFAULT '0',
  `specification_table_id` bigint unsigned DEFAULT NULL,
  PRIMARY KEY (`id`),
  KEY `ec_products_brand_id_status_is_variation_created_at_index` (`brand_id`,`status`,`is_variation`,`created_at`),
  KEY `sale_type_index` (`sale_type`),
  KEY `start_date_index` (`start_date`),
  KEY `end_date_index` (`end_date`),
  KEY `sale_price_index` (`sale_price`),
  KEY `is_variation_index` (`is_variation`),
  KEY `ec_products_sku_index` (`sku`)
) ENGINE=InnoDB AUTO_INCREMENT=133 DEFAULT CHARSET=utf8mb4 COLLATE=utf8mb4_unicode_ci;

--
-- Dumping data for table `ec_products`
--

INSERT INTO `ec_products` VALUES (1,'EcoTech Marine Radion XR30w G5 Pro LED Light Fixture','Additionally, this includes a redesigned microphone boom arm that is 33 percent shorter than the Evolve 75 and offers the industry-leading call performance for which Jabra headsets are known.','<div class=\"row justify-content-center\">\n    <div class=\"col-xl-10\">\n        <div class=\"tp-product-details-desc-item pb-105\">\n            <div class=\"row\">\n                <div class=\"col-lg-6\">\n                    <div class=\"pt-25\">\n                        <span>Galaxy A8 tablet</span>\n                        <h3 class=\"tp-product-details-desc-title\">Your world at a glance</h3>\n                        <p>\n                            With a slim design, a vibrant entertainment system, and <br>\n                            outstanding performance, the new Galaxy Tab A7 is a stylish new <br>\n                            companion for your life.Dive head-first into the things you love, <br>\n                            and easily share your favorite moments. Learn, explore, connect <br>\n                            and be inspired.\n                        </p>\n                    </div>\n                    <div>\n                        <h3 class=\"tp-product-details-desc-title\">Draw inspiration with S Pen</h3>\n                        <p>\n                            S Pen is a bundle of writing instruments in one. Its natural grip, <br>\n                            low latency and impressive pressure sensitivity will make it your go-to for everything from drawing to editing documents. And S Pen won\'t get misplaced thanks.\n                        </p>\n                    </div>\n                </div>\n                <div class=\"col-lg-6\">\n                    <div class=\"tp-product-details-desc-thumb\">\n                        <img src=\"/storage/main/products/product-details-desc-1.jpg\" alt=\"product\">\n                    </div>\n                </div>\n            </div>\n        </div>\n        <div class=\"tp-product-details-desc-item pb-75\">\n            <div class=\"row\">\n                <div class=\"col-lg-7\">\n                    <div class=\"tp-product-details-desc-thumb\">\n                        <img src=\"/storage/main/products/product-details-desc-2.jpg\" alt=\"product\">\n                    </div>\n                </div>\n\n                <div class=\"col-lg-5 order-first order-lg-last\">\n                    <div class=\"des-content-2 pl-40\">\n                        <h3 class=\"tp-product-details-desc-title\">\n                            Carry with <br>\n                            Confidence and style\n                        </h3>\n                        <p>\n                            Wrap your tablet in a sleek case that\'s as stylish as it is convenient. Galaxy Tab S6 Lite Book Cover folds around and clings magnetically, so you can easily gear up as you\'re headed out the door. There\'s even a\n                            compartment for S pen, so you can be sure it doesn\'t get left behind.\n                        </p>\n                    </div>\n                </div>\n            </div>\n        </div>\n        <div class=\"tp-product-details-desc-item\">\n            <div class=\"row\">\n                <div class=\"col-xl-12\">\n                    <div class=\"tp-product-details-desc-banner text-center m-img\">\n                        <h3 class=\"tp-product-details-desc-banner-title tp-product-details-desc-title\">Speed Memory Power = Epic Races</h3>\n                        <img src=\"/storage/main/products/product-details-desc-3.jpg\" alt=\"product\">\n                    </div>\n                </div>\n            </div>\n        </div>\n    </div>\n</div>\n','published','[\"main\\/products\\/product-5.jpg\",\"main\\/products\\/product-14.jpg\",\"main\\/products\\/product-6.jpg\",\"main\\/products\\/product-18.jpg\",\"main\\/products\\/product-details-desc-2.jpg\",\"main\\/products\\/product-details-desc-1.jpg\",\"main\\/products\\/product-12.jpg\",\"main\\/products\\/product-17.jpg\"]','[]','KD-196-A1',0,12,0,1,0,4,0,0,1131,NULL,NULL,NULL,12.00,13.00,10.00,635.00,NULL,106702,'2024-10-31 20:46:38','2024-10-31 20:46:39','in_stock',5,0,'Botble\\ACL\\Models\\User',0,NULL,'physical',NULL,NULL,0,0,0,0,1),(2,'Philips Hue White and Color Ambiance A19 LED Smart Bulb','Additionally, this includes a redesigned microphone boom arm that is 33 percent shorter than the Evolve 75 and offers the industry-leading call performance for which Jabra headsets are known.','<div class=\"row justify-content-center\">\n    <div class=\"col-xl-10\">\n        <div class=\"tp-product-details-desc-item pb-105\">\n            <div class=\"row\">\n                <div class=\"col-lg-6\">\n                    <div class=\"pt-25\">\n                        <span>Galaxy A8 tablet</span>\n                        <h3 class=\"tp-product-details-desc-title\">Your world at a glance</h3>\n                        <p>\n                            With a slim design, a vibrant entertainment system, and <br>\n                            outstanding performance, the new Galaxy Tab A7 is a stylish new <br>\n                            companion for your life.Dive head-first into the things you love, <br>\n                            and easily share your favorite moments. Learn, explore, connect <br>\n                            and be inspired.\n                        </p>\n                    </div>\n                    <div>\n                        <h3 class=\"tp-product-details-desc-title\">Draw inspiration with S Pen</h3>\n                        <p>\n                            S Pen is a bundle of writing instruments in one. Its natural grip, <br>\n                            low latency and impressive pressure sensitivity will make it your go-to for everything from drawing to editing documents. And S Pen won\'t get misplaced thanks.\n                        </p>\n                    </div>\n                </div>\n                <div class=\"col-lg-6\">\n                    <div class=\"tp-product-details-desc-thumb\">\n                        <img src=\"/storage/main/products/product-details-desc-1.jpg\" alt=\"product\">\n                    </div>\n                </div>\n            </div>\n        </div>\n        <div class=\"tp-product-details-desc-item pb-75\">\n            <div class=\"row\">\n                <div class=\"col-lg-7\">\n                    <div class=\"tp-product-details-desc-thumb\">\n                        <img src=\"/storage/main/products/product-details-desc-2.jpg\" alt=\"product\">\n                    </div>\n                </div>\n\n                <div class=\"col-lg-5 order-first order-lg-last\">\n                    <div class=\"des-content-2 pl-40\">\n                        <h3 class=\"tp-product-details-desc-title\">\n                            Carry with <br>\n                            Confidence and style\n                        </h3>\n                        <p>\n                            Wrap your tablet in a sleek case that\'s as stylish as it is convenient. Galaxy Tab S6 Lite Book Cover folds around and clings magnetically, so you can easily gear up as you\'re headed out the door. There\'s even a\n                            compartment for S pen, so you can be sure it doesn\'t get left behind.\n                        </p>\n                    </div>\n                </div>\n            </div>\n        </div>\n        <div class=\"tp-product-details-desc-item\">\n            <div class=\"row\">\n                <div class=\"col-xl-12\">\n                    <div class=\"tp-product-details-desc-banner text-center m-img\">\n                        <h3 class=\"tp-product-details-desc-banner-title tp-product-details-desc-title\">Speed Memory Power = Epic Races</h3>\n                        <img src=\"/storage/main/products/product-details-desc-3.jpg\" alt=\"product\">\n                    </div>\n                </div>\n            </div>\n        </div>\n    </div>\n</div>\n','published','[\"main\\/products\\/product-4.jpg\",\"main\\/products\\/product-15.jpg\",\"main\\/products\\/product-7.jpg\"]','[[{\"key\":\"file\",\"value\":\"main\\/video\\/video-2.mp4\"},{\"key\":\"url\",\"value\":null},{\"key\":\"thumbnail\",\"value\":\"main\\/video\\/2.jpg\"}]]','NJ-154-A1',0,20,0,1,0,2,0,0,2309,NULL,NULL,NULL,11.00,10.00,10.00,758.00,NULL,31009,'2024-10-31 20:46:38','2024-10-31 20:46:39','in_stock',5,0,'Botble\\ACL\\Models\\User',0,NULL,'physical',NULL,NULL,0,0,0,0,2),(3,'Samsung Galaxy Tab S7+ 12.4-Inch Android Tablet','We can provide exceptional noise isolation and the best all-day comfort by mixing firm foam for the outer with soft foam for the interior of the ear cushions. So that you may receive Active Noise-Cancellation (ANC) performance that is even greater in a headset that you can wear for whatever length you wish.','<div class=\"row justify-content-center\">\n    <div class=\"col-xl-10\">\n        <div class=\"tp-product-details-desc-item pb-105\">\n            <div class=\"row\">\n                <div class=\"col-lg-6\">\n                    <div class=\"pt-25\">\n                        <span>Galaxy A8 tablet</span>\n                        <h3 class=\"tp-product-details-desc-title\">Your world at a glance</h3>\n                        <p>\n                            With a slim design, a vibrant entertainment system, and <br>\n                            outstanding performance, the new Galaxy Tab A7 is a stylish new <br>\n                            companion for your life.Dive head-first into the things you love, <br>\n                            and easily share your favorite moments. Learn, explore, connect <br>\n                            and be inspired.\n                        </p>\n                    </div>\n                    <div>\n                        <h3 class=\"tp-product-details-desc-title\">Draw inspiration with S Pen</h3>\n                        <p>\n                            S Pen is a bundle of writing instruments in one. Its natural grip, <br>\n                            low latency and impressive pressure sensitivity will make it your go-to for everything from drawing to editing documents. And S Pen won\'t get misplaced thanks.\n                        </p>\n                    </div>\n                </div>\n                <div class=\"col-lg-6\">\n                    <div class=\"tp-product-details-desc-thumb\">\n                        <img src=\"/storage/main/products/product-details-desc-1.jpg\" alt=\"product\">\n                    </div>\n                </div>\n            </div>\n        </div>\n        <div class=\"tp-product-details-desc-item pb-75\">\n            <div class=\"row\">\n                <div class=\"col-lg-7\">\n                    <div class=\"tp-product-details-desc-thumb\">\n                        <img src=\"/storage/main/products/product-details-desc-2.jpg\" alt=\"product\">\n                    </div>\n                </div>\n\n                <div class=\"col-lg-5 order-first order-lg-last\">\n                    <div class=\"des-content-2 pl-40\">\n                        <h3 class=\"tp-product-details-desc-title\">\n                            Carry with <br>\n                            Confidence and style\n                        </h3>\n                        <p>\n                            Wrap your tablet in a sleek case that\'s as stylish as it is convenient. Galaxy Tab S6 Lite Book Cover folds around and clings magnetically, so you can easily gear up as you\'re headed out the door. There\'s even a\n                            compartment for S pen, so you can be sure it doesn\'t get left behind.\n                        </p>\n                    </div>\n                </div>\n            </div>\n        </div>\n        <div class=\"tp-product-details-desc-item\">\n            <div class=\"row\">\n                <div class=\"col-xl-12\">\n                    <div class=\"tp-product-details-desc-banner text-center m-img\">\n                        <h3 class=\"tp-product-details-desc-banner-title tp-product-details-desc-title\">Speed Memory Power = Epic Races</h3>\n                        <img src=\"/storage/main/products/product-details-desc-3.jpg\" alt=\"product\">\n                    </div>\n                </div>\n            </div>\n        </div>\n    </div>\n</div>\n','published','[\"main\\/products\\/product-16.jpg\",\"main\\/products\\/product-12.jpg\",\"main\\/products\\/product-details-desc-3.jpg\",\"main\\/products\\/product-18.jpg\"]','[]','J9-184',0,14,0,1,1,3,0,0,420,220,NULL,NULL,13.00,20.00,10.00,862.00,NULL,165067,'2024-10-31 20:46:38','2024-10-31 20:46:39','in_stock',7,0,'Botble\\ACL\\Models\\User',0,NULL,'physical',NULL,NULL,0,0,0,0,1),(4,'Apple MacBook Pro 16-Inch Laptop (Digital)','Additionally, this includes a redesigned microphone boom arm that is 33 percent shorter than the Evolve 75 and offers the industry-leading call performance for which Jabra headsets are known.','<div class=\"row justify-content-center\">\n    <div class=\"col-xl-10\">\n        <div class=\"tp-product-details-desc-item pb-105\">\n            <div class=\"row\">\n                <div class=\"col-lg-6\">\n                    <div class=\"pt-25\">\n                        <span>Galaxy A8 tablet</span>\n                        <h3 class=\"tp-product-details-desc-title\">Your world at a glance</h3>\n                        <p>\n                            With a slim design, a vibrant entertainment system, and <br>\n                            outstanding performance, the new Galaxy Tab A7 is a stylish new <br>\n                            companion for your life.Dive head-first into the things you love, <br>\n                            and easily share your favorite moments. Learn, explore, connect <br>\n                            and be inspired.\n                        </p>\n                    </div>\n                    <div>\n                        <h3 class=\"tp-product-details-desc-title\">Draw inspiration with S Pen</h3>\n                        <p>\n                            S Pen is a bundle of writing instruments in one. Its natural grip, <br>\n                            low latency and impressive pressure sensitivity will make it your go-to for everything from drawing to editing documents. And S Pen won\'t get misplaced thanks.\n                        </p>\n                    </div>\n                </div>\n                <div class=\"col-lg-6\">\n                    <div class=\"tp-product-details-desc-thumb\">\n                        <img src=\"/storage/main/products/product-details-desc-1.jpg\" alt=\"product\">\n                    </div>\n                </div>\n            </div>\n        </div>\n        <div class=\"tp-product-details-desc-item pb-75\">\n            <div class=\"row\">\n                <div class=\"col-lg-7\">\n                    <div class=\"tp-product-details-desc-thumb\">\n                        <img src=\"/storage/main/products/product-details-desc-2.jpg\" alt=\"product\">\n                    </div>\n                </div>\n\n                <div class=\"col-lg-5 order-first order-lg-last\">\n                    <div class=\"des-content-2 pl-40\">\n                        <h3 class=\"tp-product-details-desc-title\">\n                            Carry with <br>\n                            Confidence and style\n                        </h3>\n                        <p>\n                            Wrap your tablet in a sleek case that\'s as stylish as it is convenient. Galaxy Tab S6 Lite Book Cover folds around and clings magnetically, so you can easily gear up as you\'re headed out the door. There\'s even a\n                            compartment for S pen, so you can be sure it doesn\'t get left behind.\n                        </p>\n                    </div>\n                </div>\n            </div>\n        </div>\n        <div class=\"tp-product-details-desc-item\">\n            <div class=\"row\">\n                <div class=\"col-xl-12\">\n                    <div class=\"tp-product-details-desc-banner text-center m-img\">\n                        <h3 class=\"tp-product-details-desc-banner-title tp-product-details-desc-title\">Speed Memory Power = Epic Races</h3>\n                        <img src=\"/storage/main/products/product-details-desc-3.jpg\" alt=\"product\">\n                    </div>\n                </div>\n            </div>\n        </div>\n    </div>\n</div>\n','published','[\"main\\/products\\/product-details-desc-3.jpg\",\"main\\/products\\/product-5.jpg\",\"main\\/products\\/product-3.jpg\",\"main\\/products\\/product-17.jpg\",\"main\\/products\\/product-8.jpg\"]','[[{\"key\":\"file\",\"value\":\"main\\/video\\/video-1.mp4\"},{\"key\":\"url\",\"value\":null},{\"key\":\"thumbnail\",\"value\":\"main\\/video\\/1.jpg\"}]]','WF-167',0,10,0,1,1,5,0,0,486,127,NULL,NULL,17.00,14.00,14.00,790.00,NULL,65523,'2024-10-31 20:46:38','2024-10-31 20:46:39','in_stock',1,0,'Botble\\ACL\\Models\\User',0,NULL,'digital',NULL,NULL,0,0,0,0,2),(5,'Sony WH-1000XM4 Wireless Noise-Canceling Headphones','The headset also offers MS Teams Certifications and other features like Busylight, Calls controls, Voice guiding, and Wireless range (ft): Up to 100 feet. Best-in-class. Boom The most recent Jabra Evolve2 75 USB-A MS Teams Stereo Headset offers professional-grade call performance that leads the industry, yet Evolve2 75 wins best-in-class.','<div class=\"row justify-content-center\">\n    <div class=\"col-xl-10\">\n        <div class=\"tp-product-details-desc-item pb-105\">\n            <div class=\"row\">\n                <div class=\"col-lg-6\">\n                    <div class=\"pt-25\">\n                        <span>Galaxy A8 tablet</span>\n                        <h3 class=\"tp-product-details-desc-title\">Your world at a glance</h3>\n                        <p>\n                            With a slim design, a vibrant entertainment system, and <br>\n                            outstanding performance, the new Galaxy Tab A7 is a stylish new <br>\n                            companion for your life.Dive head-first into the things you love, <br>\n                            and easily share your favorite moments. Learn, explore, connect <br>\n                            and be inspired.\n                        </p>\n                    </div>\n                    <div>\n                        <h3 class=\"tp-product-details-desc-title\">Draw inspiration with S Pen</h3>\n                        <p>\n                            S Pen is a bundle of writing instruments in one. Its natural grip, <br>\n                            low latency and impressive pressure sensitivity will make it your go-to for everything from drawing to editing documents. And S Pen won\'t get misplaced thanks.\n                        </p>\n                    </div>\n                </div>\n                <div class=\"col-lg-6\">\n                    <div class=\"tp-product-details-desc-thumb\">\n                        <img src=\"/storage/main/products/product-details-desc-1.jpg\" alt=\"product\">\n                    </div>\n                </div>\n            </div>\n        </div>\n        <div class=\"tp-product-details-desc-item pb-75\">\n            <div class=\"row\">\n                <div class=\"col-lg-7\">\n                    <div class=\"tp-product-details-desc-thumb\">\n                        <img src=\"/storage/main/products/product-details-desc-2.jpg\" alt=\"product\">\n                    </div>\n                </div>\n\n                <div class=\"col-lg-5 order-first order-lg-last\">\n                    <div class=\"des-content-2 pl-40\">\n                        <h3 class=\"tp-product-details-desc-title\">\n                            Carry with <br>\n                            Confidence and style\n                        </h3>\n                        <p>\n                            Wrap your tablet in a sleek case that\'s as stylish as it is convenient. Galaxy Tab S6 Lite Book Cover folds around and clings magnetically, so you can easily gear up as you\'re headed out the door. There\'s even a\n                            compartment for S pen, so you can be sure it doesn\'t get left behind.\n                        </p>\n                    </div>\n                </div>\n            </div>\n        </div>\n        <div class=\"tp-product-details-desc-item\">\n            <div class=\"row\">\n                <div class=\"col-xl-12\">\n                    <div class=\"tp-product-details-desc-banner text-center m-img\">\n                        <h3 class=\"tp-product-details-desc-banner-title tp-product-details-desc-title\">Speed Memory Power = Epic Races</h3>\n                        <img src=\"/storage/main/products/product-details-desc-3.jpg\" alt=\"product\">\n                    </div>\n                </div>\n            </div>\n        </div>\n    </div>\n</div>\n','published','[\"main\\/products\\/product-12.jpg\",\"main\\/products\\/product-9.jpg\",\"main\\/products\\/product-4.jpg\",\"main\\/products\\/product-8.jpg\",\"main\\/products\\/product-3.jpg\",\"main\\/products\\/product-17.jpg\",\"main\\/products\\/product-details-desc-2.jpg\"]','[[{\"key\":\"file\",\"value\":null},{\"key\":\"url\",\"value\":\"https:\\/\\/www.youtube.com\\/watch?v=6JYIGclVQdw\"},{\"key\":\"thumbnail\",\"value\":\"main\\/video\\/2.jpg\"}]]','AW-106-A1',0,18,0,1,1,2,0,0,726,NULL,NULL,NULL,10.00,20.00,17.00,646.00,NULL,157553,'2024-10-31 20:46:38','2024-10-31 20:46:39','in_stock',5,0,'Botble\\ACL\\Models\\User',0,NULL,'physical',NULL,NULL,0,0,0,0,1),(6,'DJI Mavic Air 2 Drone','Jabra Evolve2 75 USB-A MS Teams Stereo Headset The Jabra Evolve2 75 USB-A MS Teams Stereo Headset has replaced previous hybrid working standards. Industry-leading call quality thanks to top-notch audio engineering.','<div class=\"row justify-content-center\">\n    <div class=\"col-xl-10\">\n        <div class=\"tp-product-details-desc-item pb-105\">\n            <div class=\"row\">\n                <div class=\"col-lg-6\">\n                    <div class=\"pt-25\">\n                        <span>Galaxy A8 tablet</span>\n                        <h3 class=\"tp-product-details-desc-title\">Your world at a glance</h3>\n                        <p>\n                            With a slim design, a vibrant entertainment system, and <br>\n                            outstanding performance, the new Galaxy Tab A7 is a stylish new <br>\n                            companion for your life.Dive head-first into the things you love, <br>\n                            and easily share your favorite moments. Learn, explore, connect <br>\n                            and be inspired.\n                        </p>\n                    </div>\n                    <div>\n                        <h3 class=\"tp-product-details-desc-title\">Draw inspiration with S Pen</h3>\n                        <p>\n                            S Pen is a bundle of writing instruments in one. Its natural grip, <br>\n                            low latency and impressive pressure sensitivity will make it your go-to for everything from drawing to editing documents. And S Pen won\'t get misplaced thanks.\n                        </p>\n                    </div>\n                </div>\n                <div class=\"col-lg-6\">\n                    <div class=\"tp-product-details-desc-thumb\">\n                        <img src=\"/storage/main/products/product-details-desc-1.jpg\" alt=\"product\">\n                    </div>\n                </div>\n            </div>\n        </div>\n        <div class=\"tp-product-details-desc-item pb-75\">\n            <div class=\"row\">\n                <div class=\"col-lg-7\">\n                    <div class=\"tp-product-details-desc-thumb\">\n                        <img src=\"/storage/main/products/product-details-desc-2.jpg\" alt=\"product\">\n                    </div>\n                </div>\n\n                <div class=\"col-lg-5 order-first order-lg-last\">\n                    <div class=\"des-content-2 pl-40\">\n                        <h3 class=\"tp-product-details-desc-title\">\n                            Carry with <br>\n                            Confidence and style\n                        </h3>\n                        <p>\n                            Wrap your tablet in a sleek case that\'s as stylish as it is convenient. Galaxy Tab S6 Lite Book Cover folds around and clings magnetically, so you can easily gear up as you\'re headed out the door. There\'s even a\n                            compartment for S pen, so you can be sure it doesn\'t get left behind.\n                        </p>\n                    </div>\n                </div>\n            </div>\n        </div>\n        <div class=\"tp-product-details-desc-item\">\n            <div class=\"row\">\n                <div class=\"col-xl-12\">\n                    <div class=\"tp-product-details-desc-banner text-center m-img\">\n                        <h3 class=\"tp-product-details-desc-banner-title tp-product-details-desc-title\">Speed Memory Power = Epic Races</h3>\n                        <img src=\"/storage/main/products/product-details-desc-3.jpg\" alt=\"product\">\n                    </div>\n                </div>\n            </div>\n        </div>\n    </div>\n</div>\n','published','[\"main\\/products\\/product-18.jpg\",\"main\\/products\\/product-details-desc-3.jpg\",\"main\\/products\\/product-6.jpg\",\"main\\/products\\/product-3.jpg\",\"main\\/products\\/product-7.jpg\",\"main\\/products\\/product-9.jpg\",\"main\\/products\\/product-1.jpg\",\"main\\/products\\/product-17.jpg\"]','[[{\"key\":\"file\",\"value\":null},{\"key\":\"url\",\"value\":\"https:\\/\\/www.youtube.com\\/watch?v=6JYIGclVQdw\"},{\"key\":\"thumbnail\",\"value\":\"main\\/video\\/2.jpg\"}]]','DH-190',0,15,0,1,1,2,0,0,1532,781,NULL,NULL,20.00,16.00,17.00,824.00,NULL,108663,'2024-10-31 20:46:38','2024-10-31 20:46:39','in_stock',1,0,'Botble\\ACL\\Models\\User',0,NULL,'physical',NULL,NULL,0,0,0,0,2),(7,'GoPro HERO9 Black Action Camera','Jabra Evolve2 75 USB-A MS Teams Stereo Headset The Jabra Evolve2 75 USB-A MS Teams Stereo Headset has replaced previous hybrid working standards. Industry-leading call quality thanks to top-notch audio engineering.','<div class=\"row justify-content-center\">\n    <div class=\"col-xl-10\">\n        <div class=\"tp-product-details-desc-item pb-105\">\n            <div class=\"row\">\n                <div class=\"col-lg-6\">\n                    <div class=\"pt-25\">\n                        <span>Galaxy A8 tablet</span>\n                        <h3 class=\"tp-product-details-desc-title\">Your world at a glance</h3>\n                        <p>\n                            With a slim design, a vibrant entertainment system, and <br>\n                            outstanding performance, the new Galaxy Tab A7 is a stylish new <br>\n                            companion for your life.Dive head-first into the things you love, <br>\n                            and easily share your favorite moments. Learn, explore, connect <br>\n                            and be inspired.\n                        </p>\n                    </div>\n                    <div>\n                        <h3 class=\"tp-product-details-desc-title\">Draw inspiration with S Pen</h3>\n                        <p>\n                            S Pen is a bundle of writing instruments in one. Its natural grip, <br>\n                            low latency and impressive pressure sensitivity will make it your go-to for everything from drawing to editing documents. And S Pen won\'t get misplaced thanks.\n                        </p>\n                    </div>\n                </div>\n                <div class=\"col-lg-6\">\n                    <div class=\"tp-product-details-desc-thumb\">\n                        <img src=\"/storage/main/products/product-details-desc-1.jpg\" alt=\"product\">\n                    </div>\n                </div>\n            </div>\n        </div>\n        <div class=\"tp-product-details-desc-item pb-75\">\n            <div class=\"row\">\n                <div class=\"col-lg-7\">\n                    <div class=\"tp-product-details-desc-thumb\">\n                        <img src=\"/storage/main/products/product-details-desc-2.jpg\" alt=\"product\">\n                    </div>\n                </div>\n\n                <div class=\"col-lg-5 order-first order-lg-last\">\n                    <div class=\"des-content-2 pl-40\">\n                        <h3 class=\"tp-product-details-desc-title\">\n                            Carry with <br>\n                            Confidence and style\n                        </h3>\n                        <p>\n                            Wrap your tablet in a sleek case that\'s as stylish as it is convenient. Galaxy Tab S6 Lite Book Cover folds around and clings magnetically, so you can easily gear up as you\'re headed out the door. There\'s even a\n                            compartment for S pen, so you can be sure it doesn\'t get left behind.\n                        </p>\n                    </div>\n                </div>\n            </div>\n        </div>\n        <div class=\"tp-product-details-desc-item\">\n            <div class=\"row\">\n                <div class=\"col-xl-12\">\n                    <div class=\"tp-product-details-desc-banner text-center m-img\">\n                        <h3 class=\"tp-product-details-desc-banner-title tp-product-details-desc-title\">Speed Memory Power = Epic Races</h3>\n                        <img src=\"/storage/main/products/product-details-desc-3.jpg\" alt=\"product\">\n                    </div>\n                </div>\n            </div>\n        </div>\n    </div>\n</div>\n','published','[\"main\\/products\\/product-11.jpg\",\"main\\/products\\/product-4.jpg\",\"main\\/products\\/product-19.jpg\",\"main\\/products\\/product-14.jpg\",\"main\\/products\\/product-3.jpg\",\"main\\/products\\/product-12.jpg\"]','[]','DW-179',0,19,0,1,0,5,0,0,539,124,NULL,NULL,12.00,18.00,14.00,631.00,NULL,186578,'2024-10-31 20:46:38','2024-10-31 20:46:39','in_stock',4,0,'Botble\\ACL\\Models\\User',0,NULL,'physical',NULL,NULL,0,0,0,0,2),(8,'Bose SoundLink Revolve+ Portable Bluetooth Speaker (Digital)','Additionally, this includes a redesigned microphone boom arm that is 33 percent shorter than the Evolve 75 and offers the industry-leading call performance for which Jabra headsets are known.','<div class=\"row justify-content-center\">\n    <div class=\"col-xl-10\">\n        <div class=\"tp-product-details-desc-item pb-105\">\n            <div class=\"row\">\n                <div class=\"col-lg-6\">\n                    <div class=\"pt-25\">\n                        <span>Galaxy A8 tablet</span>\n                        <h3 class=\"tp-product-details-desc-title\">Your world at a glance</h3>\n                        <p>\n                            With a slim design, a vibrant entertainment system, and <br>\n                            outstanding performance, the new Galaxy Tab A7 is a stylish new <br>\n                            companion for your life.Dive head-first into the things you love, <br>\n                            and easily share your favorite moments. Learn, explore, connect <br>\n                            and be inspired.\n                        </p>\n                    </div>\n                    <div>\n                        <h3 class=\"tp-product-details-desc-title\">Draw inspiration with S Pen</h3>\n                        <p>\n                            S Pen is a bundle of writing instruments in one. Its natural grip, <br>\n                            low latency and impressive pressure sensitivity will make it your go-to for everything from drawing to editing documents. And S Pen won\'t get misplaced thanks.\n                        </p>\n                    </div>\n                </div>\n                <div class=\"col-lg-6\">\n                    <div class=\"tp-product-details-desc-thumb\">\n                        <img src=\"/storage/main/products/product-details-desc-1.jpg\" alt=\"product\">\n                    </div>\n                </div>\n            </div>\n        </div>\n        <div class=\"tp-product-details-desc-item pb-75\">\n            <div class=\"row\">\n                <div class=\"col-lg-7\">\n                    <div class=\"tp-product-details-desc-thumb\">\n                        <img src=\"/storage/main/products/product-details-desc-2.jpg\" alt=\"product\">\n                    </div>\n                </div>\n\n                <div class=\"col-lg-5 order-first order-lg-last\">\n                    <div class=\"des-content-2 pl-40\">\n                        <h3 class=\"tp-product-details-desc-title\">\n                            Carry with <br>\n                            Confidence and style\n                        </h3>\n                        <p>\n                            Wrap your tablet in a sleek case that\'s as stylish as it is convenient. Galaxy Tab S6 Lite Book Cover folds around and clings magnetically, so you can easily gear up as you\'re headed out the door. There\'s even a\n                            compartment for S pen, so you can be sure it doesn\'t get left behind.\n                        </p>\n                    </div>\n                </div>\n            </div>\n        </div>\n        <div class=\"tp-product-details-desc-item\">\n            <div class=\"row\">\n                <div class=\"col-xl-12\">\n                    <div class=\"tp-product-details-desc-banner text-center m-img\">\n                        <h3 class=\"tp-product-details-desc-banner-title tp-product-details-desc-title\">Speed Memory Power = Epic Races</h3>\n                        <img src=\"/storage/main/products/product-details-desc-3.jpg\" alt=\"product\">\n                    </div>\n                </div>\n            </div>\n        </div>\n    </div>\n</div>\n','published','[\"main\\/products\\/product-14.jpg\",\"main\\/products\\/product-2.jpg\",\"main\\/products\\/product-19.jpg\",\"main\\/products\\/product-10.jpg\"]','[[{\"key\":\"file\",\"value\":null},{\"key\":\"url\",\"value\":\"https:\\/\\/www.youtube.com\\/watch?v=6JYIGclVQdw\"},{\"key\":\"thumbnail\",\"value\":\"main\\/video\\/1.jpg\"}]]','L9-153-A1',0,20,0,1,0,3,0,0,285,199.5,NULL,NULL,18.00,16.00,20.00,510.00,NULL,66623,'2024-10-31 20:46:38','2024-10-31 20:46:39','in_stock',3,0,'Botble\\ACL\\Models\\User',0,NULL,'digital',NULL,NULL,0,0,0,0,2),(9,'Nest Learning Thermostat (3rd Generation)','The headset also offers MS Teams Certifications and other features like Busylight, Calls controls, Voice guiding, and Wireless range (ft): Up to 100 feet. Best-in-class. Boom The most recent Jabra Evolve2 75 USB-A MS Teams Stereo Headset offers professional-grade call performance that leads the industry, yet Evolve2 75 wins best-in-class.','<div class=\"row justify-content-center\">\n    <div class=\"col-xl-10\">\n        <div class=\"tp-product-details-desc-item pb-105\">\n            <div class=\"row\">\n                <div class=\"col-lg-6\">\n                    <div class=\"pt-25\">\n                        <span>Galaxy A8 tablet</span>\n                        <h3 class=\"tp-product-details-desc-title\">Your world at a glance</h3>\n                        <p>\n                            With a slim design, a vibrant entertainment system, and <br>\n                            outstanding performance, the new Galaxy Tab A7 is a stylish new <br>\n                            companion for your life.Dive head-first into the things you love, <br>\n                            and easily share your favorite moments. Learn, explore, connect <br>\n                            and be inspired.\n                        </p>\n                    </div>\n                    <div>\n                        <h3 class=\"tp-product-details-desc-title\">Draw inspiration with S Pen</h3>\n                        <p>\n                            S Pen is a bundle of writing instruments in one. Its natural grip, <br>\n                            low latency and impressive pressure sensitivity will make it your go-to for everything from drawing to editing documents. And S Pen won\'t get misplaced thanks.\n                        </p>\n                    </div>\n                </div>\n                <div class=\"col-lg-6\">\n                    <div class=\"tp-product-details-desc-thumb\">\n                        <img src=\"/storage/main/products/product-details-desc-1.jpg\" alt=\"product\">\n                    </div>\n                </div>\n            </div>\n        </div>\n        <div class=\"tp-product-details-desc-item pb-75\">\n            <div class=\"row\">\n                <div class=\"col-lg-7\">\n                    <div class=\"tp-product-details-desc-thumb\">\n                        <img src=\"/storage/main/products/product-details-desc-2.jpg\" alt=\"product\">\n                    </div>\n                </div>\n\n                <div class=\"col-lg-5 order-first order-lg-last\">\n                    <div class=\"des-content-2 pl-40\">\n                        <h3 class=\"tp-product-details-desc-title\">\n                            Carry with <br>\n                            Confidence and style\n                        </h3>\n                        <p>\n                            Wrap your tablet in a sleek case that\'s as stylish as it is convenient. Galaxy Tab S6 Lite Book Cover folds around and clings magnetically, so you can easily gear up as you\'re headed out the door. There\'s even a\n                            compartment for S pen, so you can be sure it doesn\'t get left behind.\n                        </p>\n                    </div>\n                </div>\n            </div>\n        </div>\n        <div class=\"tp-product-details-desc-item\">\n            <div class=\"row\">\n                <div class=\"col-xl-12\">\n                    <div class=\"tp-product-details-desc-banner text-center m-img\">\n                        <h3 class=\"tp-product-details-desc-banner-title tp-product-details-desc-title\">Speed Memory Power = Epic Races</h3>\n                        <img src=\"/storage/main/products/product-details-desc-3.jpg\" alt=\"product\">\n                    </div>\n                </div>\n            </div>\n        </div>\n    </div>\n</div>\n','published','[\"main\\/products\\/product-4.jpg\",\"main\\/products\\/product-14.jpg\",\"main\\/products\\/product-7.jpg\",\"main\\/products\\/product-20.jpg\",\"main\\/products\\/product-10.jpg\",\"main\\/products\\/product-18.jpg\"]','[[{\"key\":\"file\",\"value\":\"main\\/video\\/video-2.mp4\"},{\"key\":\"url\",\"value\":null},{\"key\":\"thumbnail\",\"value\":\"main\\/video\\/2.jpg\"}]]','AO-135',0,15,0,1,0,3,0,0,2183,1107,NULL,NULL,20.00,17.00,13.00,867.00,NULL,98394,'2024-10-31 20:46:38','2024-10-31 20:46:39','in_stock',6,0,'Botble\\ACL\\Models\\User',0,NULL,'physical',NULL,NULL,0,0,0,0,1),(10,'Ring Video Doorbell Pro','Additionally, this includes a redesigned microphone boom arm that is 33 percent shorter than the Evolve 75 and offers the industry-leading call performance for which Jabra headsets are known.','<div class=\"row justify-content-center\">\n    <div class=\"col-xl-10\">\n        <div class=\"tp-product-details-desc-item pb-105\">\n            <div class=\"row\">\n                <div class=\"col-lg-6\">\n                    <div class=\"pt-25\">\n                        <span>Galaxy A8 tablet</span>\n                        <h3 class=\"tp-product-details-desc-title\">Your world at a glance</h3>\n                        <p>\n                            With a slim design, a vibrant entertainment system, and <br>\n                            outstanding performance, the new Galaxy Tab A7 is a stylish new <br>\n                            companion for your life.Dive head-first into the things you love, <br>\n                            and easily share your favorite moments. Learn, explore, connect <br>\n                            and be inspired.\n                        </p>\n                    </div>\n                    <div>\n                        <h3 class=\"tp-product-details-desc-title\">Draw inspiration with S Pen</h3>\n                        <p>\n                            S Pen is a bundle of writing instruments in one. Its natural grip, <br>\n                            low latency and impressive pressure sensitivity will make it your go-to for everything from drawing to editing documents. And S Pen won\'t get misplaced thanks.\n                        </p>\n                    </div>\n                </div>\n                <div class=\"col-lg-6\">\n                    <div class=\"tp-product-details-desc-thumb\">\n                        <img src=\"/storage/main/products/product-details-desc-1.jpg\" alt=\"product\">\n                    </div>\n                </div>\n            </div>\n        </div>\n        <div class=\"tp-product-details-desc-item pb-75\">\n            <div class=\"row\">\n                <div class=\"col-lg-7\">\n                    <div class=\"tp-product-details-desc-thumb\">\n                        <img src=\"/storage/main/products/product-details-desc-2.jpg\" alt=\"product\">\n                    </div>\n                </div>\n\n                <div class=\"col-lg-5 order-first order-lg-last\">\n                    <div class=\"des-content-2 pl-40\">\n                        <h3 class=\"tp-product-details-desc-title\">\n                            Carry with <br>\n                            Confidence and style\n                        </h3>\n                        <p>\n                            Wrap your tablet in a sleek case that\'s as stylish as it is convenient. Galaxy Tab S6 Lite Book Cover folds around and clings magnetically, so you can easily gear up as you\'re headed out the door. There\'s even a\n                            compartment for S pen, so you can be sure it doesn\'t get left behind.\n                        </p>\n                    </div>\n                </div>\n            </div>\n        </div>\n        <div class=\"tp-product-details-desc-item\">\n            <div class=\"row\">\n                <div class=\"col-xl-12\">\n                    <div class=\"tp-product-details-desc-banner text-center m-img\">\n                        <h3 class=\"tp-product-details-desc-banner-title tp-product-details-desc-title\">Speed Memory Power = Epic Races</h3>\n                        <img src=\"/storage/main/products/product-details-desc-3.jpg\" alt=\"product\">\n                    </div>\n                </div>\n            </div>\n        </div>\n    </div>\n</div>\n','published','[\"main\\/products\\/product-16.jpg\",\"main\\/products\\/product-14.jpg\",\"main\\/products\\/product-6.jpg\",\"main\\/products\\/product-details-desc-3.jpg\",\"main\\/products\\/product-2.jpg\"]','[[{\"key\":\"file\",\"value\":\"main\\/video\\/video-1.mp4\"},{\"key\":\"url\",\"value\":null},{\"key\":\"thumbnail\",\"value\":\"main\\/video\\/1.jpg\"}]]','6B-145-A1',0,15,0,1,1,5,0,0,2403,NULL,NULL,NULL,17.00,19.00,10.00,835.00,NULL,97796,'2024-10-31 20:46:38','2024-10-31 20:46:39','in_stock',3,0,'Botble\\ACL\\Models\\User',0,NULL,'physical',NULL,NULL,0,0,0,0,1),(11,'Amazon Echo Show 10 (3rd Gen)','We can provide exceptional noise isolation and the best all-day comfort by mixing firm foam for the outer with soft foam for the interior of the ear cushions. So that you may receive Active Noise-Cancellation (ANC) performance that is even greater in a headset that you can wear for whatever length you wish.','<div class=\"row justify-content-center\">\n    <div class=\"col-xl-10\">\n        <div class=\"tp-product-details-desc-item pb-105\">\n            <div class=\"row\">\n                <div class=\"col-lg-6\">\n                    <div class=\"pt-25\">\n                        <span>Galaxy A8 tablet</span>\n                        <h3 class=\"tp-product-details-desc-title\">Your world at a glance</h3>\n                        <p>\n                            With a slim design, a vibrant entertainment system, and <br>\n                            outstanding performance, the new Galaxy Tab A7 is a stylish new <br>\n                            companion for your life.Dive head-first into the things you love, <br>\n                            and easily share your favorite moments. Learn, explore, connect <br>\n                            and be inspired.\n                        </p>\n                    </div>\n                    <div>\n                        <h3 class=\"tp-product-details-desc-title\">Draw inspiration with S Pen</h3>\n                        <p>\n                            S Pen is a bundle of writing instruments in one. Its natural grip, <br>\n                            low latency and impressive pressure sensitivity will make it your go-to for everything from drawing to editing documents. And S Pen won\'t get misplaced thanks.\n                        </p>\n                    </div>\n                </div>\n                <div class=\"col-lg-6\">\n                    <div class=\"tp-product-details-desc-thumb\">\n                        <img src=\"/storage/main/products/product-details-desc-1.jpg\" alt=\"product\">\n                    </div>\n                </div>\n            </div>\n        </div>\n        <div class=\"tp-product-details-desc-item pb-75\">\n            <div class=\"row\">\n                <div class=\"col-lg-7\">\n                    <div class=\"tp-product-details-desc-thumb\">\n                        <img src=\"/storage/main/products/product-details-desc-2.jpg\" alt=\"product\">\n                    </div>\n                </div>\n\n                <div class=\"col-lg-5 order-first order-lg-last\">\n                    <div class=\"des-content-2 pl-40\">\n                        <h3 class=\"tp-product-details-desc-title\">\n                            Carry with <br>\n                            Confidence and style\n                        </h3>\n                        <p>\n                            Wrap your tablet in a sleek case that\'s as stylish as it is convenient. Galaxy Tab S6 Lite Book Cover folds around and clings magnetically, so you can easily gear up as you\'re headed out the door. There\'s even a\n                            compartment for S pen, so you can be sure it doesn\'t get left behind.\n                        </p>\n                    </div>\n                </div>\n            </div>\n        </div>\n        <div class=\"tp-product-details-desc-item\">\n            <div class=\"row\">\n                <div class=\"col-xl-12\">\n                    <div class=\"tp-product-details-desc-banner text-center m-img\">\n                        <h3 class=\"tp-product-details-desc-banner-title tp-product-details-desc-title\">Speed Memory Power = Epic Races</h3>\n                        <img src=\"/storage/main/products/product-details-desc-3.jpg\" alt=\"product\">\n                    </div>\n                </div>\n            </div>\n        </div>\n    </div>\n</div>\n','published','[\"main\\/products\\/product-6.jpg\",\"main\\/products\\/product-1.jpg\",\"main\\/products\\/product-3.jpg\",\"main\\/products\\/product-11.jpg\"]','[[{\"key\":\"file\",\"value\":\"main\\/video\\/video-2.mp4\"},{\"key\":\"url\",\"value\":null},{\"key\":\"thumbnail\",\"value\":\"main\\/video\\/2.jpg\"}]]','H1-118',0,12,0,1,1,4,0,0,653,518,NULL,NULL,16.00,20.00,11.00,788.00,NULL,110793,'2024-10-31 20:46:38','2024-10-31 20:46:39','in_stock',2,0,'Botble\\ACL\\Models\\User',0,NULL,'physical',NULL,NULL,0,0,0,0,1),(12,'Samsung QN90A Neo QLED 4K Smart TV (Digital)','The headset also offers MS Teams Certifications and other features like Busylight, Calls controls, Voice guiding, and Wireless range (ft): Up to 100 feet. Best-in-class. Boom The most recent Jabra Evolve2 75 USB-A MS Teams Stereo Headset offers professional-grade call performance that leads the industry, yet Evolve2 75 wins best-in-class.','<div class=\"row justify-content-center\">\n    <div class=\"col-xl-10\">\n        <div class=\"tp-product-details-desc-item pb-105\">\n            <div class=\"row\">\n                <div class=\"col-lg-6\">\n                    <div class=\"pt-25\">\n                        <span>Galaxy A8 tablet</span>\n                        <h3 class=\"tp-product-details-desc-title\">Your world at a glance</h3>\n                        <p>\n                            With a slim design, a vibrant entertainment system, and <br>\n                            outstanding performance, the new Galaxy Tab A7 is a stylish new <br>\n                            companion for your life.Dive head-first into the things you love, <br>\n                            and easily share your favorite moments. Learn, explore, connect <br>\n                            and be inspired.\n                        </p>\n                    </div>\n                    <div>\n                        <h3 class=\"tp-product-details-desc-title\">Draw inspiration with S Pen</h3>\n                        <p>\n                            S Pen is a bundle of writing instruments in one. Its natural grip, <br>\n                            low latency and impressive pressure sensitivity will make it your go-to for everything from drawing to editing documents. And S Pen won\'t get misplaced thanks.\n                        </p>\n                    </div>\n                </div>\n                <div class=\"col-lg-6\">\n                    <div class=\"tp-product-details-desc-thumb\">\n                        <img src=\"/storage/main/products/product-details-desc-1.jpg\" alt=\"product\">\n                    </div>\n                </div>\n            </div>\n        </div>\n        <div class=\"tp-product-details-desc-item pb-75\">\n            <div class=\"row\">\n                <div class=\"col-lg-7\">\n                    <div class=\"tp-product-details-desc-thumb\">\n                        <img src=\"/storage/main/products/product-details-desc-2.jpg\" alt=\"product\">\n                    </div>\n                </div>\n\n                <div class=\"col-lg-5 order-first order-lg-last\">\n                    <div class=\"des-content-2 pl-40\">\n                        <h3 class=\"tp-product-details-desc-title\">\n                            Carry with <br>\n                            Confidence and style\n                        </h3>\n                        <p>\n                            Wrap your tablet in a sleek case that\'s as stylish as it is convenient. Galaxy Tab S6 Lite Book Cover folds around and clings magnetically, so you can easily gear up as you\'re headed out the door. There\'s even a\n                            compartment for S pen, so you can be sure it doesn\'t get left behind.\n                        </p>\n                    </div>\n                </div>\n            </div>\n        </div>\n        <div class=\"tp-product-details-desc-item\">\n            <div class=\"row\">\n                <div class=\"col-xl-12\">\n                    <div class=\"tp-product-details-desc-banner text-center m-img\">\n                        <h3 class=\"tp-product-details-desc-banner-title tp-product-details-desc-title\">Speed Memory Power = Epic Races</h3>\n                        <img src=\"/storage/main/products/product-details-desc-3.jpg\" alt=\"product\">\n                    </div>\n                </div>\n            </div>\n        </div>\n    </div>\n</div>\n','published','[\"main\\/products\\/product-9.jpg\",\"main\\/products\\/product-18.jpg\",\"main\\/products\\/product-6.jpg\",\"main\\/products\\/product-10.jpg\",\"main\\/products\\/product-details-desc-3.jpg\",\"main\\/products\\/product-details-desc-2.jpg\",\"main\\/products\\/product-13.jpg\",\"main\\/products\\/product-20.jpg\"]','[]','DJ-185-A1',0,16,0,1,0,2,0,0,295,247.8,NULL,NULL,12.00,19.00,13.00,715.00,NULL,103455,'2024-10-31 20:46:38','2024-10-31 20:46:39','in_stock',8,0,'Botble\\ACL\\Models\\User',0,NULL,'digital',NULL,NULL,0,0,0,0,1),(13,'LG OLED C1 Series 4K Smart TV','It complies with Microsoft\'s Open Office criteria and is specially tuned for outstanding conversations in open-plan workplaces and other loud environments when the microphone boom arm is lowered in Performance Mode','<div class=\"row justify-content-center\">\n    <div class=\"col-xl-10\">\n        <div class=\"tp-product-details-desc-item pb-105\">\n            <div class=\"row\">\n                <div class=\"col-lg-6\">\n                    <div class=\"pt-25\">\n                        <span>Galaxy A8 tablet</span>\n                        <h3 class=\"tp-product-details-desc-title\">Your world at a glance</h3>\n                        <p>\n                            With a slim design, a vibrant entertainment system, and <br>\n                            outstanding performance, the new Galaxy Tab A7 is a stylish new <br>\n                            companion for your life.Dive head-first into the things you love, <br>\n                            and easily share your favorite moments. Learn, explore, connect <br>\n                            and be inspired.\n                        </p>\n                    </div>\n                    <div>\n                        <h3 class=\"tp-product-details-desc-title\">Draw inspiration with S Pen</h3>\n                        <p>\n                            S Pen is a bundle of writing instruments in one. Its natural grip, <br>\n                            low latency and impressive pressure sensitivity will make it your go-to for everything from drawing to editing documents. And S Pen won\'t get misplaced thanks.\n                        </p>\n                    </div>\n                </div>\n                <div class=\"col-lg-6\">\n                    <div class=\"tp-product-details-desc-thumb\">\n                        <img src=\"/storage/main/products/product-details-desc-1.jpg\" alt=\"product\">\n                    </div>\n                </div>\n            </div>\n        </div>\n        <div class=\"tp-product-details-desc-item pb-75\">\n            <div class=\"row\">\n                <div class=\"col-lg-7\">\n                    <div class=\"tp-product-details-desc-thumb\">\n                        <img src=\"/storage/main/products/product-details-desc-2.jpg\" alt=\"product\">\n                    </div>\n                </div>\n\n                <div class=\"col-lg-5 order-first order-lg-last\">\n                    <div class=\"des-content-2 pl-40\">\n                        <h3 class=\"tp-product-details-desc-title\">\n                            Carry with <br>\n                            Confidence and style\n                        </h3>\n                        <p>\n                            Wrap your tablet in a sleek case that\'s as stylish as it is convenient. Galaxy Tab S6 Lite Book Cover folds around and clings magnetically, so you can easily gear up as you\'re headed out the door. There\'s even a\n                            compartment for S pen, so you can be sure it doesn\'t get left behind.\n                        </p>\n                    </div>\n                </div>\n            </div>\n        </div>\n        <div class=\"tp-product-details-desc-item\">\n            <div class=\"row\">\n                <div class=\"col-xl-12\">\n                    <div class=\"tp-product-details-desc-banner text-center m-img\">\n                        <h3 class=\"tp-product-details-desc-banner-title tp-product-details-desc-title\">Speed Memory Power = Epic Races</h3>\n                        <img src=\"/storage/main/products/product-details-desc-3.jpg\" alt=\"product\">\n                    </div>\n                </div>\n            </div>\n        </div>\n    </div>\n</div>\n','published','[\"main\\/products\\/product-2.jpg\",\"main\\/products\\/product-7.jpg\",\"main\\/products\\/product-13.jpg\"]','[[{\"key\":\"file\",\"value\":\"main\\/video\\/video-2.mp4\"},{\"key\":\"url\",\"value\":null},{\"key\":\"thumbnail\",\"value\":\"main\\/video\\/2.jpg\"}]]','XY-195-A1',0,12,0,1,1,2,0,0,450,NULL,NULL,NULL,13.00,13.00,16.00,685.00,NULL,32026,'2024-10-31 20:46:38','2024-10-31 20:46:39','in_stock',4,0,'Botble\\ACL\\Models\\User',0,NULL,'physical',NULL,NULL,0,0,0,0,2),(14,'Sony X950H 4K Ultra HD Smart LED TV','Jabra Evolve2 75 USB-A MS Teams Stereo Headset The Jabra Evolve2 75 USB-A MS Teams Stereo Headset has replaced previous hybrid working standards. Industry-leading call quality thanks to top-notch audio engineering.','<div class=\"row justify-content-center\">\n    <div class=\"col-xl-10\">\n        <div class=\"tp-product-details-desc-item pb-105\">\n            <div class=\"row\">\n                <div class=\"col-lg-6\">\n                    <div class=\"pt-25\">\n                        <span>Galaxy A8 tablet</span>\n                        <h3 class=\"tp-product-details-desc-title\">Your world at a glance</h3>\n                        <p>\n                            With a slim design, a vibrant entertainment system, and <br>\n                            outstanding performance, the new Galaxy Tab A7 is a stylish new <br>\n                            companion for your life.Dive head-first into the things you love, <br>\n                            and easily share your favorite moments. Learn, explore, connect <br>\n                            and be inspired.\n                        </p>\n                    </div>\n                    <div>\n                        <h3 class=\"tp-product-details-desc-title\">Draw inspiration with S Pen</h3>\n                        <p>\n                            S Pen is a bundle of writing instruments in one. Its natural grip, <br>\n                            low latency and impressive pressure sensitivity will make it your go-to for everything from drawing to editing documents. And S Pen won\'t get misplaced thanks.\n                        </p>\n                    </div>\n                </div>\n                <div class=\"col-lg-6\">\n                    <div class=\"tp-product-details-desc-thumb\">\n                        <img src=\"/storage/main/products/product-details-desc-1.jpg\" alt=\"product\">\n                    </div>\n                </div>\n            </div>\n        </div>\n        <div class=\"tp-product-details-desc-item pb-75\">\n            <div class=\"row\">\n                <div class=\"col-lg-7\">\n                    <div class=\"tp-product-details-desc-thumb\">\n                        <img src=\"/storage/main/products/product-details-desc-2.jpg\" alt=\"product\">\n                    </div>\n                </div>\n\n                <div class=\"col-lg-5 order-first order-lg-last\">\n                    <div class=\"des-content-2 pl-40\">\n                        <h3 class=\"tp-product-details-desc-title\">\n                            Carry with <br>\n                            Confidence and style\n                        </h3>\n                        <p>\n                            Wrap your tablet in a sleek case that\'s as stylish as it is convenient. Galaxy Tab S6 Lite Book Cover folds around and clings magnetically, so you can easily gear up as you\'re headed out the door. There\'s even a\n                            compartment for S pen, so you can be sure it doesn\'t get left behind.\n                        </p>\n                    </div>\n                </div>\n            </div>\n        </div>\n        <div class=\"tp-product-details-desc-item\">\n            <div class=\"row\">\n                <div class=\"col-xl-12\">\n                    <div class=\"tp-product-details-desc-banner text-center m-img\">\n                        <h3 class=\"tp-product-details-desc-banner-title tp-product-details-desc-title\">Speed Memory Power = Epic Races</h3>\n                        <img src=\"/storage/main/products/product-details-desc-3.jpg\" alt=\"product\">\n                    </div>\n                </div>\n            </div>\n        </div>\n    </div>\n</div>\n','published','[\"main\\/products\\/product-details-desc-1.jpg\",\"main\\/products\\/product-17.jpg\",\"main\\/products\\/product-12.jpg\",\"main\\/products\\/product-2.jpg\",\"main\\/products\\/product-7.jpg\"]','[]','ON-135',0,13,0,1,0,3,0,0,526,276,NULL,NULL,15.00,20.00,10.00,546.00,NULL,73211,'2024-10-31 20:46:38','2024-10-31 20:46:39','in_stock',3,0,'Botble\\ACL\\Models\\User',0,NULL,'physical',NULL,NULL,0,0,0,0,2),(15,'Apple Watch Series 7','With this intelligent headset, you can stay connected and productive from the first call of the day to the last train home. With an ergonomic earcup design, this headset invented a brand-new dual-foam technology. You will be comfortable from the first call to the last thanks to the re-engineered leatherette ear cushion design that allows for better airflow.','<div class=\"row justify-content-center\">\n    <div class=\"col-xl-10\">\n        <div class=\"tp-product-details-desc-item pb-105\">\n            <div class=\"row\">\n                <div class=\"col-lg-6\">\n                    <div class=\"pt-25\">\n                        <span>Galaxy A8 tablet</span>\n                        <h3 class=\"tp-product-details-desc-title\">Your world at a glance</h3>\n                        <p>\n                            With a slim design, a vibrant entertainment system, and <br>\n                            outstanding performance, the new Galaxy Tab A7 is a stylish new <br>\n                            companion for your life.Dive head-first into the things you love, <br>\n                            and easily share your favorite moments. Learn, explore, connect <br>\n                            and be inspired.\n                        </p>\n                    </div>\n                    <div>\n                        <h3 class=\"tp-product-details-desc-title\">Draw inspiration with S Pen</h3>\n                        <p>\n                            S Pen is a bundle of writing instruments in one. Its natural grip, <br>\n                            low latency and impressive pressure sensitivity will make it your go-to for everything from drawing to editing documents. And S Pen won\'t get misplaced thanks.\n                        </p>\n                    </div>\n                </div>\n                <div class=\"col-lg-6\">\n                    <div class=\"tp-product-details-desc-thumb\">\n                        <img src=\"/storage/main/products/product-details-desc-1.jpg\" alt=\"product\">\n                    </div>\n                </div>\n            </div>\n        </div>\n        <div class=\"tp-product-details-desc-item pb-75\">\n            <div class=\"row\">\n                <div class=\"col-lg-7\">\n                    <div class=\"tp-product-details-desc-thumb\">\n                        <img src=\"/storage/main/products/product-details-desc-2.jpg\" alt=\"product\">\n                    </div>\n                </div>\n\n                <div class=\"col-lg-5 order-first order-lg-last\">\n                    <div class=\"des-content-2 pl-40\">\n                        <h3 class=\"tp-product-details-desc-title\">\n                            Carry with <br>\n                            Confidence and style\n                        </h3>\n                        <p>\n                            Wrap your tablet in a sleek case that\'s as stylish as it is convenient. Galaxy Tab S6 Lite Book Cover folds around and clings magnetically, so you can easily gear up as you\'re headed out the door. There\'s even a\n                            compartment for S pen, so you can be sure it doesn\'t get left behind.\n                        </p>\n                    </div>\n                </div>\n            </div>\n        </div>\n        <div class=\"tp-product-details-desc-item\">\n            <div class=\"row\">\n                <div class=\"col-xl-12\">\n                    <div class=\"tp-product-details-desc-banner text-center m-img\">\n                        <h3 class=\"tp-product-details-desc-banner-title tp-product-details-desc-title\">Speed Memory Power = Epic Races</h3>\n                        <img src=\"/storage/main/products/product-details-desc-3.jpg\" alt=\"product\">\n                    </div>\n                </div>\n            </div>\n        </div>\n    </div>\n</div>\n','published','[\"main\\/products\\/product-details-desc-1.jpg\",\"main\\/products\\/product-11.jpg\",\"main\\/products\\/product-8.jpg\",\"main\\/products\\/product-4.jpg\"]','[[{\"key\":\"file\",\"value\":null},{\"key\":\"url\",\"value\":\"https:\\/\\/www.youtube.com\\/watch?v=6JYIGclVQdw\"},{\"key\":\"thumbnail\",\"value\":\"main\\/video\\/2.jpg\"}]]','AX-182-A1',0,16,0,1,1,5,0,0,1810,NULL,NULL,NULL,18.00,20.00,16.00,592.00,NULL,130582,'2024-10-31 20:46:38','2024-10-31 20:46:39','in_stock',4,0,'Botble\\ACL\\Models\\User',0,NULL,'physical',NULL,NULL,0,0,0,0,1),(16,'Fitbit Charge 5 Fitness Tracker (Digital)','Additionally, this includes a redesigned microphone boom arm that is 33 percent shorter than the Evolve 75 and offers the industry-leading call performance for which Jabra headsets are known.','<div class=\"row justify-content-center\">\n    <div class=\"col-xl-10\">\n        <div class=\"tp-product-details-desc-item pb-105\">\n            <div class=\"row\">\n                <div class=\"col-lg-6\">\n                    <div class=\"pt-25\">\n                        <span>Galaxy A8 tablet</span>\n                        <h3 class=\"tp-product-details-desc-title\">Your world at a glance</h3>\n                        <p>\n                            With a slim design, a vibrant entertainment system, and <br>\n                            outstanding performance, the new Galaxy Tab A7 is a stylish new <br>\n                            companion for your life.Dive head-first into the things you love, <br>\n                            and easily share your favorite moments. Learn, explore, connect <br>\n                            and be inspired.\n                        </p>\n                    </div>\n                    <div>\n                        <h3 class=\"tp-product-details-desc-title\">Draw inspiration with S Pen</h3>\n                        <p>\n                            S Pen is a bundle of writing instruments in one. Its natural grip, <br>\n                            low latency and impressive pressure sensitivity will make it your go-to for everything from drawing to editing documents. And S Pen won\'t get misplaced thanks.\n                        </p>\n                    </div>\n                </div>\n                <div class=\"col-lg-6\">\n                    <div class=\"tp-product-details-desc-thumb\">\n                        <img src=\"/storage/main/products/product-details-desc-1.jpg\" alt=\"product\">\n                    </div>\n                </div>\n            </div>\n        </div>\n        <div class=\"tp-product-details-desc-item pb-75\">\n            <div class=\"row\">\n                <div class=\"col-lg-7\">\n                    <div class=\"tp-product-details-desc-thumb\">\n                        <img src=\"/storage/main/products/product-details-desc-2.jpg\" alt=\"product\">\n                    </div>\n                </div>\n\n                <div class=\"col-lg-5 order-first order-lg-last\">\n                    <div class=\"des-content-2 pl-40\">\n                        <h3 class=\"tp-product-details-desc-title\">\n                            Carry with <br>\n                            Confidence and style\n                        </h3>\n                        <p>\n                            Wrap your tablet in a sleek case that\'s as stylish as it is convenient. Galaxy Tab S6 Lite Book Cover folds around and clings magnetically, so you can easily gear up as you\'re headed out the door. There\'s even a\n                            compartment for S pen, so you can be sure it doesn\'t get left behind.\n                        </p>\n                    </div>\n                </div>\n            </div>\n        </div>\n        <div class=\"tp-product-details-desc-item\">\n            <div class=\"row\">\n                <div class=\"col-xl-12\">\n                    <div class=\"tp-product-details-desc-banner text-center m-img\">\n                        <h3 class=\"tp-product-details-desc-banner-title tp-product-details-desc-title\">Speed Memory Power = Epic Races</h3>\n                        <img src=\"/storage/main/products/product-details-desc-3.jpg\" alt=\"product\">\n                    </div>\n                </div>\n            </div>\n        </div>\n    </div>\n</div>\n','published','[\"main\\/products\\/product-6.jpg\",\"main\\/products\\/product-13.jpg\",\"main\\/products\\/product-19.jpg\"]','[]','IK-160-A1',0,16,0,1,1,2,0,0,1238,953.26,NULL,NULL,19.00,14.00,16.00,899.00,NULL,31533,'2024-10-31 20:46:38','2024-10-31 20:46:39','in_stock',2,0,'Botble\\ACL\\Models\\User',0,NULL,'digital',NULL,NULL,0,0,0,0,2),(17,'Garmin Fenix 7X Sapphire Solar GPS Watch','Jabra Evolve2 75 USB-A MS Teams Stereo Headset The Jabra Evolve2 75 USB-A MS Teams Stereo Headset has replaced previous hybrid working standards. Industry-leading call quality thanks to top-notch audio engineering.','<div class=\"row justify-content-center\">\n    <div class=\"col-xl-10\">\n        <div class=\"tp-product-details-desc-item pb-105\">\n            <div class=\"row\">\n                <div class=\"col-lg-6\">\n                    <div class=\"pt-25\">\n                        <span>Galaxy A8 tablet</span>\n                        <h3 class=\"tp-product-details-desc-title\">Your world at a glance</h3>\n                        <p>\n                            With a slim design, a vibrant entertainment system, and <br>\n                            outstanding performance, the new Galaxy Tab A7 is a stylish new <br>\n                            companion for your life.Dive head-first into the things you love, <br>\n                            and easily share your favorite moments. Learn, explore, connect <br>\n                            and be inspired.\n                        </p>\n                    </div>\n                    <div>\n                        <h3 class=\"tp-product-details-desc-title\">Draw inspiration with S Pen</h3>\n                        <p>\n                            S Pen is a bundle of writing instruments in one. Its natural grip, <br>\n                            low latency and impressive pressure sensitivity will make it your go-to for everything from drawing to editing documents. And S Pen won\'t get misplaced thanks.\n                        </p>\n                    </div>\n                </div>\n                <div class=\"col-lg-6\">\n                    <div class=\"tp-product-details-desc-thumb\">\n                        <img src=\"/storage/main/products/product-details-desc-1.jpg\" alt=\"product\">\n                    </div>\n                </div>\n            </div>\n        </div>\n        <div class=\"tp-product-details-desc-item pb-75\">\n            <div class=\"row\">\n                <div class=\"col-lg-7\">\n                    <div class=\"tp-product-details-desc-thumb\">\n                        <img src=\"/storage/main/products/product-details-desc-2.jpg\" alt=\"product\">\n                    </div>\n                </div>\n\n                <div class=\"col-lg-5 order-first order-lg-last\">\n                    <div class=\"des-content-2 pl-40\">\n                        <h3 class=\"tp-product-details-desc-title\">\n                            Carry with <br>\n                            Confidence and style\n                        </h3>\n                        <p>\n                            Wrap your tablet in a sleek case that\'s as stylish as it is convenient. Galaxy Tab S6 Lite Book Cover folds around and clings magnetically, so you can easily gear up as you\'re headed out the door. There\'s even a\n                            compartment for S pen, so you can be sure it doesn\'t get left behind.\n                        </p>\n                    </div>\n                </div>\n            </div>\n        </div>\n        <div class=\"tp-product-details-desc-item\">\n            <div class=\"row\">\n                <div class=\"col-xl-12\">\n                    <div class=\"tp-product-details-desc-banner text-center m-img\">\n                        <h3 class=\"tp-product-details-desc-banner-title tp-product-details-desc-title\">Speed Memory Power = Epic Races</h3>\n                        <img src=\"/storage/main/products/product-details-desc-3.jpg\" alt=\"product\">\n                    </div>\n                </div>\n            </div>\n        </div>\n    </div>\n</div>\n','published','[\"main\\/products\\/product-3.jpg\",\"main\\/products\\/product-details-desc-1.jpg\",\"main\\/products\\/product-19.jpg\",\"main\\/products\\/product-9.jpg\",\"main\\/products\\/product-2.jpg\",\"main\\/products\\/product-18.jpg\"]','[[{\"key\":\"file\",\"value\":null},{\"key\":\"url\",\"value\":\"https:\\/\\/www.youtube.com\\/watch?v=6JYIGclVQdw\"},{\"key\":\"thumbnail\",\"value\":\"main\\/video\\/1.jpg\"}]]','IF-187-A1',0,15,0,1,1,5,0,0,476,NULL,NULL,NULL,18.00,11.00,10.00,602.00,NULL,130511,'2024-10-31 20:46:38','2024-10-31 20:46:39','in_stock',4,0,'Botble\\ACL\\Models\\User',0,NULL,'physical',NULL,NULL,0,0,0,0,1),(18,'Microsoft Surface Pro 8','With this intelligent headset, you can stay connected and productive from the first call of the day to the last train home. With an ergonomic earcup design, this headset invented a brand-new dual-foam technology. You will be comfortable from the first call to the last thanks to the re-engineered leatherette ear cushion design that allows for better airflow.','<div class=\"row justify-content-center\">\n    <div class=\"col-xl-10\">\n        <div class=\"tp-product-details-desc-item pb-105\">\n            <div class=\"row\">\n                <div class=\"col-lg-6\">\n                    <div class=\"pt-25\">\n                        <span>Galaxy A8 tablet</span>\n                        <h3 class=\"tp-product-details-desc-title\">Your world at a glance</h3>\n                        <p>\n                            With a slim design, a vibrant entertainment system, and <br>\n                            outstanding performance, the new Galaxy Tab A7 is a stylish new <br>\n                            companion for your life.Dive head-first into the things you love, <br>\n                            and easily share your favorite moments. Learn, explore, connect <br>\n                            and be inspired.\n                        </p>\n                    </div>\n                    <div>\n                        <h3 class=\"tp-product-details-desc-title\">Draw inspiration with S Pen</h3>\n                        <p>\n                            S Pen is a bundle of writing instruments in one. Its natural grip, <br>\n                            low latency and impressive pressure sensitivity will make it your go-to for everything from drawing to editing documents. And S Pen won\'t get misplaced thanks.\n                        </p>\n                    </div>\n                </div>\n                <div class=\"col-lg-6\">\n                    <div class=\"tp-product-details-desc-thumb\">\n                        <img src=\"/storage/main/products/product-details-desc-1.jpg\" alt=\"product\">\n                    </div>\n                </div>\n            </div>\n        </div>\n        <div class=\"tp-product-details-desc-item pb-75\">\n            <div class=\"row\">\n                <div class=\"col-lg-7\">\n                    <div class=\"tp-product-details-desc-thumb\">\n                        <img src=\"/storage/main/products/product-details-desc-2.jpg\" alt=\"product\">\n                    </div>\n                </div>\n\n                <div class=\"col-lg-5 order-first order-lg-last\">\n                    <div class=\"des-content-2 pl-40\">\n                        <h3 class=\"tp-product-details-desc-title\">\n                            Carry with <br>\n                            Confidence and style\n                        </h3>\n                        <p>\n                            Wrap your tablet in a sleek case that\'s as stylish as it is convenient. Galaxy Tab S6 Lite Book Cover folds around and clings magnetically, so you can easily gear up as you\'re headed out the door. There\'s even a\n                            compartment for S pen, so you can be sure it doesn\'t get left behind.\n                        </p>\n                    </div>\n                </div>\n            </div>\n        </div>\n        <div class=\"tp-product-details-desc-item\">\n            <div class=\"row\">\n                <div class=\"col-xl-12\">\n                    <div class=\"tp-product-details-desc-banner text-center m-img\">\n                        <h3 class=\"tp-product-details-desc-banner-title tp-product-details-desc-title\">Speed Memory Power = Epic Races</h3>\n                        <img src=\"/storage/main/products/product-details-desc-3.jpg\" alt=\"product\">\n                    </div>\n                </div>\n            </div>\n        </div>\n    </div>\n</div>\n','published','[\"main\\/products\\/product-10.jpg\",\"main\\/products\\/product-details-desc-1.jpg\",\"main\\/products\\/product-details-desc-2.jpg\",\"main\\/products\\/product-2.jpg\"]','[[{\"key\":\"file\",\"value\":\"main\\/video\\/video-2.mp4\"},{\"key\":\"url\",\"value\":null},{\"key\":\"thumbnail\",\"value\":\"main\\/video\\/2.jpg\"}]]','JX-178',0,14,0,1,0,2,0,0,902,831,NULL,NULL,19.00,16.00,17.00,582.00,NULL,102605,'2024-10-31 20:46:38','2024-10-31 20:46:39','in_stock',8,0,'Botble\\ACL\\Models\\User',0,NULL,'physical',NULL,NULL,0,0,0,0,1),(19,'Lenovo ThinkPad X1 Carbon Gen 9 Laptop','With this intelligent headset, you can stay connected and productive from the first call of the day to the last train home. With an ergonomic earcup design, this headset invented a brand-new dual-foam technology. You will be comfortable from the first call to the last thanks to the re-engineered leatherette ear cushion design that allows for better airflow.','<div class=\"row justify-content-center\">\n    <div class=\"col-xl-10\">\n        <div class=\"tp-product-details-desc-item pb-105\">\n            <div class=\"row\">\n                <div class=\"col-lg-6\">\n                    <div class=\"pt-25\">\n                        <span>Galaxy A8 tablet</span>\n                        <h3 class=\"tp-product-details-desc-title\">Your world at a glance</h3>\n                        <p>\n                            With a slim design, a vibrant entertainment system, and <br>\n                            outstanding performance, the new Galaxy Tab A7 is a stylish new <br>\n                            companion for your life.Dive head-first into the things you love, <br>\n                            and easily share your favorite moments. Learn, explore, connect <br>\n                            and be inspired.\n                        </p>\n                    </div>\n                    <div>\n                        <h3 class=\"tp-product-details-desc-title\">Draw inspiration with S Pen</h3>\n                        <p>\n                            S Pen is a bundle of writing instruments in one. Its natural grip, <br>\n                            low latency and impressive pressure sensitivity will make it your go-to for everything from drawing to editing documents. And S Pen won\'t get misplaced thanks.\n                        </p>\n                    </div>\n                </div>\n                <div class=\"col-lg-6\">\n                    <div class=\"tp-product-details-desc-thumb\">\n                        <img src=\"/storage/main/products/product-details-desc-1.jpg\" alt=\"product\">\n                    </div>\n                </div>\n            </div>\n        </div>\n        <div class=\"tp-product-details-desc-item pb-75\">\n            <div class=\"row\">\n                <div class=\"col-lg-7\">\n                    <div class=\"tp-product-details-desc-thumb\">\n                        <img src=\"/storage/main/products/product-details-desc-2.jpg\" alt=\"product\">\n                    </div>\n                </div>\n\n                <div class=\"col-lg-5 order-first order-lg-last\">\n                    <div class=\"des-content-2 pl-40\">\n                        <h3 class=\"tp-product-details-desc-title\">\n                            Carry with <br>\n                            Confidence and style\n                        </h3>\n                        <p>\n                            Wrap your tablet in a sleek case that\'s as stylish as it is convenient. Galaxy Tab S6 Lite Book Cover folds around and clings magnetically, so you can easily gear up as you\'re headed out the door. There\'s even a\n                            compartment for S pen, so you can be sure it doesn\'t get left behind.\n                        </p>\n                    </div>\n                </div>\n            </div>\n        </div>\n        <div class=\"tp-product-details-desc-item\">\n            <div class=\"row\">\n                <div class=\"col-xl-12\">\n                    <div class=\"tp-product-details-desc-banner text-center m-img\">\n                        <h3 class=\"tp-product-details-desc-banner-title tp-product-details-desc-title\">Speed Memory Power = Epic Races</h3>\n                        <img src=\"/storage/main/products/product-details-desc-3.jpg\" alt=\"product\">\n                    </div>\n                </div>\n            </div>\n        </div>\n    </div>\n</div>\n','published','[\"main\\/products\\/product-12.jpg\",\"main\\/products\\/product-13.jpg\",\"main\\/products\\/product-4.jpg\",\"main\\/products\\/product-1.jpg\"]','[[{\"key\":\"file\",\"value\":null},{\"key\":\"url\",\"value\":\"https:\\/\\/www.youtube.com\\/watch?v=6JYIGclVQdw\"},{\"key\":\"thumbnail\",\"value\":\"main\\/video\\/2.jpg\"}]]','X5-123-A1',0,17,0,1,0,5,0,0,1341,NULL,NULL,NULL,15.00,18.00,17.00,753.00,NULL,65404,'2024-10-31 20:46:38','2024-10-31 20:46:39','in_stock',4,0,'Botble\\ACL\\Models\\User',0,NULL,'physical',NULL,NULL,0,0,0,0,2),(20,'HP Spectre x360 14-Inch Convertible Laptop (Digital)','Additionally, this includes a redesigned microphone boom arm that is 33 percent shorter than the Evolve 75 and offers the industry-leading call performance for which Jabra headsets are known.','<div class=\"row justify-content-center\">\n    <div class=\"col-xl-10\">\n        <div class=\"tp-product-details-desc-item pb-105\">\n            <div class=\"row\">\n                <div class=\"col-lg-6\">\n                    <div class=\"pt-25\">\n                        <span>Galaxy A8 tablet</span>\n                        <h3 class=\"tp-product-details-desc-title\">Your world at a glance</h3>\n                        <p>\n                            With a slim design, a vibrant entertainment system, and <br>\n                            outstanding performance, the new Galaxy Tab A7 is a stylish new <br>\n                            companion for your life.Dive head-first into the things you love, <br>\n                            and easily share your favorite moments. Learn, explore, connect <br>\n                            and be inspired.\n                        </p>\n                    </div>\n                    <div>\n                        <h3 class=\"tp-product-details-desc-title\">Draw inspiration with S Pen</h3>\n                        <p>\n                            S Pen is a bundle of writing instruments in one. Its natural grip, <br>\n                            low latency and impressive pressure sensitivity will make it your go-to for everything from drawing to editing documents. And S Pen won\'t get misplaced thanks.\n                        </p>\n                    </div>\n                </div>\n                <div class=\"col-lg-6\">\n                    <div class=\"tp-product-details-desc-thumb\">\n                        <img src=\"/storage/main/products/product-details-desc-1.jpg\" alt=\"product\">\n                    </div>\n                </div>\n            </div>\n        </div>\n        <div class=\"tp-product-details-desc-item pb-75\">\n            <div class=\"row\">\n                <div class=\"col-lg-7\">\n                    <div class=\"tp-product-details-desc-thumb\">\n                        <img src=\"/storage/main/products/product-details-desc-2.jpg\" alt=\"product\">\n                    </div>\n                </div>\n\n                <div class=\"col-lg-5 order-first order-lg-last\">\n                    <div class=\"des-content-2 pl-40\">\n                        <h3 class=\"tp-product-details-desc-title\">\n                            Carry with <br>\n                            Confidence and style\n                        </h3>\n                        <p>\n                            Wrap your tablet in a sleek case that\'s as stylish as it is convenient. Galaxy Tab S6 Lite Book Cover folds around and clings magnetically, so you can easily gear up as you\'re headed out the door. There\'s even a\n                            compartment for S pen, so you can be sure it doesn\'t get left behind.\n                        </p>\n                    </div>\n                </div>\n            </div>\n        </div>\n        <div class=\"tp-product-details-desc-item\">\n            <div class=\"row\">\n                <div class=\"col-xl-12\">\n                    <div class=\"tp-product-details-desc-banner text-center m-img\">\n                        <h3 class=\"tp-product-details-desc-banner-title tp-product-details-desc-title\">Speed Memory Power = Epic Races</h3>\n                        <img src=\"/storage/main/products/product-details-desc-3.jpg\" alt=\"product\">\n                    </div>\n                </div>\n            </div>\n        </div>\n    </div>\n</div>\n','published','[\"main\\/products\\/product-7.jpg\",\"main\\/products\\/product-9.jpg\",\"main\\/products\\/product-10.jpg\",\"main\\/products\\/product-4.jpg\",\"main\\/products\\/product-details-desc-1.jpg\",\"main\\/products\\/product-16.jpg\",\"main\\/products\\/product-13.jpg\"]','[[{\"key\":\"file\",\"value\":\"main\\/video\\/video-2.mp4\"},{\"key\":\"url\",\"value\":null},{\"key\":\"thumbnail\",\"value\":\"main\\/video\\/2.jpg\"}]]','WV-161-A1',0,13,0,1,0,3,0,0,404,323.2,NULL,NULL,14.00,20.00,14.00,697.00,NULL,35464,'2024-10-31 20:46:38','2024-10-31 20:46:39','in_stock',2,0,'Botble\\ACL\\Models\\User',0,NULL,'digital',NULL,NULL,0,0,0,0,1),(21,'Razer Blade 15 Advanced Gaming Laptop','It complies with Microsoft\'s Open Office criteria and is specially tuned for outstanding conversations in open-plan workplaces and other loud environments when the microphone boom arm is lowered in Performance Mode','<div class=\"row justify-content-center\">\n    <div class=\"col-xl-10\">\n        <div class=\"tp-product-details-desc-item pb-105\">\n            <div class=\"row\">\n                <div class=\"col-lg-6\">\n                    <div class=\"pt-25\">\n                        <span>Galaxy A8 tablet</span>\n                        <h3 class=\"tp-product-details-desc-title\">Your world at a glance</h3>\n                        <p>\n                            With a slim design, a vibrant entertainment system, and <br>\n                            outstanding performance, the new Galaxy Tab A7 is a stylish new <br>\n                            companion for your life.Dive head-first into the things you love, <br>\n                            and easily share your favorite moments. Learn, explore, connect <br>\n                            and be inspired.\n                        </p>\n                    </div>\n                    <div>\n                        <h3 class=\"tp-product-details-desc-title\">Draw inspiration with S Pen</h3>\n                        <p>\n                            S Pen is a bundle of writing instruments in one. Its natural grip, <br>\n                            low latency and impressive pressure sensitivity will make it your go-to for everything from drawing to editing documents. And S Pen won\'t get misplaced thanks.\n                        </p>\n                    </div>\n                </div>\n                <div class=\"col-lg-6\">\n                    <div class=\"tp-product-details-desc-thumb\">\n                        <img src=\"/storage/main/products/product-details-desc-1.jpg\" alt=\"product\">\n                    </div>\n                </div>\n            </div>\n        </div>\n        <div class=\"tp-product-details-desc-item pb-75\">\n            <div class=\"row\">\n                <div class=\"col-lg-7\">\n                    <div class=\"tp-product-details-desc-thumb\">\n                        <img src=\"/storage/main/products/product-details-desc-2.jpg\" alt=\"product\">\n                    </div>\n                </div>\n\n                <div class=\"col-lg-5 order-first order-lg-last\">\n                    <div class=\"des-content-2 pl-40\">\n                        <h3 class=\"tp-product-details-desc-title\">\n                            Carry with <br>\n                            Confidence and style\n                        </h3>\n                        <p>\n                            Wrap your tablet in a sleek case that\'s as stylish as it is convenient. Galaxy Tab S6 Lite Book Cover folds around and clings magnetically, so you can easily gear up as you\'re headed out the door. There\'s even a\n                            compartment for S pen, so you can be sure it doesn\'t get left behind.\n                        </p>\n                    </div>\n                </div>\n            </div>\n        </div>\n        <div class=\"tp-product-details-desc-item\">\n            <div class=\"row\">\n                <div class=\"col-xl-12\">\n                    <div class=\"tp-product-details-desc-banner text-center m-img\">\n                        <h3 class=\"tp-product-details-desc-banner-title tp-product-details-desc-title\">Speed Memory Power = Epic Races</h3>\n                        <img src=\"/storage/main/products/product-details-desc-3.jpg\" alt=\"product\">\n                    </div>\n                </div>\n            </div>\n        </div>\n    </div>\n</div>\n','published','[\"main\\/products\\/product-5.jpg\",\"main\\/products\\/product-20.jpg\",\"main\\/products\\/product-6.jpg\",\"main\\/products\\/product-2.jpg\",\"main\\/products\\/product-details-desc-2.jpg\"]','[]','KQ-118-A1',0,11,0,1,1,5,0,0,2451,NULL,NULL,NULL,12.00,13.00,17.00,890.00,NULL,183848,'2024-10-31 20:46:38','2024-10-31 20:46:39','in_stock',1,0,'Botble\\ACL\\Models\\User',0,NULL,'physical',NULL,NULL,0,0,0,0,2),(22,'Alienware m15 R6 Gaming Laptop','With this intelligent headset, you can stay connected and productive from the first call of the day to the last train home. With an ergonomic earcup design, this headset invented a brand-new dual-foam technology. You will be comfortable from the first call to the last thanks to the re-engineered leatherette ear cushion design that allows for better airflow.','<div class=\"row justify-content-center\">\n    <div class=\"col-xl-10\">\n        <div class=\"tp-product-details-desc-item pb-105\">\n            <div class=\"row\">\n                <div class=\"col-lg-6\">\n                    <div class=\"pt-25\">\n                        <span>Galaxy A8 tablet</span>\n                        <h3 class=\"tp-product-details-desc-title\">Your world at a glance</h3>\n                        <p>\n                            With a slim design, a vibrant entertainment system, and <br>\n                            outstanding performance, the new Galaxy Tab A7 is a stylish new <br>\n                            companion for your life.Dive head-first into the things you love, <br>\n                            and easily share your favorite moments. Learn, explore, connect <br>\n                            and be inspired.\n                        </p>\n                    </div>\n                    <div>\n                        <h3 class=\"tp-product-details-desc-title\">Draw inspiration with S Pen</h3>\n                        <p>\n                            S Pen is a bundle of writing instruments in one. Its natural grip, <br>\n                            low latency and impressive pressure sensitivity will make it your go-to for everything from drawing to editing documents. And S Pen won\'t get misplaced thanks.\n                        </p>\n                    </div>\n                </div>\n                <div class=\"col-lg-6\">\n                    <div class=\"tp-product-details-desc-thumb\">\n                        <img src=\"/storage/main/products/product-details-desc-1.jpg\" alt=\"product\">\n                    </div>\n                </div>\n            </div>\n        </div>\n        <div class=\"tp-product-details-desc-item pb-75\">\n            <div class=\"row\">\n                <div class=\"col-lg-7\">\n                    <div class=\"tp-product-details-desc-thumb\">\n                        <img src=\"/storage/main/products/product-details-desc-2.jpg\" alt=\"product\">\n                    </div>\n                </div>\n\n                <div class=\"col-lg-5 order-first order-lg-last\">\n                    <div class=\"des-content-2 pl-40\">\n                        <h3 class=\"tp-product-details-desc-title\">\n                            Carry with <br>\n                            Confidence and style\n                        </h3>\n                        <p>\n                            Wrap your tablet in a sleek case that\'s as stylish as it is convenient. Galaxy Tab S6 Lite Book Cover folds around and clings magnetically, so you can easily gear up as you\'re headed out the door. There\'s even a\n                            compartment for S pen, so you can be sure it doesn\'t get left behind.\n                        </p>\n                    </div>\n                </div>\n            </div>\n        </div>\n        <div class=\"tp-product-details-desc-item\">\n            <div class=\"row\">\n                <div class=\"col-xl-12\">\n                    <div class=\"tp-product-details-desc-banner text-center m-img\">\n                        <h3 class=\"tp-product-details-desc-banner-title tp-product-details-desc-title\">Speed Memory Power = Epic Races</h3>\n                        <img src=\"/storage/main/products/product-details-desc-3.jpg\" alt=\"product\">\n                    </div>\n                </div>\n            </div>\n        </div>\n    </div>\n</div>\n','published','[\"main\\/products\\/product-19.jpg\",\"main\\/products\\/product-details-desc-3.jpg\",\"main\\/products\\/product-13.jpg\",\"main\\/products\\/product-16.jpg\",\"main\\/products\\/product-4.jpg\"]','[[{\"key\":\"file\",\"value\":\"main\\/video\\/video-2.mp4\"},{\"key\":\"url\",\"value\":null},{\"key\":\"thumbnail\",\"value\":\"main\\/video\\/2.jpg\"}]]','MP-117-A1',0,18,0,1,0,1,0,0,1326,NULL,NULL,NULL,19.00,18.00,17.00,873.00,NULL,55406,'2024-10-31 20:46:38','2024-10-31 20:46:39','in_stock',1,0,'Botble\\ACL\\Models\\User',0,NULL,'physical',NULL,NULL,0,0,0,0,2),(23,'Corsair K95 RGB Platinum XT Mechanical Gaming Keyboard','With this intelligent headset, you can stay connected and productive from the first call of the day to the last train home. With an ergonomic earcup design, this headset invented a brand-new dual-foam technology. You will be comfortable from the first call to the last thanks to the re-engineered leatherette ear cushion design that allows for better airflow.','<div class=\"row justify-content-center\">\n    <div class=\"col-xl-10\">\n        <div class=\"tp-product-details-desc-item pb-105\">\n            <div class=\"row\">\n                <div class=\"col-lg-6\">\n                    <div class=\"pt-25\">\n                        <span>Galaxy A8 tablet</span>\n                        <h3 class=\"tp-product-details-desc-title\">Your world at a glance</h3>\n                        <p>\n                            With a slim design, a vibrant entertainment system, and <br>\n                            outstanding performance, the new Galaxy Tab A7 is a stylish new <br>\n                            companion for your life.Dive head-first into the things you love, <br>\n                            and easily share your favorite moments. Learn, explore, connect <br>\n                            and be inspired.\n                        </p>\n                    </div>\n                    <div>\n                        <h3 class=\"tp-product-details-desc-title\">Draw inspiration with S Pen</h3>\n                        <p>\n                            S Pen is a bundle of writing instruments in one. Its natural grip, <br>\n                            low latency and impressive pressure sensitivity will make it your go-to for everything from drawing to editing documents. And S Pen won\'t get misplaced thanks.\n                        </p>\n                    </div>\n                </div>\n                <div class=\"col-lg-6\">\n                    <div class=\"tp-product-details-desc-thumb\">\n                        <img src=\"/storage/main/products/product-details-desc-1.jpg\" alt=\"product\">\n                    </div>\n                </div>\n            </div>\n        </div>\n        <div class=\"tp-product-details-desc-item pb-75\">\n            <div class=\"row\">\n                <div class=\"col-lg-7\">\n                    <div class=\"tp-product-details-desc-thumb\">\n                        <img src=\"/storage/main/products/product-details-desc-2.jpg\" alt=\"product\">\n                    </div>\n                </div>\n\n                <div class=\"col-lg-5 order-first order-lg-last\">\n                    <div class=\"des-content-2 pl-40\">\n                        <h3 class=\"tp-product-details-desc-title\">\n                            Carry with <br>\n                            Confidence and style\n                        </h3>\n                        <p>\n                            Wrap your tablet in a sleek case that\'s as stylish as it is convenient. Galaxy Tab S6 Lite Book Cover folds around and clings magnetically, so you can easily gear up as you\'re headed out the door. There\'s even a\n                            compartment for S pen, so you can be sure it doesn\'t get left behind.\n                        </p>\n                    </div>\n                </div>\n            </div>\n        </div>\n        <div class=\"tp-product-details-desc-item\">\n            <div class=\"row\">\n                <div class=\"col-xl-12\">\n                    <div class=\"tp-product-details-desc-banner text-center m-img\">\n                        <h3 class=\"tp-product-details-desc-banner-title tp-product-details-desc-title\">Speed Memory Power = Epic Races</h3>\n                        <img src=\"/storage/main/products/product-details-desc-3.jpg\" alt=\"product\">\n                    </div>\n                </div>\n            </div>\n        </div>\n    </div>\n</div>\n','published','[\"main\\/products\\/product-2.jpg\",\"main\\/products\\/product-20.jpg\",\"main\\/products\\/product-7.jpg\",\"main\\/products\\/product-19.jpg\",\"main\\/products\\/product-13.jpg\",\"main\\/products\\/product-12.jpg\"]','[]','VT-141-A1',0,19,0,1,1,3,0,0,2206,NULL,NULL,NULL,10.00,17.00,20.00,551.00,NULL,60269,'2024-10-31 20:46:38','2024-10-31 20:46:39','in_stock',2,0,'Botble\\ACL\\Models\\User',0,NULL,'physical',NULL,NULL,0,0,0,0,1),(24,'Logitech G Pro X Superlight Wireless Gaming Mouse (Digital)','Jabra Evolve2 75 USB-A MS Teams Stereo Headset The Jabra Evolve2 75 USB-A MS Teams Stereo Headset has replaced previous hybrid working standards. Industry-leading call quality thanks to top-notch audio engineering.','<div class=\"row justify-content-center\">\n    <div class=\"col-xl-10\">\n        <div class=\"tp-product-details-desc-item pb-105\">\n            <div class=\"row\">\n                <div class=\"col-lg-6\">\n                    <div class=\"pt-25\">\n                        <span>Galaxy A8 tablet</span>\n                        <h3 class=\"tp-product-details-desc-title\">Your world at a glance</h3>\n                        <p>\n                            With a slim design, a vibrant entertainment system, and <br>\n                            outstanding performance, the new Galaxy Tab A7 is a stylish new <br>\n                            companion for your life.Dive head-first into the things you love, <br>\n                            and easily share your favorite moments. Learn, explore, connect <br>\n                            and be inspired.\n                        </p>\n                    </div>\n                    <div>\n                        <h3 class=\"tp-product-details-desc-title\">Draw inspiration with S Pen</h3>\n                        <p>\n                            S Pen is a bundle of writing instruments in one. Its natural grip, <br>\n                            low latency and impressive pressure sensitivity will make it your go-to for everything from drawing to editing documents. And S Pen won\'t get misplaced thanks.\n                        </p>\n                    </div>\n                </div>\n                <div class=\"col-lg-6\">\n                    <div class=\"tp-product-details-desc-thumb\">\n                        <img src=\"/storage/main/products/product-details-desc-1.jpg\" alt=\"product\">\n                    </div>\n                </div>\n            </div>\n        </div>\n        <div class=\"tp-product-details-desc-item pb-75\">\n            <div class=\"row\">\n                <div class=\"col-lg-7\">\n                    <div class=\"tp-product-details-desc-thumb\">\n                        <img src=\"/storage/main/products/product-details-desc-2.jpg\" alt=\"product\">\n                    </div>\n                </div>\n\n                <div class=\"col-lg-5 order-first order-lg-last\">\n                    <div class=\"des-content-2 pl-40\">\n                        <h3 class=\"tp-product-details-desc-title\">\n                            Carry with <br>\n                            Confidence and style\n                        </h3>\n                        <p>\n                            Wrap your tablet in a sleek case that\'s as stylish as it is convenient. Galaxy Tab S6 Lite Book Cover folds around and clings magnetically, so you can easily gear up as you\'re headed out the door. There\'s even a\n                            compartment for S pen, so you can be sure it doesn\'t get left behind.\n                        </p>\n                    </div>\n                </div>\n            </div>\n        </div>\n        <div class=\"tp-product-details-desc-item\">\n            <div class=\"row\">\n                <div class=\"col-xl-12\">\n                    <div class=\"tp-product-details-desc-banner text-center m-img\">\n                        <h3 class=\"tp-product-details-desc-banner-title tp-product-details-desc-title\">Speed Memory Power = Epic Races</h3>\n                        <img src=\"/storage/main/products/product-details-desc-3.jpg\" alt=\"product\">\n                    </div>\n                </div>\n            </div>\n        </div>\n    </div>\n</div>\n','published','[\"main\\/products\\/product-19.jpg\",\"main\\/products\\/product-6.jpg\",\"main\\/products\\/product-7.jpg\",\"main\\/products\\/product-13.jpg\",\"main\\/products\\/product-1.jpg\"]','[[{\"key\":\"file\",\"value\":\"main\\/video\\/video-1.mp4\"},{\"key\":\"url\",\"value\":null},{\"key\":\"thumbnail\",\"value\":\"main\\/video\\/1.jpg\"}]]','VK-133-A1',0,20,0,1,0,2,0,0,2231,2007.9,NULL,NULL,15.00,16.00,14.00,629.00,NULL,131196,'2024-10-31 20:46:38','2024-10-31 20:46:39','in_stock',7,0,'Botble\\ACL\\Models\\User',0,NULL,'digital',NULL,NULL,0,0,0,0,2),(25,'SteelSeries Arctis Pro Wireless Gaming Headset','We can provide exceptional noise isolation and the best all-day comfort by mixing firm foam for the outer with soft foam for the interior of the ear cushions. So that you may receive Active Noise-Cancellation (ANC) performance that is even greater in a headset that you can wear for whatever length you wish.','<div class=\"row justify-content-center\">\n    <div class=\"col-xl-10\">\n        <div class=\"tp-product-details-desc-item pb-105\">\n            <div class=\"row\">\n                <div class=\"col-lg-6\">\n                    <div class=\"pt-25\">\n                        <span>Galaxy A8 tablet</span>\n                        <h3 class=\"tp-product-details-desc-title\">Your world at a glance</h3>\n                        <p>\n                            With a slim design, a vibrant entertainment system, and <br>\n                            outstanding performance, the new Galaxy Tab A7 is a stylish new <br>\n                            companion for your life.Dive head-first into the things you love, <br>\n                            and easily share your favorite moments. Learn, explore, connect <br>\n                            and be inspired.\n                        </p>\n                    </div>\n                    <div>\n                        <h3 class=\"tp-product-details-desc-title\">Draw inspiration with S Pen</h3>\n                        <p>\n                            S Pen is a bundle of writing instruments in one. Its natural grip, <br>\n                            low latency and impressive pressure sensitivity will make it your go-to for everything from drawing to editing documents. And S Pen won\'t get misplaced thanks.\n                        </p>\n                    </div>\n                </div>\n                <div class=\"col-lg-6\">\n                    <div class=\"tp-product-details-desc-thumb\">\n                        <img src=\"/storage/main/products/product-details-desc-1.jpg\" alt=\"product\">\n                    </div>\n                </div>\n            </div>\n        </div>\n        <div class=\"tp-product-details-desc-item pb-75\">\n            <div class=\"row\">\n                <div class=\"col-lg-7\">\n                    <div class=\"tp-product-details-desc-thumb\">\n                        <img src=\"/storage/main/products/product-details-desc-2.jpg\" alt=\"product\">\n                    </div>\n                </div>\n\n                <div class=\"col-lg-5 order-first order-lg-last\">\n                    <div class=\"des-content-2 pl-40\">\n                        <h3 class=\"tp-product-details-desc-title\">\n                            Carry with <br>\n                            Confidence and style\n                        </h3>\n                        <p>\n                            Wrap your tablet in a sleek case that\'s as stylish as it is convenient. Galaxy Tab S6 Lite Book Cover folds around and clings magnetically, so you can easily gear up as you\'re headed out the door. There\'s even a\n                            compartment for S pen, so you can be sure it doesn\'t get left behind.\n                        </p>\n                    </div>\n                </div>\n            </div>\n        </div>\n        <div class=\"tp-product-details-desc-item\">\n            <div class=\"row\">\n                <div class=\"col-xl-12\">\n                    <div class=\"tp-product-details-desc-banner text-center m-img\">\n                        <h3 class=\"tp-product-details-desc-banner-title tp-product-details-desc-title\">Speed Memory Power = Epic Races</h3>\n                        <img src=\"/storage/main/products/product-details-desc-3.jpg\" alt=\"product\">\n                    </div>\n                </div>\n            </div>\n        </div>\n    </div>\n</div>\n','published','[\"main\\/products\\/product-16.jpg\",\"main\\/products\\/product-7.jpg\",\"main\\/products\\/product-20.jpg\"]','[[{\"key\":\"file\",\"value\":null},{\"key\":\"url\",\"value\":\"https:\\/\\/www.youtube.com\\/watch?v=6JYIGclVQdw\"},{\"key\":\"thumbnail\",\"value\":\"main\\/video\\/2.jpg\"}]]','RX-161',0,15,0,1,1,4,0,0,1096,1049,NULL,NULL,13.00,16.00,10.00,696.00,NULL,45885,'2024-10-31 20:46:38','2024-10-31 20:46:39','in_stock',7,0,'Botble\\ACL\\Models\\User',0,NULL,'physical',NULL,NULL,0,0,0,0,2),(26,'Elgato Stream Deck XL','With this intelligent headset, you can stay connected and productive from the first call of the day to the last train home. With an ergonomic earcup design, this headset invented a brand-new dual-foam technology. You will be comfortable from the first call to the last thanks to the re-engineered leatherette ear cushion design that allows for better airflow.','<div class=\"row justify-content-center\">\n    <div class=\"col-xl-10\">\n        <div class=\"tp-product-details-desc-item pb-105\">\n            <div class=\"row\">\n                <div class=\"col-lg-6\">\n                    <div class=\"pt-25\">\n                        <span>Galaxy A8 tablet</span>\n                        <h3 class=\"tp-product-details-desc-title\">Your world at a glance</h3>\n                        <p>\n                            With a slim design, a vibrant entertainment system, and <br>\n                            outstanding performance, the new Galaxy Tab A7 is a stylish new <br>\n                            companion for your life.Dive head-first into the things you love, <br>\n                            and easily share your favorite moments. Learn, explore, connect <br>\n                            and be inspired.\n                        </p>\n                    </div>\n                    <div>\n                        <h3 class=\"tp-product-details-desc-title\">Draw inspiration with S Pen</h3>\n                        <p>\n                            S Pen is a bundle of writing instruments in one. Its natural grip, <br>\n                            low latency and impressive pressure sensitivity will make it your go-to for everything from drawing to editing documents. And S Pen won\'t get misplaced thanks.\n                        </p>\n                    </div>\n                </div>\n                <div class=\"col-lg-6\">\n                    <div class=\"tp-product-details-desc-thumb\">\n                        <img src=\"/storage/main/products/product-details-desc-1.jpg\" alt=\"product\">\n                    </div>\n                </div>\n            </div>\n        </div>\n        <div class=\"tp-product-details-desc-item pb-75\">\n            <div class=\"row\">\n                <div class=\"col-lg-7\">\n                    <div class=\"tp-product-details-desc-thumb\">\n                        <img src=\"/storage/main/products/product-details-desc-2.jpg\" alt=\"product\">\n                    </div>\n                </div>\n\n                <div class=\"col-lg-5 order-first order-lg-last\">\n                    <div class=\"des-content-2 pl-40\">\n                        <h3 class=\"tp-product-details-desc-title\">\n                            Carry with <br>\n                            Confidence and style\n                        </h3>\n                        <p>\n                            Wrap your tablet in a sleek case that\'s as stylish as it is convenient. Galaxy Tab S6 Lite Book Cover folds around and clings magnetically, so you can easily gear up as you\'re headed out the door. There\'s even a\n                            compartment for S pen, so you can be sure it doesn\'t get left behind.\n                        </p>\n                    </div>\n                </div>\n            </div>\n        </div>\n        <div class=\"tp-product-details-desc-item\">\n            <div class=\"row\">\n                <div class=\"col-xl-12\">\n                    <div class=\"tp-product-details-desc-banner text-center m-img\">\n                        <h3 class=\"tp-product-details-desc-banner-title tp-product-details-desc-title\">Speed Memory Power = Epic Races</h3>\n                        <img src=\"/storage/main/products/product-details-desc-3.jpg\" alt=\"product\">\n                    </div>\n                </div>\n            </div>\n        </div>\n    </div>\n</div>\n','published','[\"main\\/products\\/product-14.jpg\",\"main\\/products\\/product-13.jpg\",\"main\\/products\\/product-details-desc-3.jpg\",\"main\\/products\\/product-5.jpg\"]','[[{\"key\":\"file\",\"value\":\"main\\/video\\/video-2.mp4\"},{\"key\":\"url\",\"value\":null},{\"key\":\"thumbnail\",\"value\":\"main\\/video\\/2.jpg\"}]]','0P-142-A1',0,12,0,1,1,2,0,0,304,NULL,NULL,NULL,17.00,13.00,20.00,815.00,NULL,2073,'2024-10-31 20:46:38','2024-10-31 20:46:39','in_stock',8,0,'Botble\\ACL\\Models\\User',0,NULL,'physical',NULL,NULL,0,0,0,0,2),(27,'Nintendo Switch OLED Model','We can provide exceptional noise isolation and the best all-day comfort by mixing firm foam for the outer with soft foam for the interior of the ear cushions. So that you may receive Active Noise-Cancellation (ANC) performance that is even greater in a headset that you can wear for whatever length you wish.','<div class=\"row justify-content-center\">\n    <div class=\"col-xl-10\">\n        <div class=\"tp-product-details-desc-item pb-105\">\n            <div class=\"row\">\n                <div class=\"col-lg-6\">\n                    <div class=\"pt-25\">\n                        <span>Galaxy A8 tablet</span>\n                        <h3 class=\"tp-product-details-desc-title\">Your world at a glance</h3>\n                        <p>\n                            With a slim design, a vibrant entertainment system, and <br>\n                            outstanding performance, the new Galaxy Tab A7 is a stylish new <br>\n                            companion for your life.Dive head-first into the things you love, <br>\n                            and easily share your favorite moments. Learn, explore, connect <br>\n                            and be inspired.\n                        </p>\n                    </div>\n                    <div>\n                        <h3 class=\"tp-product-details-desc-title\">Draw inspiration with S Pen</h3>\n                        <p>\n                            S Pen is a bundle of writing instruments in one. Its natural grip, <br>\n                            low latency and impressive pressure sensitivity will make it your go-to for everything from drawing to editing documents. And S Pen won\'t get misplaced thanks.\n                        </p>\n                    </div>\n                </div>\n                <div class=\"col-lg-6\">\n                    <div class=\"tp-product-details-desc-thumb\">\n                        <img src=\"/storage/main/products/product-details-desc-1.jpg\" alt=\"product\">\n                    </div>\n                </div>\n            </div>\n        </div>\n        <div class=\"tp-product-details-desc-item pb-75\">\n            <div class=\"row\">\n                <div class=\"col-lg-7\">\n                    <div class=\"tp-product-details-desc-thumb\">\n                        <img src=\"/storage/main/products/product-details-desc-2.jpg\" alt=\"product\">\n                    </div>\n                </div>\n\n                <div class=\"col-lg-5 order-first order-lg-last\">\n                    <div class=\"des-content-2 pl-40\">\n                        <h3 class=\"tp-product-details-desc-title\">\n                            Carry with <br>\n                            Confidence and style\n                        </h3>\n                        <p>\n                            Wrap your tablet in a sleek case that\'s as stylish as it is convenient. Galaxy Tab S6 Lite Book Cover folds around and clings magnetically, so you can easily gear up as you\'re headed out the door. There\'s even a\n                            compartment for S pen, so you can be sure it doesn\'t get left behind.\n                        </p>\n                    </div>\n                </div>\n            </div>\n        </div>\n        <div class=\"tp-product-details-desc-item\">\n            <div class=\"row\">\n                <div class=\"col-xl-12\">\n                    <div class=\"tp-product-details-desc-banner text-center m-img\">\n                        <h3 class=\"tp-product-details-desc-banner-title tp-product-details-desc-title\">Speed Memory Power = Epic Races</h3>\n                        <img src=\"/storage/main/products/product-details-desc-3.jpg\" alt=\"product\">\n                    </div>\n                </div>\n            </div>\n        </div>\n    </div>\n</div>\n','published','[\"main\\/products\\/product-details-desc-2.jpg\",\"main\\/products\\/product-15.jpg\",\"main\\/products\\/product-4.jpg\"]','[[{\"key\":\"file\",\"value\":null},{\"key\":\"url\",\"value\":\"https:\\/\\/www.youtube.com\\/watch?v=6JYIGclVQdw\"},{\"key\":\"thumbnail\",\"value\":\"main\\/video\\/2.jpg\"}]]','HW-118',0,14,0,1,1,4,0,0,1136,675,NULL,NULL,10.00,16.00,10.00,649.00,NULL,138458,'2024-10-31 20:46:38','2024-10-31 20:46:39','in_stock',6,0,'Botble\\ACL\\Models\\User',0,NULL,'physical',NULL,NULL,0,0,0,0,2),(28,'PlayStation 5 Console (Digital)','Additionally, this includes a redesigned microphone boom arm that is 33 percent shorter than the Evolve 75 and offers the industry-leading call performance for which Jabra headsets are known.','<div class=\"row justify-content-center\">\n    <div class=\"col-xl-10\">\n        <div class=\"tp-product-details-desc-item pb-105\">\n            <div class=\"row\">\n                <div class=\"col-lg-6\">\n                    <div class=\"pt-25\">\n                        <span>Galaxy A8 tablet</span>\n                        <h3 class=\"tp-product-details-desc-title\">Your world at a glance</h3>\n                        <p>\n                            With a slim design, a vibrant entertainment system, and <br>\n                            outstanding performance, the new Galaxy Tab A7 is a stylish new <br>\n                            companion for your life.Dive head-first into the things you love, <br>\n                            and easily share your favorite moments. Learn, explore, connect <br>\n                            and be inspired.\n                        </p>\n                    </div>\n                    <div>\n                        <h3 class=\"tp-product-details-desc-title\">Draw inspiration with S Pen</h3>\n                        <p>\n                            S Pen is a bundle of writing instruments in one. Its natural grip, <br>\n                            low latency and impressive pressure sensitivity will make it your go-to for everything from drawing to editing documents. And S Pen won\'t get misplaced thanks.\n                        </p>\n                    </div>\n                </div>\n                <div class=\"col-lg-6\">\n                    <div class=\"tp-product-details-desc-thumb\">\n                        <img src=\"/storage/main/products/product-details-desc-1.jpg\" alt=\"product\">\n                    </div>\n                </div>\n            </div>\n        </div>\n        <div class=\"tp-product-details-desc-item pb-75\">\n            <div class=\"row\">\n                <div class=\"col-lg-7\">\n                    <div class=\"tp-product-details-desc-thumb\">\n                        <img src=\"/storage/main/products/product-details-desc-2.jpg\" alt=\"product\">\n                    </div>\n                </div>\n\n                <div class=\"col-lg-5 order-first order-lg-last\">\n                    <div class=\"des-content-2 pl-40\">\n                        <h3 class=\"tp-product-details-desc-title\">\n                            Carry with <br>\n                            Confidence and style\n                        </h3>\n                        <p>\n                            Wrap your tablet in a sleek case that\'s as stylish as it is convenient. Galaxy Tab S6 Lite Book Cover folds around and clings magnetically, so you can easily gear up as you\'re headed out the door. There\'s even a\n                            compartment for S pen, so you can be sure it doesn\'t get left behind.\n                        </p>\n                    </div>\n                </div>\n            </div>\n        </div>\n        <div class=\"tp-product-details-desc-item\">\n            <div class=\"row\">\n                <div class=\"col-xl-12\">\n                    <div class=\"tp-product-details-desc-banner text-center m-img\">\n                        <h3 class=\"tp-product-details-desc-banner-title tp-product-details-desc-title\">Speed Memory Power = Epic Races</h3>\n                        <img src=\"/storage/main/products/product-details-desc-3.jpg\" alt=\"product\">\n                    </div>\n                </div>\n            </div>\n        </div>\n    </div>\n</div>\n','published','[\"main\\/products\\/product-10.jpg\",\"main\\/products\\/product-details-desc-3.jpg\",\"main\\/products\\/product-details-desc-2.jpg\",\"main\\/products\\/product-5.jpg\",\"main\\/products\\/product-18.jpg\"]','[[{\"key\":\"file\",\"value\":null},{\"key\":\"url\",\"value\":\"https:\\/\\/www.youtube.com\\/watch?v=6JYIGclVQdw\"},{\"key\":\"thumbnail\",\"value\":\"main\\/video\\/1.jpg\"}]]','QD-166',0,12,0,1,1,1,0,0,921,345,NULL,NULL,13.00,18.00,11.00,847.00,NULL,57108,'2024-10-31 20:46:38','2024-10-31 20:46:40','in_stock',3,0,'Botble\\ACL\\Models\\User',0,NULL,'digital',NULL,NULL,0,0,0,0,2),(29,'Xbox Series X Console','With this intelligent headset, you can stay connected and productive from the first call of the day to the last train home. With an ergonomic earcup design, this headset invented a brand-new dual-foam technology. You will be comfortable from the first call to the last thanks to the re-engineered leatherette ear cushion design that allows for better airflow.','<div class=\"row justify-content-center\">\n    <div class=\"col-xl-10\">\n        <div class=\"tp-product-details-desc-item pb-105\">\n            <div class=\"row\">\n                <div class=\"col-lg-6\">\n                    <div class=\"pt-25\">\n                        <span>Galaxy A8 tablet</span>\n                        <h3 class=\"tp-product-details-desc-title\">Your world at a glance</h3>\n                        <p>\n                            With a slim design, a vibrant entertainment system, and <br>\n                            outstanding performance, the new Galaxy Tab A7 is a stylish new <br>\n                            companion for your life.Dive head-first into the things you love, <br>\n                            and easily share your favorite moments. Learn, explore, connect <br>\n                            and be inspired.\n                        </p>\n                    </div>\n                    <div>\n                        <h3 class=\"tp-product-details-desc-title\">Draw inspiration with S Pen</h3>\n                        <p>\n                            S Pen is a bundle of writing instruments in one. Its natural grip, <br>\n                            low latency and impressive pressure sensitivity will make it your go-to for everything from drawing to editing documents. And S Pen won\'t get misplaced thanks.\n                        </p>\n                    </div>\n                </div>\n                <div class=\"col-lg-6\">\n                    <div class=\"tp-product-details-desc-thumb\">\n                        <img src=\"/storage/main/products/product-details-desc-1.jpg\" alt=\"product\">\n                    </div>\n                </div>\n            </div>\n        </div>\n        <div class=\"tp-product-details-desc-item pb-75\">\n            <div class=\"row\">\n                <div class=\"col-lg-7\">\n                    <div class=\"tp-product-details-desc-thumb\">\n                        <img src=\"/storage/main/products/product-details-desc-2.jpg\" alt=\"product\">\n                    </div>\n                </div>\n\n                <div class=\"col-lg-5 order-first order-lg-last\">\n                    <div class=\"des-content-2 pl-40\">\n                        <h3 class=\"tp-product-details-desc-title\">\n                            Carry with <br>\n                            Confidence and style\n                        </h3>\n                        <p>\n                            Wrap your tablet in a sleek case that\'s as stylish as it is convenient. Galaxy Tab S6 Lite Book Cover folds around and clings magnetically, so you can easily gear up as you\'re headed out the door. There\'s even a\n                            compartment for S pen, so you can be sure it doesn\'t get left behind.\n                        </p>\n                    </div>\n                </div>\n            </div>\n        </div>\n        <div class=\"tp-product-details-desc-item\">\n            <div class=\"row\">\n                <div class=\"col-xl-12\">\n                    <div class=\"tp-product-details-desc-banner text-center m-img\">\n                        <h3 class=\"tp-product-details-desc-banner-title tp-product-details-desc-title\">Speed Memory Power = Epic Races</h3>\n                        <img src=\"/storage/main/products/product-details-desc-3.jpg\" alt=\"product\">\n                    </div>\n                </div>\n            </div>\n        </div>\n    </div>\n</div>\n','published','[\"main\\/products\\/product-10.jpg\",\"main\\/products\\/product-3.jpg\",\"main\\/products\\/product-17.jpg\",\"main\\/products\\/product-16.jpg\",\"main\\/products\\/product-13.jpg\",\"main\\/products\\/product-4.jpg\"]','[[{\"key\":\"file\",\"value\":\"main\\/video\\/video-1.mp4\"},{\"key\":\"url\",\"value\":null},{\"key\":\"thumbnail\",\"value\":\"main\\/video\\/1.jpg\"}]]','EV-152',0,17,0,1,1,4,0,0,1007,789,NULL,NULL,10.00,20.00,10.00,898.00,NULL,6161,'2024-10-31 20:46:38','2024-10-31 20:46:40','in_stock',5,0,'Botble\\ACL\\Models\\User',0,NULL,'physical',NULL,NULL,0,0,0,0,1),(30,'Oculus Quest 2 VR Headset','With this intelligent headset, you can stay connected and productive from the first call of the day to the last train home. With an ergonomic earcup design, this headset invented a brand-new dual-foam technology. You will be comfortable from the first call to the last thanks to the re-engineered leatherette ear cushion design that allows for better airflow.','<div class=\"row justify-content-center\">\n    <div class=\"col-xl-10\">\n        <div class=\"tp-product-details-desc-item pb-105\">\n            <div class=\"row\">\n                <div class=\"col-lg-6\">\n                    <div class=\"pt-25\">\n                        <span>Galaxy A8 tablet</span>\n                        <h3 class=\"tp-product-details-desc-title\">Your world at a glance</h3>\n                        <p>\n                            With a slim design, a vibrant entertainment system, and <br>\n                            outstanding performance, the new Galaxy Tab A7 is a stylish new <br>\n                            companion for your life.Dive head-first into the things you love, <br>\n                            and easily share your favorite moments. Learn, explore, connect <br>\n                            and be inspired.\n                        </p>\n                    </div>\n                    <div>\n                        <h3 class=\"tp-product-details-desc-title\">Draw inspiration with S Pen</h3>\n                        <p>\n                            S Pen is a bundle of writing instruments in one. Its natural grip, <br>\n                            low latency and impressive pressure sensitivity will make it your go-to for everything from drawing to editing documents. And S Pen won\'t get misplaced thanks.\n                        </p>\n                    </div>\n                </div>\n                <div class=\"col-lg-6\">\n                    <div class=\"tp-product-details-desc-thumb\">\n                        <img src=\"/storage/main/products/product-details-desc-1.jpg\" alt=\"product\">\n                    </div>\n                </div>\n            </div>\n        </div>\n        <div class=\"tp-product-details-desc-item pb-75\">\n            <div class=\"row\">\n                <div class=\"col-lg-7\">\n                    <div class=\"tp-product-details-desc-thumb\">\n                        <img src=\"/storage/main/products/product-details-desc-2.jpg\" alt=\"product\">\n                    </div>\n                </div>\n\n                <div class=\"col-lg-5 order-first order-lg-last\">\n                    <div class=\"des-content-2 pl-40\">\n                        <h3 class=\"tp-product-details-desc-title\">\n                            Carry with <br>\n                            Confidence and style\n                        </h3>\n                        <p>\n                            Wrap your tablet in a sleek case that\'s as stylish as it is convenient. Galaxy Tab S6 Lite Book Cover folds around and clings magnetically, so you can easily gear up as you\'re headed out the door. There\'s even a\n                            compartment for S pen, so you can be sure it doesn\'t get left behind.\n                        </p>\n                    </div>\n                </div>\n            </div>\n        </div>\n        <div class=\"tp-product-details-desc-item\">\n            <div class=\"row\">\n                <div class=\"col-xl-12\">\n                    <div class=\"tp-product-details-desc-banner text-center m-img\">\n                        <h3 class=\"tp-product-details-desc-banner-title tp-product-details-desc-title\">Speed Memory Power = Epic Races</h3>\n                        <img src=\"/storage/main/products/product-details-desc-3.jpg\" alt=\"product\">\n                    </div>\n                </div>\n            </div>\n        </div>\n    </div>\n</div>\n','published','[\"main\\/products\\/product-14.jpg\",\"main\\/products\\/product-9.jpg\",\"main\\/products\\/product-17.jpg\"]','[[{\"key\":\"file\",\"value\":null},{\"key\":\"url\",\"value\":\"https:\\/\\/www.youtube.com\\/watch?v=6JYIGclVQdw\"},{\"key\":\"thumbnail\",\"value\":\"main\\/video\\/1.jpg\"}]]','JU-173-A1',0,18,0,1,0,5,0,0,687,NULL,NULL,NULL,15.00,11.00,20.00,716.00,NULL,52575,'2024-10-31 20:46:38','2024-10-31 20:46:40','in_stock',3,0,'Botble\\ACL\\Models\\User',0,NULL,'physical',NULL,NULL,0,0,0,0,2),(31,'HTC Vive Cosmos Elite VR Headset','With this intelligent headset, you can stay connected and productive from the first call of the day to the last train home. With an ergonomic earcup design, this headset invented a brand-new dual-foam technology. You will be comfortable from the first call to the last thanks to the re-engineered leatherette ear cushion design that allows for better airflow.','<div class=\"row justify-content-center\">\n    <div class=\"col-xl-10\">\n        <div class=\"tp-product-details-desc-item pb-105\">\n            <div class=\"row\">\n                <div class=\"col-lg-6\">\n                    <div class=\"pt-25\">\n                        <span>Galaxy A8 tablet</span>\n                        <h3 class=\"tp-product-details-desc-title\">Your world at a glance</h3>\n                        <p>\n                            With a slim design, a vibrant entertainment system, and <br>\n                            outstanding performance, the new Galaxy Tab A7 is a stylish new <br>\n                            companion for your life.Dive head-first into the things you love, <br>\n                            and easily share your favorite moments. Learn, explore, connect <br>\n                            and be inspired.\n                        </p>\n                    </div>\n                    <div>\n                        <h3 class=\"tp-product-details-desc-title\">Draw inspiration with S Pen</h3>\n                        <p>\n                            S Pen is a bundle of writing instruments in one. Its natural grip, <br>\n                            low latency and impressive pressure sensitivity will make it your go-to for everything from drawing to editing documents. And S Pen won\'t get misplaced thanks.\n                        </p>\n                    </div>\n                </div>\n                <div class=\"col-lg-6\">\n                    <div class=\"tp-product-details-desc-thumb\">\n                        <img src=\"/storage/main/products/product-details-desc-1.jpg\" alt=\"product\">\n                    </div>\n                </div>\n            </div>\n        </div>\n        <div class=\"tp-product-details-desc-item pb-75\">\n            <div class=\"row\">\n                <div class=\"col-lg-7\">\n                    <div class=\"tp-product-details-desc-thumb\">\n                        <img src=\"/storage/main/products/product-details-desc-2.jpg\" alt=\"product\">\n                    </div>\n                </div>\n\n                <div class=\"col-lg-5 order-first order-lg-last\">\n                    <div class=\"des-content-2 pl-40\">\n                        <h3 class=\"tp-product-details-desc-title\">\n                            Carry with <br>\n                            Confidence and style\n                        </h3>\n                        <p>\n                            Wrap your tablet in a sleek case that\'s as stylish as it is convenient. Galaxy Tab S6 Lite Book Cover folds around and clings magnetically, so you can easily gear up as you\'re headed out the door. There\'s even a\n                            compartment for S pen, so you can be sure it doesn\'t get left behind.\n                        </p>\n                    </div>\n                </div>\n            </div>\n        </div>\n        <div class=\"tp-product-details-desc-item\">\n            <div class=\"row\">\n                <div class=\"col-xl-12\">\n                    <div class=\"tp-product-details-desc-banner text-center m-img\">\n                        <h3 class=\"tp-product-details-desc-banner-title tp-product-details-desc-title\">Speed Memory Power = Epic Races</h3>\n                        <img src=\"/storage/main/products/product-details-desc-3.jpg\" alt=\"product\">\n                    </div>\n                </div>\n            </div>\n        </div>\n    </div>\n</div>\n','published','[\"main\\/products\\/product-9.jpg\",\"main\\/products\\/product-13.jpg\",\"main\\/products\\/product-16.jpg\",\"main\\/products\\/product-14.jpg\",\"main\\/products\\/product-4.jpg\"]','[[{\"key\":\"file\",\"value\":null},{\"key\":\"url\",\"value\":\"https:\\/\\/www.youtube.com\\/watch?v=6JYIGclVQdw\"},{\"key\":\"thumbnail\",\"value\":\"main\\/video\\/1.jpg\"}]]','GJ-177',0,14,0,1,0,2,0,0,858,563,NULL,NULL,11.00,18.00,19.00,757.00,NULL,6396,'2024-10-31 20:46:38','2024-10-31 20:46:40','in_stock',2,0,'Botble\\ACL\\Models\\User',0,NULL,'physical',NULL,NULL,0,0,0,0,2),(32,'Samsung Odyssey G9 49-Inch Curved Gaming Monitor (Digital)','Additionally, this includes a redesigned microphone boom arm that is 33 percent shorter than the Evolve 75 and offers the industry-leading call performance for which Jabra headsets are known.','<div class=\"row justify-content-center\">\n    <div class=\"col-xl-10\">\n        <div class=\"tp-product-details-desc-item pb-105\">\n            <div class=\"row\">\n                <div class=\"col-lg-6\">\n                    <div class=\"pt-25\">\n                        <span>Galaxy A8 tablet</span>\n                        <h3 class=\"tp-product-details-desc-title\">Your world at a glance</h3>\n                        <p>\n                            With a slim design, a vibrant entertainment system, and <br>\n                            outstanding performance, the new Galaxy Tab A7 is a stylish new <br>\n                            companion for your life.Dive head-first into the things you love, <br>\n                            and easily share your favorite moments. Learn, explore, connect <br>\n                            and be inspired.\n                        </p>\n                    </div>\n                    <div>\n                        <h3 class=\"tp-product-details-desc-title\">Draw inspiration with S Pen</h3>\n                        <p>\n                            S Pen is a bundle of writing instruments in one. Its natural grip, <br>\n                            low latency and impressive pressure sensitivity will make it your go-to for everything from drawing to editing documents. And S Pen won\'t get misplaced thanks.\n                        </p>\n                    </div>\n                </div>\n                <div class=\"col-lg-6\">\n                    <div class=\"tp-product-details-desc-thumb\">\n                        <img src=\"/storage/main/products/product-details-desc-1.jpg\" alt=\"product\">\n                    </div>\n                </div>\n            </div>\n        </div>\n        <div class=\"tp-product-details-desc-item pb-75\">\n            <div class=\"row\">\n                <div class=\"col-lg-7\">\n                    <div class=\"tp-product-details-desc-thumb\">\n                        <img src=\"/storage/main/products/product-details-desc-2.jpg\" alt=\"product\">\n                    </div>\n                </div>\n\n                <div class=\"col-lg-5 order-first order-lg-last\">\n                    <div class=\"des-content-2 pl-40\">\n                        <h3 class=\"tp-product-details-desc-title\">\n                            Carry with <br>\n                            Confidence and style\n                        </h3>\n                        <p>\n                            Wrap your tablet in a sleek case that\'s as stylish as it is convenient. Galaxy Tab S6 Lite Book Cover folds around and clings magnetically, so you can easily gear up as you\'re headed out the door. There\'s even a\n                            compartment for S pen, so you can be sure it doesn\'t get left behind.\n                        </p>\n                    </div>\n                </div>\n            </div>\n        </div>\n        <div class=\"tp-product-details-desc-item\">\n            <div class=\"row\">\n                <div class=\"col-xl-12\">\n                    <div class=\"tp-product-details-desc-banner text-center m-img\">\n                        <h3 class=\"tp-product-details-desc-banner-title tp-product-details-desc-title\">Speed Memory Power = Epic Races</h3>\n                        <img src=\"/storage/main/products/product-details-desc-3.jpg\" alt=\"product\">\n                    </div>\n                </div>\n            </div>\n        </div>\n    </div>\n</div>\n','published','[\"main\\/products\\/product-8.jpg\",\"main\\/products\\/product-7.jpg\",\"main\\/products\\/product-3.jpg\",\"main\\/products\\/product-4.jpg\",\"main\\/products\\/product-6.jpg\",\"main\\/products\\/product-9.jpg\",\"main\\/products\\/product-15.jpg\",\"main\\/products\\/product-details-desc-1.jpg\"]','[[{\"key\":\"file\",\"value\":\"main\\/video\\/video-1.mp4\"},{\"key\":\"url\",\"value\":null},{\"key\":\"thumbnail\",\"value\":\"main\\/video\\/1.jpg\"}]]','O7-177',0,20,0,1,0,2,0,0,1145,483,NULL,NULL,17.00,11.00,17.00,870.00,NULL,197452,'2024-10-31 20:46:38','2024-10-31 20:46:40','in_stock',1,0,'Botble\\ACL\\Models\\User',0,NULL,'digital',NULL,NULL,0,0,0,0,2),(33,'LG UltraGear 27GN950-B 4K Gaming Monitor','Jabra Evolve2 75 USB-A MS Teams Stereo Headset The Jabra Evolve2 75 USB-A MS Teams Stereo Headset has replaced previous hybrid working standards. Industry-leading call quality thanks to top-notch audio engineering.','<div class=\"row justify-content-center\">\n    <div class=\"col-xl-10\">\n        <div class=\"tp-product-details-desc-item pb-105\">\n            <div class=\"row\">\n                <div class=\"col-lg-6\">\n                    <div class=\"pt-25\">\n                        <span>Galaxy A8 tablet</span>\n                        <h3 class=\"tp-product-details-desc-title\">Your world at a glance</h3>\n                        <p>\n                            With a slim design, a vibrant entertainment system, and <br>\n                            outstanding performance, the new Galaxy Tab A7 is a stylish new <br>\n                            companion for your life.Dive head-first into the things you love, <br>\n                            and easily share your favorite moments. Learn, explore, connect <br>\n                            and be inspired.\n                        </p>\n                    </div>\n                    <div>\n                        <h3 class=\"tp-product-details-desc-title\">Draw inspiration with S Pen</h3>\n                        <p>\n                            S Pen is a bundle of writing instruments in one. Its natural grip, <br>\n                            low latency and impressive pressure sensitivity will make it your go-to for everything from drawing to editing documents. And S Pen won\'t get misplaced thanks.\n                        </p>\n                    </div>\n                </div>\n                <div class=\"col-lg-6\">\n                    <div class=\"tp-product-details-desc-thumb\">\n                        <img src=\"/storage/main/products/product-details-desc-1.jpg\" alt=\"product\">\n                    </div>\n                </div>\n            </div>\n        </div>\n        <div class=\"tp-product-details-desc-item pb-75\">\n            <div class=\"row\">\n                <div class=\"col-lg-7\">\n                    <div class=\"tp-product-details-desc-thumb\">\n                        <img src=\"/storage/main/products/product-details-desc-2.jpg\" alt=\"product\">\n                    </div>\n                </div>\n\n                <div class=\"col-lg-5 order-first order-lg-last\">\n                    <div class=\"des-content-2 pl-40\">\n                        <h3 class=\"tp-product-details-desc-title\">\n                            Carry with <br>\n                            Confidence and style\n                        </h3>\n                        <p>\n                            Wrap your tablet in a sleek case that\'s as stylish as it is convenient. Galaxy Tab S6 Lite Book Cover folds around and clings magnetically, so you can easily gear up as you\'re headed out the door. There\'s even a\n                            compartment for S pen, so you can be sure it doesn\'t get left behind.\n                        </p>\n                    </div>\n                </div>\n            </div>\n        </div>\n        <div class=\"tp-product-details-desc-item\">\n            <div class=\"row\">\n                <div class=\"col-xl-12\">\n                    <div class=\"tp-product-details-desc-banner text-center m-img\">\n                        <h3 class=\"tp-product-details-desc-banner-title tp-product-details-desc-title\">Speed Memory Power = Epic Races</h3>\n                        <img src=\"/storage/main/products/product-details-desc-3.jpg\" alt=\"product\">\n                    </div>\n                </div>\n            </div>\n        </div>\n    </div>\n</div>\n','published','[\"main\\/products\\/product-7.jpg\",\"main\\/products\\/product-13.jpg\",\"main\\/products\\/product-20.jpg\",\"main\\/products\\/product-2.jpg\",\"main\\/products\\/product-details-desc-1.jpg\"]','[[{\"key\":\"file\",\"value\":\"main\\/video\\/video-2.mp4\"},{\"key\":\"url\",\"value\":null},{\"key\":\"thumbnail\",\"value\":\"main\\/video\\/2.jpg\"}]]','ZR-195',0,17,0,1,1,4,0,0,1311,207,NULL,NULL,13.00,16.00,12.00,688.00,NULL,71045,'2024-10-31 20:46:38','2024-10-31 20:46:40','in_stock',8,0,'Botble\\ACL\\Models\\User',0,NULL,'physical',NULL,NULL,0,0,0,0,2),(34,'Acer Predator X38 Pbmiphzx 38-Inch Curved Gaming Monitor','With this intelligent headset, you can stay connected and productive from the first call of the day to the last train home. With an ergonomic earcup design, this headset invented a brand-new dual-foam technology. You will be comfortable from the first call to the last thanks to the re-engineered leatherette ear cushion design that allows for better airflow.','<div class=\"row justify-content-center\">\n    <div class=\"col-xl-10\">\n        <div class=\"tp-product-details-desc-item pb-105\">\n            <div class=\"row\">\n                <div class=\"col-lg-6\">\n                    <div class=\"pt-25\">\n                        <span>Galaxy A8 tablet</span>\n                        <h3 class=\"tp-product-details-desc-title\">Your world at a glance</h3>\n                        <p>\n                            With a slim design, a vibrant entertainment system, and <br>\n                            outstanding performance, the new Galaxy Tab A7 is a stylish new <br>\n                            companion for your life.Dive head-first into the things you love, <br>\n                            and easily share your favorite moments. Learn, explore, connect <br>\n                            and be inspired.\n                        </p>\n                    </div>\n                    <div>\n                        <h3 class=\"tp-product-details-desc-title\">Draw inspiration with S Pen</h3>\n                        <p>\n                            S Pen is a bundle of writing instruments in one. Its natural grip, <br>\n                            low latency and impressive pressure sensitivity will make it your go-to for everything from drawing to editing documents. And S Pen won\'t get misplaced thanks.\n                        </p>\n                    </div>\n                </div>\n                <div class=\"col-lg-6\">\n                    <div class=\"tp-product-details-desc-thumb\">\n                        <img src=\"/storage/main/products/product-details-desc-1.jpg\" alt=\"product\">\n                    </div>\n                </div>\n            </div>\n        </div>\n        <div class=\"tp-product-details-desc-item pb-75\">\n            <div class=\"row\">\n                <div class=\"col-lg-7\">\n                    <div class=\"tp-product-details-desc-thumb\">\n                        <img src=\"/storage/main/products/product-details-desc-2.jpg\" alt=\"product\">\n                    </div>\n                </div>\n\n                <div class=\"col-lg-5 order-first order-lg-last\">\n                    <div class=\"des-content-2 pl-40\">\n                        <h3 class=\"tp-product-details-desc-title\">\n                            Carry with <br>\n                            Confidence and style\n                        </h3>\n                        <p>\n                            Wrap your tablet in a sleek case that\'s as stylish as it is convenient. Galaxy Tab S6 Lite Book Cover folds around and clings magnetically, so you can easily gear up as you\'re headed out the door. There\'s even a\n                            compartment for S pen, so you can be sure it doesn\'t get left behind.\n                        </p>\n                    </div>\n                </div>\n            </div>\n        </div>\n        <div class=\"tp-product-details-desc-item\">\n            <div class=\"row\">\n                <div class=\"col-xl-12\">\n                    <div class=\"tp-product-details-desc-banner text-center m-img\">\n                        <h3 class=\"tp-product-details-desc-banner-title tp-product-details-desc-title\">Speed Memory Power = Epic Races</h3>\n                        <img src=\"/storage/main/products/product-details-desc-3.jpg\" alt=\"product\">\n                    </div>\n                </div>\n            </div>\n        </div>\n    </div>\n</div>\n','published','[\"main\\/products\\/product-9.jpg\",\"main\\/products\\/product-14.jpg\",\"main\\/products\\/product-details-desc-3.jpg\",\"main\\/products\\/product-4.jpg\",\"main\\/products\\/product-details-desc-1.jpg\"]','[[{\"key\":\"file\",\"value\":null},{\"key\":\"url\",\"value\":\"https:\\/\\/www.youtube.com\\/watch?v=6JYIGclVQdw\"},{\"key\":\"thumbnail\",\"value\":\"main\\/video\\/2.jpg\"}]]','DI-120-A1',0,18,0,1,1,5,0,0,2198,NULL,NULL,NULL,19.00,11.00,14.00,791.00,NULL,75556,'2024-10-31 20:46:38','2024-10-31 20:46:40','in_stock',1,0,'Botble\\ACL\\Models\\User',0,NULL,'physical',NULL,NULL,0,0,0,0,1),(35,'ASUS ROG Swift PG279QM 27-Inch Gaming Monitor','Jabra Evolve2 75 USB-A MS Teams Stereo Headset The Jabra Evolve2 75 USB-A MS Teams Stereo Headset has replaced previous hybrid working standards. Industry-leading call quality thanks to top-notch audio engineering.','<div class=\"row justify-content-center\">\n    <div class=\"col-xl-10\">\n        <div class=\"tp-product-details-desc-item pb-105\">\n            <div class=\"row\">\n                <div class=\"col-lg-6\">\n                    <div class=\"pt-25\">\n                        <span>Galaxy A8 tablet</span>\n                        <h3 class=\"tp-product-details-desc-title\">Your world at a glance</h3>\n                        <p>\n                            With a slim design, a vibrant entertainment system, and <br>\n                            outstanding performance, the new Galaxy Tab A7 is a stylish new <br>\n                            companion for your life.Dive head-first into the things you love, <br>\n                            and easily share your favorite moments. Learn, explore, connect <br>\n                            and be inspired.\n                        </p>\n                    </div>\n                    <div>\n                        <h3 class=\"tp-product-details-desc-title\">Draw inspiration with S Pen</h3>\n                        <p>\n                            S Pen is a bundle of writing instruments in one. Its natural grip, <br>\n                            low latency and impressive pressure sensitivity will make it your go-to for everything from drawing to editing documents. And S Pen won\'t get misplaced thanks.\n                        </p>\n                    </div>\n                </div>\n                <div class=\"col-lg-6\">\n                    <div class=\"tp-product-details-desc-thumb\">\n                        <img src=\"/storage/main/products/product-details-desc-1.jpg\" alt=\"product\">\n                    </div>\n                </div>\n            </div>\n        </div>\n        <div class=\"tp-product-details-desc-item pb-75\">\n            <div class=\"row\">\n                <div class=\"col-lg-7\">\n                    <div class=\"tp-product-details-desc-thumb\">\n                        <img src=\"/storage/main/products/product-details-desc-2.jpg\" alt=\"product\">\n                    </div>\n                </div>\n\n                <div class=\"col-lg-5 order-first order-lg-last\">\n                    <div class=\"des-content-2 pl-40\">\n                        <h3 class=\"tp-product-details-desc-title\">\n                            Carry with <br>\n                            Confidence and style\n                        </h3>\n                        <p>\n                            Wrap your tablet in a sleek case that\'s as stylish as it is convenient. Galaxy Tab S6 Lite Book Cover folds around and clings magnetically, so you can easily gear up as you\'re headed out the door. There\'s even a\n                            compartment for S pen, so you can be sure it doesn\'t get left behind.\n                        </p>\n                    </div>\n                </div>\n            </div>\n        </div>\n        <div class=\"tp-product-details-desc-item\">\n            <div class=\"row\">\n                <div class=\"col-xl-12\">\n                    <div class=\"tp-product-details-desc-banner text-center m-img\">\n                        <h3 class=\"tp-product-details-desc-banner-title tp-product-details-desc-title\">Speed Memory Power = Epic Races</h3>\n                        <img src=\"/storage/main/products/product-details-desc-3.jpg\" alt=\"product\">\n                    </div>\n                </div>\n            </div>\n        </div>\n    </div>\n</div>\n','published','[\"main\\/products\\/product-details-desc-2.jpg\",\"main\\/products\\/product-11.jpg\",\"main\\/products\\/product-details-desc-3.jpg\",\"main\\/products\\/product-details-desc-1.jpg\",\"main\\/products\\/product-18.jpg\"]','[]','3C-176-A1',0,18,0,1,0,3,0,0,1054,NULL,NULL,NULL,18.00,14.00,19.00,838.00,NULL,77254,'2024-10-31 20:46:38','2024-10-31 20:46:40','in_stock',3,0,'Botble\\ACL\\Models\\User',0,NULL,'physical',NULL,NULL,0,0,0,0,2),(36,'BenQ EW3280U 32-Inch 4K HDR Entertainment Monitor (Digital)','It complies with Microsoft\'s Open Office criteria and is specially tuned for outstanding conversations in open-plan workplaces and other loud environments when the microphone boom arm is lowered in Performance Mode','<div class=\"row justify-content-center\">\n    <div class=\"col-xl-10\">\n        <div class=\"tp-product-details-desc-item pb-105\">\n            <div class=\"row\">\n                <div class=\"col-lg-6\">\n                    <div class=\"pt-25\">\n                        <span>Galaxy A8 tablet</span>\n                        <h3 class=\"tp-product-details-desc-title\">Your world at a glance</h3>\n                        <p>\n                            With a slim design, a vibrant entertainment system, and <br>\n                            outstanding performance, the new Galaxy Tab A7 is a stylish new <br>\n                            companion for your life.Dive head-first into the things you love, <br>\n                            and easily share your favorite moments. Learn, explore, connect <br>\n                            and be inspired.\n                        </p>\n                    </div>\n                    <div>\n                        <h3 class=\"tp-product-details-desc-title\">Draw inspiration with S Pen</h3>\n                        <p>\n                            S Pen is a bundle of writing instruments in one. Its natural grip, <br>\n                            low latency and impressive pressure sensitivity will make it your go-to for everything from drawing to editing documents. And S Pen won\'t get misplaced thanks.\n                        </p>\n                    </div>\n                </div>\n                <div class=\"col-lg-6\">\n                    <div class=\"tp-product-details-desc-thumb\">\n                        <img src=\"/storage/main/products/product-details-desc-1.jpg\" alt=\"product\">\n                    </div>\n                </div>\n            </div>\n        </div>\n        <div class=\"tp-product-details-desc-item pb-75\">\n            <div class=\"row\">\n                <div class=\"col-lg-7\">\n                    <div class=\"tp-product-details-desc-thumb\">\n                        <img src=\"/storage/main/products/product-details-desc-2.jpg\" alt=\"product\">\n                    </div>\n                </div>\n\n                <div class=\"col-lg-5 order-first order-lg-last\">\n                    <div class=\"des-content-2 pl-40\">\n                        <h3 class=\"tp-product-details-desc-title\">\n                            Carry with <br>\n                            Confidence and style\n                        </h3>\n                        <p>\n                            Wrap your tablet in a sleek case that\'s as stylish as it is convenient. Galaxy Tab S6 Lite Book Cover folds around and clings magnetically, so you can easily gear up as you\'re headed out the door. There\'s even a\n                            compartment for S pen, so you can be sure it doesn\'t get left behind.\n                        </p>\n                    </div>\n                </div>\n            </div>\n        </div>\n        <div class=\"tp-product-details-desc-item\">\n            <div class=\"row\">\n                <div class=\"col-xl-12\">\n                    <div class=\"tp-product-details-desc-banner text-center m-img\">\n                        <h3 class=\"tp-product-details-desc-banner-title tp-product-details-desc-title\">Speed Memory Power = Epic Races</h3>\n                        <img src=\"/storage/main/products/product-details-desc-3.jpg\" alt=\"product\">\n                    </div>\n                </div>\n            </div>\n        </div>\n    </div>\n</div>\n','published','[\"main\\/products\\/product-9.jpg\",\"main\\/products\\/product-6.jpg\",\"main\\/products\\/product-2.jpg\",\"main\\/products\\/product-17.jpg\",\"main\\/products\\/product-3.jpg\",\"main\\/products\\/product-15.jpg\",\"main\\/products\\/product-details-desc-1.jpg\"]','[]','SA-144',0,11,0,1,1,3,0,0,528,62,NULL,NULL,17.00,19.00,15.00,859.00,NULL,50866,'2024-10-31 20:46:38','2024-10-31 20:46:40','in_stock',8,0,'Botble\\ACL\\Models\\User',0,NULL,'digital',NULL,NULL,0,0,0,0,1),(37,'Dell UltraSharp U2720Q 27-Inch 4K USB-C Monitor','Jabra Evolve2 75 USB-A MS Teams Stereo Headset The Jabra Evolve2 75 USB-A MS Teams Stereo Headset has replaced previous hybrid working standards. Industry-leading call quality thanks to top-notch audio engineering.','<div class=\"row justify-content-center\">\n    <div class=\"col-xl-10\">\n        <div class=\"tp-product-details-desc-item pb-105\">\n            <div class=\"row\">\n                <div class=\"col-lg-6\">\n                    <div class=\"pt-25\">\n                        <span>Galaxy A8 tablet</span>\n                        <h3 class=\"tp-product-details-desc-title\">Your world at a glance</h3>\n                        <p>\n                            With a slim design, a vibrant entertainment system, and <br>\n                            outstanding performance, the new Galaxy Tab A7 is a stylish new <br>\n                            companion for your life.Dive head-first into the things you love, <br>\n                            and easily share your favorite moments. Learn, explore, connect <br>\n                            and be inspired.\n                        </p>\n                    </div>\n                    <div>\n                        <h3 class=\"tp-product-details-desc-title\">Draw inspiration with S Pen</h3>\n                        <p>\n                            S Pen is a bundle of writing instruments in one. Its natural grip, <br>\n                            low latency and impressive pressure sensitivity will make it your go-to for everything from drawing to editing documents. And S Pen won\'t get misplaced thanks.\n                        </p>\n                    </div>\n                </div>\n                <div class=\"col-lg-6\">\n                    <div class=\"tp-product-details-desc-thumb\">\n                        <img src=\"/storage/main/products/product-details-desc-1.jpg\" alt=\"product\">\n                    </div>\n                </div>\n            </div>\n        </div>\n        <div class=\"tp-product-details-desc-item pb-75\">\n            <div class=\"row\">\n                <div class=\"col-lg-7\">\n                    <div class=\"tp-product-details-desc-thumb\">\n                        <img src=\"/storage/main/products/product-details-desc-2.jpg\" alt=\"product\">\n                    </div>\n                </div>\n\n                <div class=\"col-lg-5 order-first order-lg-last\">\n                    <div class=\"des-content-2 pl-40\">\n                        <h3 class=\"tp-product-details-desc-title\">\n                            Carry with <br>\n                            Confidence and style\n                        </h3>\n                        <p>\n                            Wrap your tablet in a sleek case that\'s as stylish as it is convenient. Galaxy Tab S6 Lite Book Cover folds around and clings magnetically, so you can easily gear up as you\'re headed out the door. There\'s even a\n                            compartment for S pen, so you can be sure it doesn\'t get left behind.\n                        </p>\n                    </div>\n                </div>\n            </div>\n        </div>\n        <div class=\"tp-product-details-desc-item\">\n            <div class=\"row\">\n                <div class=\"col-xl-12\">\n                    <div class=\"tp-product-details-desc-banner text-center m-img\">\n                        <h3 class=\"tp-product-details-desc-banner-title tp-product-details-desc-title\">Speed Memory Power = Epic Races</h3>\n                        <img src=\"/storage/main/products/product-details-desc-3.jpg\" alt=\"product\">\n                    </div>\n                </div>\n            </div>\n        </div>\n    </div>\n</div>\n','published','[\"main\\/products\\/product-details-desc-1.jpg\",\"main\\/products\\/product-19.jpg\",\"main\\/products\\/product-16.jpg\",\"main\\/products\\/product-5.jpg\",\"main\\/products\\/product-details-desc-2.jpg\",\"main\\/products\\/product-2.jpg\",\"main\\/products\\/product-3.jpg\",\"main\\/products\\/product-8.jpg\"]','[[{\"key\":\"file\",\"value\":null},{\"key\":\"url\",\"value\":\"https:\\/\\/www.youtube.com\\/watch?v=6JYIGclVQdw\"},{\"key\":\"thumbnail\",\"value\":\"main\\/video\\/1.jpg\"}]]','XI-173-A1',0,19,0,1,0,2,0,0,2251,NULL,NULL,NULL,12.00,13.00,17.00,897.00,NULL,187586,'2024-10-31 20:46:38','2024-10-31 20:46:40','in_stock',2,0,'Botble\\ACL\\Models\\User',0,NULL,'physical',NULL,NULL,0,0,0,0,1),(38,'HP Z27k G3 4K USB-C Monitor','Jabra Evolve2 75 USB-A MS Teams Stereo Headset The Jabra Evolve2 75 USB-A MS Teams Stereo Headset has replaced previous hybrid working standards. Industry-leading call quality thanks to top-notch audio engineering.','<div class=\"row justify-content-center\">\n    <div class=\"col-xl-10\">\n        <div class=\"tp-product-details-desc-item pb-105\">\n            <div class=\"row\">\n                <div class=\"col-lg-6\">\n                    <div class=\"pt-25\">\n                        <span>Galaxy A8 tablet</span>\n                        <h3 class=\"tp-product-details-desc-title\">Your world at a glance</h3>\n                        <p>\n                            With a slim design, a vibrant entertainment system, and <br>\n                            outstanding performance, the new Galaxy Tab A7 is a stylish new <br>\n                            companion for your life.Dive head-first into the things you love, <br>\n                            and easily share your favorite moments. Learn, explore, connect <br>\n                            and be inspired.\n                        </p>\n                    </div>\n                    <div>\n                        <h3 class=\"tp-product-details-desc-title\">Draw inspiration with S Pen</h3>\n                        <p>\n                            S Pen is a bundle of writing instruments in one. Its natural grip, <br>\n                            low latency and impressive pressure sensitivity will make it your go-to for everything from drawing to editing documents. And S Pen won\'t get misplaced thanks.\n                        </p>\n                    </div>\n                </div>\n                <div class=\"col-lg-6\">\n                    <div class=\"tp-product-details-desc-thumb\">\n                        <img src=\"/storage/main/products/product-details-desc-1.jpg\" alt=\"product\">\n                    </div>\n                </div>\n            </div>\n        </div>\n        <div class=\"tp-product-details-desc-item pb-75\">\n            <div class=\"row\">\n                <div class=\"col-lg-7\">\n                    <div class=\"tp-product-details-desc-thumb\">\n                        <img src=\"/storage/main/products/product-details-desc-2.jpg\" alt=\"product\">\n                    </div>\n                </div>\n\n                <div class=\"col-lg-5 order-first order-lg-last\">\n                    <div class=\"des-content-2 pl-40\">\n                        <h3 class=\"tp-product-details-desc-title\">\n                            Carry with <br>\n                            Confidence and style\n                        </h3>\n                        <p>\n                            Wrap your tablet in a sleek case that\'s as stylish as it is convenient. Galaxy Tab S6 Lite Book Cover folds around and clings magnetically, so you can easily gear up as you\'re headed out the door. There\'s even a\n                            compartment for S pen, so you can be sure it doesn\'t get left behind.\n                        </p>\n                    </div>\n                </div>\n            </div>\n        </div>\n        <div class=\"tp-product-details-desc-item\">\n            <div class=\"row\">\n                <div class=\"col-xl-12\">\n                    <div class=\"tp-product-details-desc-banner text-center m-img\">\n                        <h3 class=\"tp-product-details-desc-banner-title tp-product-details-desc-title\">Speed Memory Power = Epic Races</h3>\n                        <img src=\"/storage/main/products/product-details-desc-3.jpg\" alt=\"product\">\n                    </div>\n                </div>\n            </div>\n        </div>\n    </div>\n</div>\n','published','[\"main\\/products\\/product-9.jpg\",\"main\\/products\\/product-details-desc-1.jpg\",\"main\\/products\\/product-20.jpg\",\"main\\/products\\/product-4.jpg\",\"main\\/products\\/product-8.jpg\",\"main\\/products\\/product-7.jpg\",\"main\\/products\\/product-17.jpg\"]','[[{\"key\":\"file\",\"value\":\"main\\/video\\/video-2.mp4\"},{\"key\":\"url\",\"value\":null},{\"key\":\"thumbnail\",\"value\":\"main\\/video\\/2.jpg\"}]]','IG-128-A1',0,19,0,1,1,2,0,0,1383,NULL,NULL,NULL,15.00,17.00,14.00,636.00,NULL,130161,'2024-10-31 20:46:38','2024-10-31 20:46:40','in_stock',6,0,'Botble\\ACL\\Models\\User',0,NULL,'physical',NULL,NULL,0,0,0,0,1),(39,'LG 27UK850-W 27-Inch 4K UHD IPS Monitor','We can provide exceptional noise isolation and the best all-day comfort by mixing firm foam for the outer with soft foam for the interior of the ear cushions. So that you may receive Active Noise-Cancellation (ANC) performance that is even greater in a headset that you can wear for whatever length you wish.','<div class=\"row justify-content-center\">\n    <div class=\"col-xl-10\">\n        <div class=\"tp-product-details-desc-item pb-105\">\n            <div class=\"row\">\n                <div class=\"col-lg-6\">\n                    <div class=\"pt-25\">\n                        <span>Galaxy A8 tablet</span>\n                        <h3 class=\"tp-product-details-desc-title\">Your world at a glance</h3>\n                        <p>\n                            With a slim design, a vibrant entertainment system, and <br>\n                            outstanding performance, the new Galaxy Tab A7 is a stylish new <br>\n                            companion for your life.Dive head-first into the things you love, <br>\n                            and easily share your favorite moments. Learn, explore, connect <br>\n                            and be inspired.\n                        </p>\n                    </div>\n                    <div>\n                        <h3 class=\"tp-product-details-desc-title\">Draw inspiration with S Pen</h3>\n                        <p>\n                            S Pen is a bundle of writing instruments in one. Its natural grip, <br>\n                            low latency and impressive pressure sensitivity will make it your go-to for everything from drawing to editing documents. And S Pen won\'t get misplaced thanks.\n                        </p>\n                    </div>\n                </div>\n                <div class=\"col-lg-6\">\n                    <div class=\"tp-product-details-desc-thumb\">\n                        <img src=\"/storage/main/products/product-details-desc-1.jpg\" alt=\"product\">\n                    </div>\n                </div>\n            </div>\n        </div>\n        <div class=\"tp-product-details-desc-item pb-75\">\n            <div class=\"row\">\n                <div class=\"col-lg-7\">\n                    <div class=\"tp-product-details-desc-thumb\">\n                        <img src=\"/storage/main/products/product-details-desc-2.jpg\" alt=\"product\">\n                    </div>\n                </div>\n\n                <div class=\"col-lg-5 order-first order-lg-last\">\n                    <div class=\"des-content-2 pl-40\">\n                        <h3 class=\"tp-product-details-desc-title\">\n                            Carry with <br>\n                            Confidence and style\n                        </h3>\n                        <p>\n                            Wrap your tablet in a sleek case that\'s as stylish as it is convenient. Galaxy Tab S6 Lite Book Cover folds around and clings magnetically, so you can easily gear up as you\'re headed out the door. There\'s even a\n                            compartment for S pen, so you can be sure it doesn\'t get left behind.\n                        </p>\n                    </div>\n                </div>\n            </div>\n        </div>\n        <div class=\"tp-product-details-desc-item\">\n            <div class=\"row\">\n                <div class=\"col-xl-12\">\n                    <div class=\"tp-product-details-desc-banner text-center m-img\">\n                        <h3 class=\"tp-product-details-desc-banner-title tp-product-details-desc-title\">Speed Memory Power = Epic Races</h3>\n                        <img src=\"/storage/main/products/product-details-desc-3.jpg\" alt=\"product\">\n                    </div>\n                </div>\n            </div>\n        </div>\n    </div>\n</div>\n','published','[\"main\\/products\\/product-details-desc-1.jpg\",\"main\\/products\\/product-7.jpg\",\"main\\/products\\/product-10.jpg\",\"main\\/products\\/product-details-desc-3.jpg\",\"main\\/products\\/product-17.jpg\",\"main\\/products\\/product-5.jpg\",\"main\\/products\\/product-19.jpg\",\"main\\/products\\/product-1.jpg\"]','[[{\"key\":\"file\",\"value\":\"main\\/video\\/video-1.mp4\"},{\"key\":\"url\",\"value\":null},{\"key\":\"thumbnail\",\"value\":\"main\\/video\\/1.jpg\"}]]','CP-185-A1',0,18,0,1,1,1,0,0,1885,NULL,NULL,NULL,11.00,11.00,14.00,796.00,NULL,170899,'2024-10-31 20:46:38','2024-10-31 20:46:40','in_stock',2,0,'Botble\\ACL\\Models\\User',0,NULL,'physical',NULL,NULL,0,0,0,0,2),(40,'Samsung Odyssey G7 32-Inch Curved Gaming Monitor (Digital)','We can provide exceptional noise isolation and the best all-day comfort by mixing firm foam for the outer with soft foam for the interior of the ear cushions. So that you may receive Active Noise-Cancellation (ANC) performance that is even greater in a headset that you can wear for whatever length you wish.','<div class=\"row justify-content-center\">\n    <div class=\"col-xl-10\">\n        <div class=\"tp-product-details-desc-item pb-105\">\n            <div class=\"row\">\n                <div class=\"col-lg-6\">\n                    <div class=\"pt-25\">\n                        <span>Galaxy A8 tablet</span>\n                        <h3 class=\"tp-product-details-desc-title\">Your world at a glance</h3>\n                        <p>\n                            With a slim design, a vibrant entertainment system, and <br>\n                            outstanding performance, the new Galaxy Tab A7 is a stylish new <br>\n                            companion for your life.Dive head-first into the things you love, <br>\n                            and easily share your favorite moments. Learn, explore, connect <br>\n                            and be inspired.\n                        </p>\n                    </div>\n                    <div>\n                        <h3 class=\"tp-product-details-desc-title\">Draw inspiration with S Pen</h3>\n                        <p>\n                            S Pen is a bundle of writing instruments in one. Its natural grip, <br>\n                            low latency and impressive pressure sensitivity will make it your go-to for everything from drawing to editing documents. And S Pen won\'t get misplaced thanks.\n                        </p>\n                    </div>\n                </div>\n                <div class=\"col-lg-6\">\n                    <div class=\"tp-product-details-desc-thumb\">\n                        <img src=\"/storage/main/products/product-details-desc-1.jpg\" alt=\"product\">\n                    </div>\n                </div>\n            </div>\n        </div>\n        <div class=\"tp-product-details-desc-item pb-75\">\n            <div class=\"row\">\n                <div class=\"col-lg-7\">\n                    <div class=\"tp-product-details-desc-thumb\">\n                        <img src=\"/storage/main/products/product-details-desc-2.jpg\" alt=\"product\">\n                    </div>\n                </div>\n\n                <div class=\"col-lg-5 order-first order-lg-last\">\n                    <div class=\"des-content-2 pl-40\">\n                        <h3 class=\"tp-product-details-desc-title\">\n                            Carry with <br>\n                            Confidence and style\n                        </h3>\n                        <p>\n                            Wrap your tablet in a sleek case that\'s as stylish as it is convenient. Galaxy Tab S6 Lite Book Cover folds around and clings magnetically, so you can easily gear up as you\'re headed out the door. There\'s even a\n                            compartment for S pen, so you can be sure it doesn\'t get left behind.\n                        </p>\n                    </div>\n                </div>\n            </div>\n        </div>\n        <div class=\"tp-product-details-desc-item\">\n            <div class=\"row\">\n                <div class=\"col-xl-12\">\n                    <div class=\"tp-product-details-desc-banner text-center m-img\">\n                        <h3 class=\"tp-product-details-desc-banner-title tp-product-details-desc-title\">Speed Memory Power = Epic Races</h3>\n                        <img src=\"/storage/main/products/product-details-desc-3.jpg\" alt=\"product\">\n                    </div>\n                </div>\n            </div>\n        </div>\n    </div>\n</div>\n','published','[\"main\\/products\\/product-9.jpg\",\"main\\/products\\/product-details-desc-3.jpg\",\"main\\/products\\/product-details-desc-2.jpg\",\"main\\/products\\/product-20.jpg\",\"main\\/products\\/product-19.jpg\",\"main\\/products\\/product-8.jpg\"]','[[{\"key\":\"file\",\"value\":null},{\"key\":\"url\",\"value\":\"https:\\/\\/www.youtube.com\\/watch?v=6JYIGclVQdw\"},{\"key\":\"thumbnail\",\"value\":\"main\\/video\\/1.jpg\"}]]','CX-126-A1',0,18,0,1,1,1,0,0,845,709.8,NULL,NULL,14.00,16.00,10.00,768.00,NULL,175280,'2024-10-31 20:46:38','2024-10-31 20:46:40','in_stock',6,0,'Botble\\ACL\\Models\\User',0,NULL,'digital',NULL,NULL,0,0,0,0,2),(41,'Sony X900H 4K Ultra HD Smart LED TV','The headset also offers MS Teams Certifications and other features like Busylight, Calls controls, Voice guiding, and Wireless range (ft): Up to 100 feet. Best-in-class. Boom The most recent Jabra Evolve2 75 USB-A MS Teams Stereo Headset offers professional-grade call performance that leads the industry, yet Evolve2 75 wins best-in-class.','<div class=\"row justify-content-center\">\n    <div class=\"col-xl-10\">\n        <div class=\"tp-product-details-desc-item pb-105\">\n            <div class=\"row\">\n                <div class=\"col-lg-6\">\n                    <div class=\"pt-25\">\n                        <span>Galaxy A8 tablet</span>\n                        <h3 class=\"tp-product-details-desc-title\">Your world at a glance</h3>\n                        <p>\n                            With a slim design, a vibrant entertainment system, and <br>\n                            outstanding performance, the new Galaxy Tab A7 is a stylish new <br>\n                            companion for your life.Dive head-first into the things you love, <br>\n                            and easily share your favorite moments. Learn, explore, connect <br>\n                            and be inspired.\n                        </p>\n                    </div>\n                    <div>\n                        <h3 class=\"tp-product-details-desc-title\">Draw inspiration with S Pen</h3>\n                        <p>\n                            S Pen is a bundle of writing instruments in one. Its natural grip, <br>\n                            low latency and impressive pressure sensitivity will make it your go-to for everything from drawing to editing documents. And S Pen won\'t get misplaced thanks.\n                        </p>\n                    </div>\n                </div>\n                <div class=\"col-lg-6\">\n                    <div class=\"tp-product-details-desc-thumb\">\n                        <img src=\"/storage/main/products/product-details-desc-1.jpg\" alt=\"product\">\n                    </div>\n                </div>\n            </div>\n        </div>\n        <div class=\"tp-product-details-desc-item pb-75\">\n            <div class=\"row\">\n                <div class=\"col-lg-7\">\n                    <div class=\"tp-product-details-desc-thumb\">\n                        <img src=\"/storage/main/products/product-details-desc-2.jpg\" alt=\"product\">\n                    </div>\n                </div>\n\n                <div class=\"col-lg-5 order-first order-lg-last\">\n                    <div class=\"des-content-2 pl-40\">\n                        <h3 class=\"tp-product-details-desc-title\">\n                            Carry with <br>\n                            Confidence and style\n                        </h3>\n                        <p>\n                            Wrap your tablet in a sleek case that\'s as stylish as it is convenient. Galaxy Tab S6 Lite Book Cover folds around and clings magnetically, so you can easily gear up as you\'re headed out the door. There\'s even a\n                            compartment for S pen, so you can be sure it doesn\'t get left behind.\n                        </p>\n                    </div>\n                </div>\n            </div>\n        </div>\n        <div class=\"tp-product-details-desc-item\">\n            <div class=\"row\">\n                <div class=\"col-xl-12\">\n                    <div class=\"tp-product-details-desc-banner text-center m-img\">\n                        <h3 class=\"tp-product-details-desc-banner-title tp-product-details-desc-title\">Speed Memory Power = Epic Races</h3>\n                        <img src=\"/storage/main/products/product-details-desc-3.jpg\" alt=\"product\">\n                    </div>\n                </div>\n            </div>\n        </div>\n    </div>\n</div>\n','published','[\"main\\/products\\/product-19.jpg\",\"main\\/products\\/product-17.jpg\",\"main\\/products\\/product-2.jpg\",\"main\\/products\\/product-12.jpg\",\"main\\/products\\/product-7.jpg\",\"main\\/products\\/product-6.jpg\"]','[[{\"key\":\"file\",\"value\":\"main\\/video\\/video-1.mp4\"},{\"key\":\"url\",\"value\":null},{\"key\":\"thumbnail\",\"value\":\"main\\/video\\/1.jpg\"}]]','PF-137-A1',0,12,0,1,1,2,0,0,1695,NULL,NULL,NULL,18.00,16.00,18.00,586.00,NULL,44756,'2024-10-31 20:46:38','2024-10-31 20:46:40','in_stock',5,0,'Botble\\ACL\\Models\\User',0,NULL,'physical',NULL,NULL,0,0,0,0,1),(42,'TCL 6-Series 4K UHD Dolby Vision HDR QLED Roku Smart TV','Jabra Evolve2 75 USB-A MS Teams Stereo Headset The Jabra Evolve2 75 USB-A MS Teams Stereo Headset has replaced previous hybrid working standards. Industry-leading call quality thanks to top-notch audio engineering.','<div class=\"row justify-content-center\">\n    <div class=\"col-xl-10\">\n        <div class=\"tp-product-details-desc-item pb-105\">\n            <div class=\"row\">\n                <div class=\"col-lg-6\">\n                    <div class=\"pt-25\">\n                        <span>Galaxy A8 tablet</span>\n                        <h3 class=\"tp-product-details-desc-title\">Your world at a glance</h3>\n                        <p>\n                            With a slim design, a vibrant entertainment system, and <br>\n                            outstanding performance, the new Galaxy Tab A7 is a stylish new <br>\n                            companion for your life.Dive head-first into the things you love, <br>\n                            and easily share your favorite moments. Learn, explore, connect <br>\n                            and be inspired.\n                        </p>\n                    </div>\n                    <div>\n                        <h3 class=\"tp-product-details-desc-title\">Draw inspiration with S Pen</h3>\n                        <p>\n                            S Pen is a bundle of writing instruments in one. Its natural grip, <br>\n                            low latency and impressive pressure sensitivity will make it your go-to for everything from drawing to editing documents. And S Pen won\'t get misplaced thanks.\n                        </p>\n                    </div>\n                </div>\n                <div class=\"col-lg-6\">\n                    <div class=\"tp-product-details-desc-thumb\">\n                        <img src=\"/storage/main/products/product-details-desc-1.jpg\" alt=\"product\">\n                    </div>\n                </div>\n            </div>\n        </div>\n        <div class=\"tp-product-details-desc-item pb-75\">\n            <div class=\"row\">\n                <div class=\"col-lg-7\">\n                    <div class=\"tp-product-details-desc-thumb\">\n                        <img src=\"/storage/main/products/product-details-desc-2.jpg\" alt=\"product\">\n                    </div>\n                </div>\n\n                <div class=\"col-lg-5 order-first order-lg-last\">\n                    <div class=\"des-content-2 pl-40\">\n                        <h3 class=\"tp-product-details-desc-title\">\n                            Carry with <br>\n                            Confidence and style\n                        </h3>\n                        <p>\n                            Wrap your tablet in a sleek case that\'s as stylish as it is convenient. Galaxy Tab S6 Lite Book Cover folds around and clings magnetically, so you can easily gear up as you\'re headed out the door. There\'s even a\n                            compartment for S pen, so you can be sure it doesn\'t get left behind.\n                        </p>\n                    </div>\n                </div>\n            </div>\n        </div>\n        <div class=\"tp-product-details-desc-item\">\n            <div class=\"row\">\n                <div class=\"col-xl-12\">\n                    <div class=\"tp-product-details-desc-banner text-center m-img\">\n                        <h3 class=\"tp-product-details-desc-banner-title tp-product-details-desc-title\">Speed Memory Power = Epic Races</h3>\n                        <img src=\"/storage/main/products/product-details-desc-3.jpg\" alt=\"product\">\n                    </div>\n                </div>\n            </div>\n        </div>\n    </div>\n</div>\n','published','[\"main\\/products\\/product-11.jpg\",\"main\\/products\\/product-7.jpg\",\"main\\/products\\/product-2.jpg\"]','[]','6S-148',0,18,0,1,0,2,0,0,1158,846,NULL,NULL,18.00,14.00,11.00,814.00,NULL,58767,'2024-10-31 20:46:38','2024-10-31 20:46:40','in_stock',1,0,'Botble\\ACL\\Models\\User',0,NULL,'physical',NULL,NULL,0,0,0,0,2),(43,'Vizio OLED65-H1 65-Inch 4K OLED Smart TV','The headset also offers MS Teams Certifications and other features like Busylight, Calls controls, Voice guiding, and Wireless range (ft): Up to 100 feet. Best-in-class. Boom The most recent Jabra Evolve2 75 USB-A MS Teams Stereo Headset offers professional-grade call performance that leads the industry, yet Evolve2 75 wins best-in-class.','<div class=\"row justify-content-center\">\n    <div class=\"col-xl-10\">\n        <div class=\"tp-product-details-desc-item pb-105\">\n            <div class=\"row\">\n                <div class=\"col-lg-6\">\n                    <div class=\"pt-25\">\n                        <span>Galaxy A8 tablet</span>\n                        <h3 class=\"tp-product-details-desc-title\">Your world at a glance</h3>\n                        <p>\n                            With a slim design, a vibrant entertainment system, and <br>\n                            outstanding performance, the new Galaxy Tab A7 is a stylish new <br>\n                            companion for your life.Dive head-first into the things you love, <br>\n                            and easily share your favorite moments. Learn, explore, connect <br>\n                            and be inspired.\n                        </p>\n                    </div>\n                    <div>\n                        <h3 class=\"tp-product-details-desc-title\">Draw inspiration with S Pen</h3>\n                        <p>\n                            S Pen is a bundle of writing instruments in one. Its natural grip, <br>\n                            low latency and impressive pressure sensitivity will make it your go-to for everything from drawing to editing documents. And S Pen won\'t get misplaced thanks.\n                        </p>\n                    </div>\n                </div>\n                <div class=\"col-lg-6\">\n                    <div class=\"tp-product-details-desc-thumb\">\n                        <img src=\"/storage/main/products/product-details-desc-1.jpg\" alt=\"product\">\n                    </div>\n                </div>\n            </div>\n        </div>\n        <div class=\"tp-product-details-desc-item pb-75\">\n            <div class=\"row\">\n                <div class=\"col-lg-7\">\n                    <div class=\"tp-product-details-desc-thumb\">\n                        <img src=\"/storage/main/products/product-details-desc-2.jpg\" alt=\"product\">\n                    </div>\n                </div>\n\n                <div class=\"col-lg-5 order-first order-lg-last\">\n                    <div class=\"des-content-2 pl-40\">\n                        <h3 class=\"tp-product-details-desc-title\">\n                            Carry with <br>\n                            Confidence and style\n                        </h3>\n                        <p>\n                            Wrap your tablet in a sleek case that\'s as stylish as it is convenient. Galaxy Tab S6 Lite Book Cover folds around and clings magnetically, so you can easily gear up as you\'re headed out the door. There\'s even a\n                            compartment for S pen, so you can be sure it doesn\'t get left behind.\n                        </p>\n                    </div>\n                </div>\n            </div>\n        </div>\n        <div class=\"tp-product-details-desc-item\">\n            <div class=\"row\">\n                <div class=\"col-xl-12\">\n                    <div class=\"tp-product-details-desc-banner text-center m-img\">\n                        <h3 class=\"tp-product-details-desc-banner-title tp-product-details-desc-title\">Speed Memory Power = Epic Races</h3>\n                        <img src=\"/storage/main/products/product-details-desc-3.jpg\" alt=\"product\">\n                    </div>\n                </div>\n            </div>\n        </div>\n    </div>\n</div>\n','published','[\"main\\/products\\/product-1.jpg\",\"main\\/products\\/product-details-desc-3.jpg\",\"main\\/products\\/product-details-desc-2.jpg\",\"main\\/products\\/product-14.jpg\",\"main\\/products\\/product-12.jpg\",\"main\\/products\\/product-details-desc-1.jpg\"]','[[{\"key\":\"file\",\"value\":\"main\\/video\\/video-2.mp4\"},{\"key\":\"url\",\"value\":null},{\"key\":\"thumbnail\",\"value\":\"main\\/video\\/2.jpg\"}]]','B5-155-A1',0,17,0,1,1,2,0,0,1197,NULL,NULL,NULL,18.00,17.00,18.00,788.00,NULL,54419,'2024-10-31 20:46:38','2024-10-31 20:46:40','in_stock',1,0,'Botble\\ACL\\Models\\User',0,NULL,'physical',NULL,NULL,0,0,0,0,2),(44,'Hisense U8G Quantum Series 4K ULED Android TV (Digital)','We can provide exceptional noise isolation and the best all-day comfort by mixing firm foam for the outer with soft foam for the interior of the ear cushions. So that you may receive Active Noise-Cancellation (ANC) performance that is even greater in a headset that you can wear for whatever length you wish.','<div class=\"row justify-content-center\">\n    <div class=\"col-xl-10\">\n        <div class=\"tp-product-details-desc-item pb-105\">\n            <div class=\"row\">\n                <div class=\"col-lg-6\">\n                    <div class=\"pt-25\">\n                        <span>Galaxy A8 tablet</span>\n                        <h3 class=\"tp-product-details-desc-title\">Your world at a glance</h3>\n                        <p>\n                            With a slim design, a vibrant entertainment system, and <br>\n                            outstanding performance, the new Galaxy Tab A7 is a stylish new <br>\n                            companion for your life.Dive head-first into the things you love, <br>\n                            and easily share your favorite moments. Learn, explore, connect <br>\n                            and be inspired.\n                        </p>\n                    </div>\n                    <div>\n                        <h3 class=\"tp-product-details-desc-title\">Draw inspiration with S Pen</h3>\n                        <p>\n                            S Pen is a bundle of writing instruments in one. Its natural grip, <br>\n                            low latency and impressive pressure sensitivity will make it your go-to for everything from drawing to editing documents. And S Pen won\'t get misplaced thanks.\n                        </p>\n                    </div>\n                </div>\n                <div class=\"col-lg-6\">\n                    <div class=\"tp-product-details-desc-thumb\">\n                        <img src=\"/storage/main/products/product-details-desc-1.jpg\" alt=\"product\">\n                    </div>\n                </div>\n            </div>\n        </div>\n        <div class=\"tp-product-details-desc-item pb-75\">\n            <div class=\"row\">\n                <div class=\"col-lg-7\">\n                    <div class=\"tp-product-details-desc-thumb\">\n                        <img src=\"/storage/main/products/product-details-desc-2.jpg\" alt=\"product\">\n                    </div>\n                </div>\n\n                <div class=\"col-lg-5 order-first order-lg-last\">\n                    <div class=\"des-content-2 pl-40\">\n                        <h3 class=\"tp-product-details-desc-title\">\n                            Carry with <br>\n                            Confidence and style\n                        </h3>\n                        <p>\n                            Wrap your tablet in a sleek case that\'s as stylish as it is convenient. Galaxy Tab S6 Lite Book Cover folds around and clings magnetically, so you can easily gear up as you\'re headed out the door. There\'s even a\n                            compartment for S pen, so you can be sure it doesn\'t get left behind.\n                        </p>\n                    </div>\n                </div>\n            </div>\n        </div>\n        <div class=\"tp-product-details-desc-item\">\n            <div class=\"row\">\n                <div class=\"col-xl-12\">\n                    <div class=\"tp-product-details-desc-banner text-center m-img\">\n                        <h3 class=\"tp-product-details-desc-banner-title tp-product-details-desc-title\">Speed Memory Power = Epic Races</h3>\n                        <img src=\"/storage/main/products/product-details-desc-3.jpg\" alt=\"product\">\n                    </div>\n                </div>\n            </div>\n        </div>\n    </div>\n</div>\n','published','[\"main\\/products\\/product-4.jpg\",\"main\\/products\\/product-15.jpg\",\"main\\/products\\/product-16.jpg\",\"main\\/products\\/product-12.jpg\",\"main\\/products\\/product-details-desc-3.jpg\"]','[[{\"key\":\"file\",\"value\":\"main\\/video\\/video-1.mp4\"},{\"key\":\"url\",\"value\":null},{\"key\":\"thumbnail\",\"value\":\"main\\/video\\/1.jpg\"}]]','K4-109-A1',0,15,0,1,1,4,0,0,1857,1485.6,NULL,NULL,17.00,19.00,16.00,842.00,NULL,159730,'2024-10-31 20:46:38','2024-10-31 20:46:40','in_stock',6,0,'Botble\\ACL\\Models\\User',0,NULL,'digital',NULL,NULL,0,0,0,0,1),(45,'LG C1 Series 4K OLED Smart TV','Additionally, this includes a redesigned microphone boom arm that is 33 percent shorter than the Evolve 75 and offers the industry-leading call performance for which Jabra headsets are known.','<div class=\"row justify-content-center\">\n    <div class=\"col-xl-10\">\n        <div class=\"tp-product-details-desc-item pb-105\">\n            <div class=\"row\">\n                <div class=\"col-lg-6\">\n                    <div class=\"pt-25\">\n                        <span>Galaxy A8 tablet</span>\n                        <h3 class=\"tp-product-details-desc-title\">Your world at a glance</h3>\n                        <p>\n                            With a slim design, a vibrant entertainment system, and <br>\n                            outstanding performance, the new Galaxy Tab A7 is a stylish new <br>\n                            companion for your life.Dive head-first into the things you love, <br>\n                            and easily share your favorite moments. Learn, explore, connect <br>\n                            and be inspired.\n                        </p>\n                    </div>\n                    <div>\n                        <h3 class=\"tp-product-details-desc-title\">Draw inspiration with S Pen</h3>\n                        <p>\n                            S Pen is a bundle of writing instruments in one. Its natural grip, <br>\n                            low latency and impressive pressure sensitivity will make it your go-to for everything from drawing to editing documents. And S Pen won\'t get misplaced thanks.\n                        </p>\n                    </div>\n                </div>\n                <div class=\"col-lg-6\">\n                    <div class=\"tp-product-details-desc-thumb\">\n                        <img src=\"/storage/main/products/product-details-desc-1.jpg\" alt=\"product\">\n                    </div>\n                </div>\n            </div>\n        </div>\n        <div class=\"tp-product-details-desc-item pb-75\">\n            <div class=\"row\">\n                <div class=\"col-lg-7\">\n                    <div class=\"tp-product-details-desc-thumb\">\n                        <img src=\"/storage/main/products/product-details-desc-2.jpg\" alt=\"product\">\n                    </div>\n                </div>\n\n                <div class=\"col-lg-5 order-first order-lg-last\">\n                    <div class=\"des-content-2 pl-40\">\n                        <h3 class=\"tp-product-details-desc-title\">\n                            Carry with <br>\n                            Confidence and style\n                        </h3>\n                        <p>\n                            Wrap your tablet in a sleek case that\'s as stylish as it is convenient. Galaxy Tab S6 Lite Book Cover folds around and clings magnetically, so you can easily gear up as you\'re headed out the door. There\'s even a\n                            compartment for S pen, so you can be sure it doesn\'t get left behind.\n                        </p>\n                    </div>\n                </div>\n            </div>\n        </div>\n        <div class=\"tp-product-details-desc-item\">\n            <div class=\"row\">\n                <div class=\"col-xl-12\">\n                    <div class=\"tp-product-details-desc-banner text-center m-img\">\n                        <h3 class=\"tp-product-details-desc-banner-title tp-product-details-desc-title\">Speed Memory Power = Epic Races</h3>\n                        <img src=\"/storage/main/products/product-details-desc-3.jpg\" alt=\"product\">\n                    </div>\n                </div>\n            </div>\n        </div>\n    </div>\n</div>\n','published','[\"main\\/products\\/product-15.jpg\",\"main\\/products\\/product-5.jpg\",\"main\\/products\\/product-2.jpg\",\"main\\/products\\/product-7.jpg\",\"main\\/products\\/product-17.jpg\",\"main\\/products\\/product-details-desc-2.jpg\"]','[]','BD-170',0,15,0,1,1,2,0,0,443,397,NULL,NULL,14.00,17.00,18.00,779.00,NULL,108683,'2024-10-31 20:46:38','2024-10-31 20:46:40','in_stock',5,0,'Botble\\ACL\\Models\\User',0,NULL,'physical',NULL,NULL,0,0,0,0,1),(46,'Samsung QN85A Neo QLED 4K Smart TV','Jabra Evolve2 75 USB-A MS Teams Stereo Headset The Jabra Evolve2 75 USB-A MS Teams Stereo Headset has replaced previous hybrid working standards. Industry-leading call quality thanks to top-notch audio engineering.','<div class=\"row justify-content-center\">\n    <div class=\"col-xl-10\">\n        <div class=\"tp-product-details-desc-item pb-105\">\n            <div class=\"row\">\n                <div class=\"col-lg-6\">\n                    <div class=\"pt-25\">\n                        <span>Galaxy A8 tablet</span>\n                        <h3 class=\"tp-product-details-desc-title\">Your world at a glance</h3>\n                        <p>\n                            With a slim design, a vibrant entertainment system, and <br>\n                            outstanding performance, the new Galaxy Tab A7 is a stylish new <br>\n                            companion for your life.Dive head-first into the things you love, <br>\n                            and easily share your favorite moments. Learn, explore, connect <br>\n                            and be inspired.\n                        </p>\n                    </div>\n                    <div>\n                        <h3 class=\"tp-product-details-desc-title\">Draw inspiration with S Pen</h3>\n                        <p>\n                            S Pen is a bundle of writing instruments in one. Its natural grip, <br>\n                            low latency and impressive pressure sensitivity will make it your go-to for everything from drawing to editing documents. And S Pen won\'t get misplaced thanks.\n                        </p>\n                    </div>\n                </div>\n                <div class=\"col-lg-6\">\n                    <div class=\"tp-product-details-desc-thumb\">\n                        <img src=\"/storage/main/products/product-details-desc-1.jpg\" alt=\"product\">\n                    </div>\n                </div>\n            </div>\n        </div>\n        <div class=\"tp-product-details-desc-item pb-75\">\n            <div class=\"row\">\n                <div class=\"col-lg-7\">\n                    <div class=\"tp-product-details-desc-thumb\">\n                        <img src=\"/storage/main/products/product-details-desc-2.jpg\" alt=\"product\">\n                    </div>\n                </div>\n\n                <div class=\"col-lg-5 order-first order-lg-last\">\n                    <div class=\"des-content-2 pl-40\">\n                        <h3 class=\"tp-product-details-desc-title\">\n                            Carry with <br>\n                            Confidence and style\n                        </h3>\n                        <p>\n                            Wrap your tablet in a sleek case that\'s as stylish as it is convenient. Galaxy Tab S6 Lite Book Cover folds around and clings magnetically, so you can easily gear up as you\'re headed out the door. There\'s even a\n                            compartment for S pen, so you can be sure it doesn\'t get left behind.\n                        </p>\n                    </div>\n                </div>\n            </div>\n        </div>\n        <div class=\"tp-product-details-desc-item\">\n            <div class=\"row\">\n                <div class=\"col-xl-12\">\n                    <div class=\"tp-product-details-desc-banner text-center m-img\">\n                        <h3 class=\"tp-product-details-desc-banner-title tp-product-details-desc-title\">Speed Memory Power = Epic Races</h3>\n                        <img src=\"/storage/main/products/product-details-desc-3.jpg\" alt=\"product\">\n                    </div>\n                </div>\n            </div>\n        </div>\n    </div>\n</div>\n','published','[\"main\\/products\\/product-3.jpg\",\"main\\/products\\/product-14.jpg\",\"main\\/products\\/product-19.jpg\",\"main\\/products\\/product-17.jpg\",\"main\\/products\\/product-12.jpg\",\"main\\/products\\/product-11.jpg\",\"main\\/products\\/product-details-desc-3.jpg\",\"main\\/products\\/product-15.jpg\"]','[]','P7-182',0,11,0,1,1,2,0,0,361,100,NULL,NULL,15.00,12.00,10.00,634.00,NULL,197662,'2024-10-31 20:46:38','2024-10-31 20:46:40','in_stock',4,0,'Botble\\ACL\\Models\\User',0,NULL,'physical',NULL,NULL,0,0,0,0,1),(47,'Sony A90J 4K OLED Smart TV','With this intelligent headset, you can stay connected and productive from the first call of the day to the last train home. With an ergonomic earcup design, this headset invented a brand-new dual-foam technology. You will be comfortable from the first call to the last thanks to the re-engineered leatherette ear cushion design that allows for better airflow.','<div class=\"row justify-content-center\">\n    <div class=\"col-xl-10\">\n        <div class=\"tp-product-details-desc-item pb-105\">\n            <div class=\"row\">\n                <div class=\"col-lg-6\">\n                    <div class=\"pt-25\">\n                        <span>Galaxy A8 tablet</span>\n                        <h3 class=\"tp-product-details-desc-title\">Your world at a glance</h3>\n                        <p>\n                            With a slim design, a vibrant entertainment system, and <br>\n                            outstanding performance, the new Galaxy Tab A7 is a stylish new <br>\n                            companion for your life.Dive head-first into the things you love, <br>\n                            and easily share your favorite moments. Learn, explore, connect <br>\n                            and be inspired.\n                        </p>\n                    </div>\n                    <div>\n                        <h3 class=\"tp-product-details-desc-title\">Draw inspiration with S Pen</h3>\n                        <p>\n                            S Pen is a bundle of writing instruments in one. Its natural grip, <br>\n                            low latency and impressive pressure sensitivity will make it your go-to for everything from drawing to editing documents. And S Pen won\'t get misplaced thanks.\n                        </p>\n                    </div>\n                </div>\n                <div class=\"col-lg-6\">\n                    <div class=\"tp-product-details-desc-thumb\">\n                        <img src=\"/storage/main/products/product-details-desc-1.jpg\" alt=\"product\">\n                    </div>\n                </div>\n            </div>\n        </div>\n        <div class=\"tp-product-details-desc-item pb-75\">\n            <div class=\"row\">\n                <div class=\"col-lg-7\">\n                    <div class=\"tp-product-details-desc-thumb\">\n                        <img src=\"/storage/main/products/product-details-desc-2.jpg\" alt=\"product\">\n                    </div>\n                </div>\n\n                <div class=\"col-lg-5 order-first order-lg-last\">\n                    <div class=\"des-content-2 pl-40\">\n                        <h3 class=\"tp-product-details-desc-title\">\n                            Carry with <br>\n                            Confidence and style\n                        </h3>\n                        <p>\n                            Wrap your tablet in a sleek case that\'s as stylish as it is convenient. Galaxy Tab S6 Lite Book Cover folds around and clings magnetically, so you can easily gear up as you\'re headed out the door. There\'s even a\n                            compartment for S pen, so you can be sure it doesn\'t get left behind.\n                        </p>\n                    </div>\n                </div>\n            </div>\n        </div>\n        <div class=\"tp-product-details-desc-item\">\n            <div class=\"row\">\n                <div class=\"col-xl-12\">\n                    <div class=\"tp-product-details-desc-banner text-center m-img\">\n                        <h3 class=\"tp-product-details-desc-banner-title tp-product-details-desc-title\">Speed Memory Power = Epic Races</h3>\n                        <img src=\"/storage/main/products/product-details-desc-3.jpg\" alt=\"product\">\n                    </div>\n                </div>\n            </div>\n        </div>\n    </div>\n</div>\n','published','[\"main\\/products\\/product-15.jpg\",\"main\\/products\\/product-details-desc-1.jpg\",\"main\\/products\\/product-14.jpg\"]','[[{\"key\":\"file\",\"value\":null},{\"key\":\"url\",\"value\":\"https:\\/\\/www.youtube.com\\/watch?v=6JYIGclVQdw\"},{\"key\":\"thumbnail\",\"value\":\"main\\/video\\/1.jpg\"}]]','11-109',0,19,0,1,1,3,0,0,1130,755,NULL,NULL,19.00,15.00,14.00,633.00,NULL,119918,'2024-10-31 20:46:38','2024-10-31 20:46:40','in_stock',8,0,'Botble\\ACL\\Models\\User',0,NULL,'physical',NULL,NULL,0,0,0,0,2),(48,'Apple TV 4K (2nd Generation) (Digital)','It complies with Microsoft\'s Open Office criteria and is specially tuned for outstanding conversations in open-plan workplaces and other loud environments when the microphone boom arm is lowered in Performance Mode','<div class=\"row justify-content-center\">\n    <div class=\"col-xl-10\">\n        <div class=\"tp-product-details-desc-item pb-105\">\n            <div class=\"row\">\n                <div class=\"col-lg-6\">\n                    <div class=\"pt-25\">\n                        <span>Galaxy A8 tablet</span>\n                        <h3 class=\"tp-product-details-desc-title\">Your world at a glance</h3>\n                        <p>\n                            With a slim design, a vibrant entertainment system, and <br>\n                            outstanding performance, the new Galaxy Tab A7 is a stylish new <br>\n                            companion for your life.Dive head-first into the things you love, <br>\n                            and easily share your favorite moments. Learn, explore, connect <br>\n                            and be inspired.\n                        </p>\n                    </div>\n                    <div>\n                        <h3 class=\"tp-product-details-desc-title\">Draw inspiration with S Pen</h3>\n                        <p>\n                            S Pen is a bundle of writing instruments in one. Its natural grip, <br>\n                            low latency and impressive pressure sensitivity will make it your go-to for everything from drawing to editing documents. And S Pen won\'t get misplaced thanks.\n                        </p>\n                    </div>\n                </div>\n                <div class=\"col-lg-6\">\n                    <div class=\"tp-product-details-desc-thumb\">\n                        <img src=\"/storage/main/products/product-details-desc-1.jpg\" alt=\"product\">\n                    </div>\n                </div>\n            </div>\n        </div>\n        <div class=\"tp-product-details-desc-item pb-75\">\n            <div class=\"row\">\n                <div class=\"col-lg-7\">\n                    <div class=\"tp-product-details-desc-thumb\">\n                        <img src=\"/storage/main/products/product-details-desc-2.jpg\" alt=\"product\">\n                    </div>\n                </div>\n\n                <div class=\"col-lg-5 order-first order-lg-last\">\n                    <div class=\"des-content-2 pl-40\">\n                        <h3 class=\"tp-product-details-desc-title\">\n                            Carry with <br>\n                            Confidence and style\n                        </h3>\n                        <p>\n                            Wrap your tablet in a sleek case that\'s as stylish as it is convenient. Galaxy Tab S6 Lite Book Cover folds around and clings magnetically, so you can easily gear up as you\'re headed out the door. There\'s even a\n                            compartment for S pen, so you can be sure it doesn\'t get left behind.\n                        </p>\n                    </div>\n                </div>\n            </div>\n        </div>\n        <div class=\"tp-product-details-desc-item\">\n            <div class=\"row\">\n                <div class=\"col-xl-12\">\n                    <div class=\"tp-product-details-desc-banner text-center m-img\">\n                        <h3 class=\"tp-product-details-desc-banner-title tp-product-details-desc-title\">Speed Memory Power = Epic Races</h3>\n                        <img src=\"/storage/main/products/product-details-desc-3.jpg\" alt=\"product\">\n                    </div>\n                </div>\n            </div>\n        </div>\n    </div>\n</div>\n','published','[\"main\\/products\\/product-details-desc-3.jpg\",\"main\\/products\\/product-3.jpg\",\"main\\/products\\/product-12.jpg\",\"main\\/products\\/product-15.jpg\",\"main\\/products\\/product-16.jpg\",\"main\\/products\\/product-8.jpg\"]','[[{\"key\":\"file\",\"value\":null},{\"key\":\"url\",\"value\":\"https:\\/\\/www.youtube.com\\/watch?v=6JYIGclVQdw\"},{\"key\":\"thumbnail\",\"value\":\"main\\/video\\/2.jpg\"}]]','OH-178',0,19,0,1,1,2,0,0,1409,334,NULL,NULL,10.00,13.00,13.00,641.00,NULL,16463,'2024-10-31 20:46:38','2024-10-31 20:46:40','in_stock',1,0,'Botble\\ACL\\Models\\User',0,NULL,'digital',NULL,NULL,0,0,0,0,1),(49,'Roku Ultra 2020 Streaming Media Player','Additionally, this includes a redesigned microphone boom arm that is 33 percent shorter than the Evolve 75 and offers the industry-leading call performance for which Jabra headsets are known.','<div class=\"row justify-content-center\">\n    <div class=\"col-xl-10\">\n        <div class=\"tp-product-details-desc-item pb-105\">\n            <div class=\"row\">\n                <div class=\"col-lg-6\">\n                    <div class=\"pt-25\">\n                        <span>Galaxy A8 tablet</span>\n                        <h3 class=\"tp-product-details-desc-title\">Your world at a glance</h3>\n                        <p>\n                            With a slim design, a vibrant entertainment system, and <br>\n                            outstanding performance, the new Galaxy Tab A7 is a stylish new <br>\n                            companion for your life.Dive head-first into the things you love, <br>\n                            and easily share your favorite moments. Learn, explore, connect <br>\n                            and be inspired.\n                        </p>\n                    </div>\n                    <div>\n                        <h3 class=\"tp-product-details-desc-title\">Draw inspiration with S Pen</h3>\n                        <p>\n                            S Pen is a bundle of writing instruments in one. Its natural grip, <br>\n                            low latency and impressive pressure sensitivity will make it your go-to for everything from drawing to editing documents. And S Pen won\'t get misplaced thanks.\n                        </p>\n                    </div>\n                </div>\n                <div class=\"col-lg-6\">\n                    <div class=\"tp-product-details-desc-thumb\">\n                        <img src=\"/storage/main/products/product-details-desc-1.jpg\" alt=\"product\">\n                    </div>\n                </div>\n            </div>\n        </div>\n        <div class=\"tp-product-details-desc-item pb-75\">\n            <div class=\"row\">\n                <div class=\"col-lg-7\">\n                    <div class=\"tp-product-details-desc-thumb\">\n                        <img src=\"/storage/main/products/product-details-desc-2.jpg\" alt=\"product\">\n                    </div>\n                </div>\n\n                <div class=\"col-lg-5 order-first order-lg-last\">\n                    <div class=\"des-content-2 pl-40\">\n                        <h3 class=\"tp-product-details-desc-title\">\n                            Carry with <br>\n                            Confidence and style\n                        </h3>\n                        <p>\n                            Wrap your tablet in a sleek case that\'s as stylish as it is convenient. Galaxy Tab S6 Lite Book Cover folds around and clings magnetically, so you can easily gear up as you\'re headed out the door. There\'s even a\n                            compartment for S pen, so you can be sure it doesn\'t get left behind.\n                        </p>\n                    </div>\n                </div>\n            </div>\n        </div>\n        <div class=\"tp-product-details-desc-item\">\n            <div class=\"row\">\n                <div class=\"col-xl-12\">\n                    <div class=\"tp-product-details-desc-banner text-center m-img\">\n                        <h3 class=\"tp-product-details-desc-banner-title tp-product-details-desc-title\">Speed Memory Power = Epic Races</h3>\n                        <img src=\"/storage/main/products/product-details-desc-3.jpg\" alt=\"product\">\n                    </div>\n                </div>\n            </div>\n        </div>\n    </div>\n</div>\n','published','[\"main\\/products\\/product-5.jpg\",\"main\\/products\\/product-18.jpg\",\"main\\/products\\/product-details-desc-1.jpg\",\"main\\/products\\/product-17.jpg\"]','[[{\"key\":\"file\",\"value\":null},{\"key\":\"url\",\"value\":\"https:\\/\\/www.youtube.com\\/watch?v=6JYIGclVQdw\"},{\"key\":\"thumbnail\",\"value\":\"main\\/video\\/2.jpg\"}]]','Z2-163-A1',0,11,0,1,0,2,0,0,602,NULL,NULL,NULL,20.00,12.00,10.00,649.00,NULL,34591,'2024-10-31 20:46:38','2024-10-31 20:46:40','in_stock',5,0,'Botble\\ACL\\Models\\User',0,NULL,'physical',NULL,NULL,0,0,0,0,1),(50,'Amazon Fire TV Stick 4K Max','Jabra Evolve2 75 USB-A MS Teams Stereo Headset The Jabra Evolve2 75 USB-A MS Teams Stereo Headset has replaced previous hybrid working standards. Industry-leading call quality thanks to top-notch audio engineering.','<div class=\"row justify-content-center\">\n    <div class=\"col-xl-10\">\n        <div class=\"tp-product-details-desc-item pb-105\">\n            <div class=\"row\">\n                <div class=\"col-lg-6\">\n                    <div class=\"pt-25\">\n                        <span>Galaxy A8 tablet</span>\n                        <h3 class=\"tp-product-details-desc-title\">Your world at a glance</h3>\n                        <p>\n                            With a slim design, a vibrant entertainment system, and <br>\n                            outstanding performance, the new Galaxy Tab A7 is a stylish new <br>\n                            companion for your life.Dive head-first into the things you love, <br>\n                            and easily share your favorite moments. Learn, explore, connect <br>\n                            and be inspired.\n                        </p>\n                    </div>\n                    <div>\n                        <h3 class=\"tp-product-details-desc-title\">Draw inspiration with S Pen</h3>\n                        <p>\n                            S Pen is a bundle of writing instruments in one. Its natural grip, <br>\n                            low latency and impressive pressure sensitivity will make it your go-to for everything from drawing to editing documents. And S Pen won\'t get misplaced thanks.\n                        </p>\n                    </div>\n                </div>\n                <div class=\"col-lg-6\">\n                    <div class=\"tp-product-details-desc-thumb\">\n                        <img src=\"/storage/main/products/product-details-desc-1.jpg\" alt=\"product\">\n                    </div>\n                </div>\n            </div>\n        </div>\n        <div class=\"tp-product-details-desc-item pb-75\">\n            <div class=\"row\">\n                <div class=\"col-lg-7\">\n                    <div class=\"tp-product-details-desc-thumb\">\n                        <img src=\"/storage/main/products/product-details-desc-2.jpg\" alt=\"product\">\n                    </div>\n                </div>\n\n                <div class=\"col-lg-5 order-first order-lg-last\">\n                    <div class=\"des-content-2 pl-40\">\n                        <h3 class=\"tp-product-details-desc-title\">\n                            Carry with <br>\n                            Confidence and style\n                        </h3>\n                        <p>\n                            Wrap your tablet in a sleek case that\'s as stylish as it is convenient. Galaxy Tab S6 Lite Book Cover folds around and clings magnetically, so you can easily gear up as you\'re headed out the door. There\'s even a\n                            compartment for S pen, so you can be sure it doesn\'t get left behind.\n                        </p>\n                    </div>\n                </div>\n            </div>\n        </div>\n        <div class=\"tp-product-details-desc-item\">\n            <div class=\"row\">\n                <div class=\"col-xl-12\">\n                    <div class=\"tp-product-details-desc-banner text-center m-img\">\n                        <h3 class=\"tp-product-details-desc-banner-title tp-product-details-desc-title\">Speed Memory Power = Epic Races</h3>\n                        <img src=\"/storage/main/products/product-details-desc-3.jpg\" alt=\"product\">\n                    </div>\n                </div>\n            </div>\n        </div>\n    </div>\n</div>\n','published','[\"main\\/products\\/product-15.jpg\",\"main\\/products\\/product-13.jpg\",\"main\\/products\\/product-10.jpg\",\"main\\/products\\/product-5.jpg\",\"main\\/products\\/product-details-desc-1.jpg\",\"main\\/products\\/product-16.jpg\",\"main\\/products\\/product-4.jpg\",\"main\\/products\\/product-12.jpg\"]','[]','KQ-151-A1',0,14,0,1,0,5,0,0,1991,NULL,NULL,NULL,13.00,19.00,13.00,679.00,NULL,47600,'2024-10-31 20:46:39','2024-10-31 20:46:40','in_stock',6,0,'Botble\\ACL\\Models\\User',0,NULL,'physical',NULL,NULL,0,0,0,0,1),(51,'Google Chromecast with Google TV','Jabra Evolve2 75 USB-A MS Teams Stereo Headset The Jabra Evolve2 75 USB-A MS Teams Stereo Headset has replaced previous hybrid working standards. Industry-leading call quality thanks to top-notch audio engineering.','<div class=\"row justify-content-center\">\n    <div class=\"col-xl-10\">\n        <div class=\"tp-product-details-desc-item pb-105\">\n            <div class=\"row\">\n                <div class=\"col-lg-6\">\n                    <div class=\"pt-25\">\n                        <span>Galaxy A8 tablet</span>\n                        <h3 class=\"tp-product-details-desc-title\">Your world at a glance</h3>\n                        <p>\n                            With a slim design, a vibrant entertainment system, and <br>\n                            outstanding performance, the new Galaxy Tab A7 is a stylish new <br>\n                            companion for your life.Dive head-first into the things you love, <br>\n                            and easily share your favorite moments. Learn, explore, connect <br>\n                            and be inspired.\n                        </p>\n                    </div>\n                    <div>\n                        <h3 class=\"tp-product-details-desc-title\">Draw inspiration with S Pen</h3>\n                        <p>\n                            S Pen is a bundle of writing instruments in one. Its natural grip, <br>\n                            low latency and impressive pressure sensitivity will make it your go-to for everything from drawing to editing documents. And S Pen won\'t get misplaced thanks.\n                        </p>\n                    </div>\n                </div>\n                <div class=\"col-lg-6\">\n                    <div class=\"tp-product-details-desc-thumb\">\n                        <img src=\"/storage/main/products/product-details-desc-1.jpg\" alt=\"product\">\n                    </div>\n                </div>\n            </div>\n        </div>\n        <div class=\"tp-product-details-desc-item pb-75\">\n            <div class=\"row\">\n                <div class=\"col-lg-7\">\n                    <div class=\"tp-product-details-desc-thumb\">\n                        <img src=\"/storage/main/products/product-details-desc-2.jpg\" alt=\"product\">\n                    </div>\n                </div>\n\n                <div class=\"col-lg-5 order-first order-lg-last\">\n                    <div class=\"des-content-2 pl-40\">\n                        <h3 class=\"tp-product-details-desc-title\">\n                            Carry with <br>\n                            Confidence and style\n                        </h3>\n                        <p>\n                            Wrap your tablet in a sleek case that\'s as stylish as it is convenient. Galaxy Tab S6 Lite Book Cover folds around and clings magnetically, so you can easily gear up as you\'re headed out the door. There\'s even a\n                            compartment for S pen, so you can be sure it doesn\'t get left behind.\n                        </p>\n                    </div>\n                </div>\n            </div>\n        </div>\n        <div class=\"tp-product-details-desc-item\">\n            <div class=\"row\">\n                <div class=\"col-xl-12\">\n                    <div class=\"tp-product-details-desc-banner text-center m-img\">\n                        <h3 class=\"tp-product-details-desc-banner-title tp-product-details-desc-title\">Speed Memory Power = Epic Races</h3>\n                        <img src=\"/storage/main/products/product-details-desc-3.jpg\" alt=\"product\">\n                    </div>\n                </div>\n            </div>\n        </div>\n    </div>\n</div>\n','published','[\"main\\/products\\/product-11.jpg\",\"main\\/products\\/product-14.jpg\",\"main\\/products\\/product-19.jpg\",\"main\\/products\\/product-12.jpg\",\"main\\/products\\/product-10.jpg\",\"main\\/products\\/product-details-desc-2.jpg\",\"main\\/products\\/product-16.jpg\",\"main\\/products\\/product-details-desc-3.jpg\"]','[]','B1-175',0,18,0,1,1,5,0,0,2333,451,NULL,NULL,12.00,18.00,13.00,671.00,NULL,142650,'2024-10-31 20:46:39','2024-10-31 20:46:40','in_stock',7,0,'Botble\\ACL\\Models\\User',0,NULL,'physical',NULL,NULL,0,0,0,0,1),(52,'NVIDIA SHIELD TV Pro (Digital)','Jabra Evolve2 75 USB-A MS Teams Stereo Headset The Jabra Evolve2 75 USB-A MS Teams Stereo Headset has replaced previous hybrid working standards. Industry-leading call quality thanks to top-notch audio engineering.','<div class=\"row justify-content-center\">\n    <div class=\"col-xl-10\">\n        <div class=\"tp-product-details-desc-item pb-105\">\n            <div class=\"row\">\n                <div class=\"col-lg-6\">\n                    <div class=\"pt-25\">\n                        <span>Galaxy A8 tablet</span>\n                        <h3 class=\"tp-product-details-desc-title\">Your world at a glance</h3>\n                        <p>\n                            With a slim design, a vibrant entertainment system, and <br>\n                            outstanding performance, the new Galaxy Tab A7 is a stylish new <br>\n                            companion for your life.Dive head-first into the things you love, <br>\n                            and easily share your favorite moments. Learn, explore, connect <br>\n                            and be inspired.\n                        </p>\n                    </div>\n                    <div>\n                        <h3 class=\"tp-product-details-desc-title\">Draw inspiration with S Pen</h3>\n                        <p>\n                            S Pen is a bundle of writing instruments in one. Its natural grip, <br>\n                            low latency and impressive pressure sensitivity will make it your go-to for everything from drawing to editing documents. And S Pen won\'t get misplaced thanks.\n                        </p>\n                    </div>\n                </div>\n                <div class=\"col-lg-6\">\n                    <div class=\"tp-product-details-desc-thumb\">\n                        <img src=\"/storage/main/products/product-details-desc-1.jpg\" alt=\"product\">\n                    </div>\n                </div>\n            </div>\n        </div>\n        <div class=\"tp-product-details-desc-item pb-75\">\n            <div class=\"row\">\n                <div class=\"col-lg-7\">\n                    <div class=\"tp-product-details-desc-thumb\">\n                        <img src=\"/storage/main/products/product-details-desc-2.jpg\" alt=\"product\">\n                    </div>\n                </div>\n\n                <div class=\"col-lg-5 order-first order-lg-last\">\n                    <div class=\"des-content-2 pl-40\">\n                        <h3 class=\"tp-product-details-desc-title\">\n                            Carry with <br>\n                            Confidence and style\n                        </h3>\n                        <p>\n                            Wrap your tablet in a sleek case that\'s as stylish as it is convenient. Galaxy Tab S6 Lite Book Cover folds around and clings magnetically, so you can easily gear up as you\'re headed out the door. There\'s even a\n                            compartment for S pen, so you can be sure it doesn\'t get left behind.\n                        </p>\n                    </div>\n                </div>\n            </div>\n        </div>\n        <div class=\"tp-product-details-desc-item\">\n            <div class=\"row\">\n                <div class=\"col-xl-12\">\n                    <div class=\"tp-product-details-desc-banner text-center m-img\">\n                        <h3 class=\"tp-product-details-desc-banner-title tp-product-details-desc-title\">Speed Memory Power = Epic Races</h3>\n                        <img src=\"/storage/main/products/product-details-desc-3.jpg\" alt=\"product\">\n                    </div>\n                </div>\n            </div>\n        </div>\n    </div>\n</div>\n','published','[\"main\\/products\\/product-details-desc-3.jpg\",\"main\\/products\\/product-15.jpg\",\"main\\/products\\/product-5.jpg\",\"main\\/products\\/product-20.jpg\",\"main\\/products\\/product-17.jpg\",\"main\\/products\\/product-12.jpg\",\"main\\/products\\/product-2.jpg\"]','[[{\"key\":\"file\",\"value\":\"main\\/video\\/video-2.mp4\"},{\"key\":\"url\",\"value\":null},{\"key\":\"thumbnail\",\"value\":\"main\\/video\\/2.jpg\"}]]','8V-107',0,19,0,1,1,1,0,0,2259,1997,NULL,NULL,17.00,11.00,17.00,559.00,NULL,156066,'2024-10-31 20:46:39','2024-10-31 20:46:40','in_stock',5,0,'Botble\\ACL\\Models\\User',0,NULL,'digital',NULL,NULL,0,0,0,0,1),(53,'Sonos Beam Gen 2 Soundbar','The headset also offers MS Teams Certifications and other features like Busylight, Calls controls, Voice guiding, and Wireless range (ft): Up to 100 feet. Best-in-class. Boom The most recent Jabra Evolve2 75 USB-A MS Teams Stereo Headset offers professional-grade call performance that leads the industry, yet Evolve2 75 wins best-in-class.','<div class=\"row justify-content-center\">\n    <div class=\"col-xl-10\">\n        <div class=\"tp-product-details-desc-item pb-105\">\n            <div class=\"row\">\n                <div class=\"col-lg-6\">\n                    <div class=\"pt-25\">\n                        <span>Galaxy A8 tablet</span>\n                        <h3 class=\"tp-product-details-desc-title\">Your world at a glance</h3>\n                        <p>\n                            With a slim design, a vibrant entertainment system, and <br>\n                            outstanding performance, the new Galaxy Tab A7 is a stylish new <br>\n                            companion for your life.Dive head-first into the things you love, <br>\n                            and easily share your favorite moments. Learn, explore, connect <br>\n                            and be inspired.\n                        </p>\n                    </div>\n                    <div>\n                        <h3 class=\"tp-product-details-desc-title\">Draw inspiration with S Pen</h3>\n                        <p>\n                            S Pen is a bundle of writing instruments in one. Its natural grip, <br>\n                            low latency and impressive pressure sensitivity will make it your go-to for everything from drawing to editing documents. And S Pen won\'t get misplaced thanks.\n                        </p>\n                    </div>\n                </div>\n                <div class=\"col-lg-6\">\n                    <div class=\"tp-product-details-desc-thumb\">\n                        <img src=\"/storage/main/products/product-details-desc-1.jpg\" alt=\"product\">\n                    </div>\n                </div>\n            </div>\n        </div>\n        <div class=\"tp-product-details-desc-item pb-75\">\n            <div class=\"row\">\n                <div class=\"col-lg-7\">\n                    <div class=\"tp-product-details-desc-thumb\">\n                        <img src=\"/storage/main/products/product-details-desc-2.jpg\" alt=\"product\">\n                    </div>\n                </div>\n\n                <div class=\"col-lg-5 order-first order-lg-last\">\n                    <div class=\"des-content-2 pl-40\">\n                        <h3 class=\"tp-product-details-desc-title\">\n                            Carry with <br>\n                            Confidence and style\n                        </h3>\n                        <p>\n                            Wrap your tablet in a sleek case that\'s as stylish as it is convenient. Galaxy Tab S6 Lite Book Cover folds around and clings magnetically, so you can easily gear up as you\'re headed out the door. There\'s even a\n                            compartment for S pen, so you can be sure it doesn\'t get left behind.\n                        </p>\n                    </div>\n                </div>\n            </div>\n        </div>\n        <div class=\"tp-product-details-desc-item\">\n            <div class=\"row\">\n                <div class=\"col-xl-12\">\n                    <div class=\"tp-product-details-desc-banner text-center m-img\">\n                        <h3 class=\"tp-product-details-desc-banner-title tp-product-details-desc-title\">Speed Memory Power = Epic Races</h3>\n                        <img src=\"/storage/main/products/product-details-desc-3.jpg\" alt=\"product\">\n                    </div>\n                </div>\n            </div>\n        </div>\n    </div>\n</div>\n','published','[\"main\\/products\\/product-17.jpg\",\"main\\/products\\/product-9.jpg\",\"main\\/products\\/product-3.jpg\",\"main\\/products\\/product-7.jpg\",\"main\\/products\\/product-20.jpg\"]','[]','0Q-121-A1',0,10,0,1,0,5,0,0,1766,NULL,NULL,NULL,19.00,10.00,19.00,641.00,NULL,12561,'2024-10-31 20:46:39','2024-10-31 20:46:40','in_stock',6,0,'Botble\\ACL\\Models\\User',0,NULL,'physical',NULL,NULL,0,0,0,0,2),(54,'Bose Smart Soundbar 900','We can provide exceptional noise isolation and the best all-day comfort by mixing firm foam for the outer with soft foam for the interior of the ear cushions. So that you may receive Active Noise-Cancellation (ANC) performance that is even greater in a headset that you can wear for whatever length you wish.','<div class=\"row justify-content-center\">\n    <div class=\"col-xl-10\">\n        <div class=\"tp-product-details-desc-item pb-105\">\n            <div class=\"row\">\n                <div class=\"col-lg-6\">\n                    <div class=\"pt-25\">\n                        <span>Galaxy A8 tablet</span>\n                        <h3 class=\"tp-product-details-desc-title\">Your world at a glance</h3>\n                        <p>\n                            With a slim design, a vibrant entertainment system, and <br>\n                            outstanding performance, the new Galaxy Tab A7 is a stylish new <br>\n                            companion for your life.Dive head-first into the things you love, <br>\n                            and easily share your favorite moments. Learn, explore, connect <br>\n                            and be inspired.\n                        </p>\n                    </div>\n                    <div>\n                        <h3 class=\"tp-product-details-desc-title\">Draw inspiration with S Pen</h3>\n                        <p>\n                            S Pen is a bundle of writing instruments in one. Its natural grip, <br>\n                            low latency and impressive pressure sensitivity will make it your go-to for everything from drawing to editing documents. And S Pen won\'t get misplaced thanks.\n                        </p>\n                    </div>\n                </div>\n                <div class=\"col-lg-6\">\n                    <div class=\"tp-product-details-desc-thumb\">\n                        <img src=\"/storage/main/products/product-details-desc-1.jpg\" alt=\"product\">\n                    </div>\n                </div>\n            </div>\n        </div>\n        <div class=\"tp-product-details-desc-item pb-75\">\n            <div class=\"row\">\n                <div class=\"col-lg-7\">\n                    <div class=\"tp-product-details-desc-thumb\">\n                        <img src=\"/storage/main/products/product-details-desc-2.jpg\" alt=\"product\">\n                    </div>\n                </div>\n\n                <div class=\"col-lg-5 order-first order-lg-last\">\n                    <div class=\"des-content-2 pl-40\">\n                        <h3 class=\"tp-product-details-desc-title\">\n                            Carry with <br>\n                            Confidence and style\n                        </h3>\n                        <p>\n                            Wrap your tablet in a sleek case that\'s as stylish as it is convenient. Galaxy Tab S6 Lite Book Cover folds around and clings magnetically, so you can easily gear up as you\'re headed out the door. There\'s even a\n                            compartment for S pen, so you can be sure it doesn\'t get left behind.\n                        </p>\n                    </div>\n                </div>\n            </div>\n        </div>\n        <div class=\"tp-product-details-desc-item\">\n            <div class=\"row\">\n                <div class=\"col-xl-12\">\n                    <div class=\"tp-product-details-desc-banner text-center m-img\">\n                        <h3 class=\"tp-product-details-desc-banner-title tp-product-details-desc-title\">Speed Memory Power = Epic Races</h3>\n                        <img src=\"/storage/main/products/product-details-desc-3.jpg\" alt=\"product\">\n                    </div>\n                </div>\n            </div>\n        </div>\n    </div>\n</div>\n','published','[\"main\\/products\\/product-7.jpg\",\"main\\/products\\/product-20.jpg\",\"main\\/products\\/product-details-desc-2.jpg\",\"main\\/products\\/product-12.jpg\",\"main\\/products\\/product-14.jpg\",\"main\\/products\\/product-details-desc-1.jpg\",\"main\\/products\\/product-18.jpg\"]','[]','YC-105-A1',0,13,0,1,0,2,0,0,933,NULL,NULL,NULL,17.00,18.00,14.00,729.00,NULL,114570,'2024-10-31 20:46:39','2024-10-31 20:46:40','in_stock',3,0,'Botble\\ACL\\Models\\User',0,NULL,'physical',NULL,NULL,0,0,0,0,1),(55,'JBL Bar 9.1 Soundbar with Dolby Atmos','We can provide exceptional noise isolation and the best all-day comfort by mixing firm foam for the outer with soft foam for the interior of the ear cushions. So that you may receive Active Noise-Cancellation (ANC) performance that is even greater in a headset that you can wear for whatever length you wish.','<div class=\"row justify-content-center\">\n    <div class=\"col-xl-10\">\n        <div class=\"tp-product-details-desc-item pb-105\">\n            <div class=\"row\">\n                <div class=\"col-lg-6\">\n                    <div class=\"pt-25\">\n                        <span>Galaxy A8 tablet</span>\n                        <h3 class=\"tp-product-details-desc-title\">Your world at a glance</h3>\n                        <p>\n                            With a slim design, a vibrant entertainment system, and <br>\n                            outstanding performance, the new Galaxy Tab A7 is a stylish new <br>\n                            companion for your life.Dive head-first into the things you love, <br>\n                            and easily share your favorite moments. Learn, explore, connect <br>\n                            and be inspired.\n                        </p>\n                    </div>\n                    <div>\n                        <h3 class=\"tp-product-details-desc-title\">Draw inspiration with S Pen</h3>\n                        <p>\n                            S Pen is a bundle of writing instruments in one. Its natural grip, <br>\n                            low latency and impressive pressure sensitivity will make it your go-to for everything from drawing to editing documents. And S Pen won\'t get misplaced thanks.\n                        </p>\n                    </div>\n                </div>\n                <div class=\"col-lg-6\">\n                    <div class=\"tp-product-details-desc-thumb\">\n                        <img src=\"/storage/main/products/product-details-desc-1.jpg\" alt=\"product\">\n                    </div>\n                </div>\n            </div>\n        </div>\n        <div class=\"tp-product-details-desc-item pb-75\">\n            <div class=\"row\">\n                <div class=\"col-lg-7\">\n                    <div class=\"tp-product-details-desc-thumb\">\n                        <img src=\"/storage/main/products/product-details-desc-2.jpg\" alt=\"product\">\n                    </div>\n                </div>\n\n                <div class=\"col-lg-5 order-first order-lg-last\">\n                    <div class=\"des-content-2 pl-40\">\n                        <h3 class=\"tp-product-details-desc-title\">\n                            Carry with <br>\n                            Confidence and style\n                        </h3>\n                        <p>\n                            Wrap your tablet in a sleek case that\'s as stylish as it is convenient. Galaxy Tab S6 Lite Book Cover folds around and clings magnetically, so you can easily gear up as you\'re headed out the door. There\'s even a\n                            compartment for S pen, so you can be sure it doesn\'t get left behind.\n                        </p>\n                    </div>\n                </div>\n            </div>\n        </div>\n        <div class=\"tp-product-details-desc-item\">\n            <div class=\"row\">\n                <div class=\"col-xl-12\">\n                    <div class=\"tp-product-details-desc-banner text-center m-img\">\n                        <h3 class=\"tp-product-details-desc-banner-title tp-product-details-desc-title\">Speed Memory Power = Epic Races</h3>\n                        <img src=\"/storage/main/products/product-details-desc-3.jpg\" alt=\"product\">\n                    </div>\n                </div>\n            </div>\n        </div>\n    </div>\n</div>\n','published','[\"main\\/products\\/product-12.jpg\",\"main\\/products\\/product-5.jpg\",\"main\\/products\\/product-8.jpg\",\"main\\/products\\/product-4.jpg\"]','[[{\"key\":\"file\",\"value\":null},{\"key\":\"url\",\"value\":\"https:\\/\\/www.youtube.com\\/watch?v=6JYIGclVQdw\"},{\"key\":\"thumbnail\",\"value\":\"main\\/video\\/2.jpg\"}]]','OS-106',0,16,0,1,0,3,0,0,742,707,NULL,NULL,11.00,10.00,12.00,864.00,NULL,85394,'2024-10-31 20:46:39','2024-10-31 20:46:40','in_stock',8,0,'Botble\\ACL\\Models\\User',0,NULL,'physical',NULL,NULL,0,0,0,0,2),(56,'Sennheiser Ambeo Soundbar (Digital)','With this intelligent headset, you can stay connected and productive from the first call of the day to the last train home. With an ergonomic earcup design, this headset invented a brand-new dual-foam technology. You will be comfortable from the first call to the last thanks to the re-engineered leatherette ear cushion design that allows for better airflow.','<div class=\"row justify-content-center\">\n    <div class=\"col-xl-10\">\n        <div class=\"tp-product-details-desc-item pb-105\">\n            <div class=\"row\">\n                <div class=\"col-lg-6\">\n                    <div class=\"pt-25\">\n                        <span>Galaxy A8 tablet</span>\n                        <h3 class=\"tp-product-details-desc-title\">Your world at a glance</h3>\n                        <p>\n                            With a slim design, a vibrant entertainment system, and <br>\n                            outstanding performance, the new Galaxy Tab A7 is a stylish new <br>\n                            companion for your life.Dive head-first into the things you love, <br>\n                            and easily share your favorite moments. Learn, explore, connect <br>\n                            and be inspired.\n                        </p>\n                    </div>\n                    <div>\n                        <h3 class=\"tp-product-details-desc-title\">Draw inspiration with S Pen</h3>\n                        <p>\n                            S Pen is a bundle of writing instruments in one. Its natural grip, <br>\n                            low latency and impressive pressure sensitivity will make it your go-to for everything from drawing to editing documents. And S Pen won\'t get misplaced thanks.\n                        </p>\n                    </div>\n                </div>\n                <div class=\"col-lg-6\">\n                    <div class=\"tp-product-details-desc-thumb\">\n                        <img src=\"/storage/main/products/product-details-desc-1.jpg\" alt=\"product\">\n                    </div>\n                </div>\n            </div>\n        </div>\n        <div class=\"tp-product-details-desc-item pb-75\">\n            <div class=\"row\">\n                <div class=\"col-lg-7\">\n                    <div class=\"tp-product-details-desc-thumb\">\n                        <img src=\"/storage/main/products/product-details-desc-2.jpg\" alt=\"product\">\n                    </div>\n                </div>\n\n                <div class=\"col-lg-5 order-first order-lg-last\">\n                    <div class=\"des-content-2 pl-40\">\n                        <h3 class=\"tp-product-details-desc-title\">\n                            Carry with <br>\n                            Confidence and style\n                        </h3>\n                        <p>\n                            Wrap your tablet in a sleek case that\'s as stylish as it is convenient. Galaxy Tab S6 Lite Book Cover folds around and clings magnetically, so you can easily gear up as you\'re headed out the door. There\'s even a\n                            compartment for S pen, so you can be sure it doesn\'t get left behind.\n                        </p>\n                    </div>\n                </div>\n            </div>\n        </div>\n        <div class=\"tp-product-details-desc-item\">\n            <div class=\"row\">\n                <div class=\"col-xl-12\">\n                    <div class=\"tp-product-details-desc-banner text-center m-img\">\n                        <h3 class=\"tp-product-details-desc-banner-title tp-product-details-desc-title\">Speed Memory Power = Epic Races</h3>\n                        <img src=\"/storage/main/products/product-details-desc-3.jpg\" alt=\"product\">\n                    </div>\n                </div>\n            </div>\n        </div>\n    </div>\n</div>\n','published','[\"main\\/products\\/product-details-desc-2.jpg\",\"main\\/products\\/product-16.jpg\",\"main\\/products\\/product-8.jpg\",\"main\\/products\\/product-10.jpg\",\"main\\/products\\/product-6.jpg\",\"main\\/products\\/product-17.jpg\",\"main\\/products\\/product-7.jpg\"]','[[{\"key\":\"file\",\"value\":null},{\"key\":\"url\",\"value\":\"https:\\/\\/www.youtube.com\\/watch?v=6JYIGclVQdw\"},{\"key\":\"thumbnail\",\"value\":\"main\\/video\\/1.jpg\"}]]','3F-156-A1',0,13,0,1,0,3,0,0,1042,771.08,NULL,NULL,18.00,18.00,20.00,854.00,NULL,83562,'2024-10-31 20:46:39','2024-10-31 20:46:40','in_stock',4,0,'Botble\\ACL\\Models\\User',0,NULL,'digital',NULL,NULL,0,0,0,0,1),(57,'Sony HT-A9 Home Theater System','The headset also offers MS Teams Certifications and other features like Busylight, Calls controls, Voice guiding, and Wireless range (ft): Up to 100 feet. Best-in-class. Boom The most recent Jabra Evolve2 75 USB-A MS Teams Stereo Headset offers professional-grade call performance that leads the industry, yet Evolve2 75 wins best-in-class.','<div class=\"row justify-content-center\">\n    <div class=\"col-xl-10\">\n        <div class=\"tp-product-details-desc-item pb-105\">\n            <div class=\"row\">\n                <div class=\"col-lg-6\">\n                    <div class=\"pt-25\">\n                        <span>Galaxy A8 tablet</span>\n                        <h3 class=\"tp-product-details-desc-title\">Your world at a glance</h3>\n                        <p>\n                            With a slim design, a vibrant entertainment system, and <br>\n                            outstanding performance, the new Galaxy Tab A7 is a stylish new <br>\n                            companion for your life.Dive head-first into the things you love, <br>\n                            and easily share your favorite moments. Learn, explore, connect <br>\n                            and be inspired.\n                        </p>\n                    </div>\n                    <div>\n                        <h3 class=\"tp-product-details-desc-title\">Draw inspiration with S Pen</h3>\n                        <p>\n                            S Pen is a bundle of writing instruments in one. Its natural grip, <br>\n                            low latency and impressive pressure sensitivity will make it your go-to for everything from drawing to editing documents. And S Pen won\'t get misplaced thanks.\n                        </p>\n                    </div>\n                </div>\n                <div class=\"col-lg-6\">\n                    <div class=\"tp-product-details-desc-thumb\">\n                        <img src=\"/storage/main/products/product-details-desc-1.jpg\" alt=\"product\">\n                    </div>\n                </div>\n            </div>\n        </div>\n        <div class=\"tp-product-details-desc-item pb-75\">\n            <div class=\"row\">\n                <div class=\"col-lg-7\">\n                    <div class=\"tp-product-details-desc-thumb\">\n                        <img src=\"/storage/main/products/product-details-desc-2.jpg\" alt=\"product\">\n                    </div>\n                </div>\n\n                <div class=\"col-lg-5 order-first order-lg-last\">\n                    <div class=\"des-content-2 pl-40\">\n                        <h3 class=\"tp-product-details-desc-title\">\n                            Carry with <br>\n                            Confidence and style\n                        </h3>\n                        <p>\n                            Wrap your tablet in a sleek case that\'s as stylish as it is convenient. Galaxy Tab S6 Lite Book Cover folds around and clings magnetically, so you can easily gear up as you\'re headed out the door. There\'s even a\n                            compartment for S pen, so you can be sure it doesn\'t get left behind.\n                        </p>\n                    </div>\n                </div>\n            </div>\n        </div>\n        <div class=\"tp-product-details-desc-item\">\n            <div class=\"row\">\n                <div class=\"col-xl-12\">\n                    <div class=\"tp-product-details-desc-banner text-center m-img\">\n                        <h3 class=\"tp-product-details-desc-banner-title tp-product-details-desc-title\">Speed Memory Power = Epic Races</h3>\n                        <img src=\"/storage/main/products/product-details-desc-3.jpg\" alt=\"product\">\n                    </div>\n                </div>\n            </div>\n        </div>\n    </div>\n</div>\n','published','[\"main\\/products\\/product-3.jpg\",\"main\\/products\\/product-12.jpg\",\"main\\/products\\/product-19.jpg\",\"main\\/products\\/product-5.jpg\",\"main\\/products\\/product-15.jpg\",\"main\\/products\\/product-details-desc-3.jpg\",\"main\\/products\\/product-11.jpg\"]','[[{\"key\":\"file\",\"value\":\"main\\/video\\/video-1.mp4\"},{\"key\":\"url\",\"value\":null},{\"key\":\"thumbnail\",\"value\":\"main\\/video\\/1.jpg\"}]]','G1-166',0,18,0,1,0,3,0,0,302,95,NULL,NULL,12.00,11.00,17.00,874.00,NULL,147766,'2024-10-31 20:46:39','2024-10-31 20:46:40','in_stock',5,0,'Botble\\ACL\\Models\\User',0,NULL,'physical',NULL,NULL,0,0,0,0,2),(58,'EcoTech Marine Radion XR30w G5 Pro LED Light Fixture',NULL,NULL,'published','[\"main\\/products\\/product-14.jpg\"]',NULL,'KD-196-A1',0,12,0,1,0,4,1,0,1131,NULL,NULL,NULL,12.00,13.00,10.00,635.00,NULL,0,'2024-10-31 20:46:39','2024-10-31 20:46:39','in_stock',NULL,0,'Botble\\ACL\\Models\\User',0,NULL,'physical',NULL,NULL,0,0,0,0,NULL),(59,'EcoTech Marine Radion XR30w G5 Pro LED Light Fixture',NULL,NULL,'published','[\"main\\/products\\/product-6.jpg\"]',NULL,'KD-196-A1-A2',0,12,0,1,0,4,1,0,1131,NULL,NULL,NULL,12.00,13.00,10.00,635.00,NULL,0,'2024-10-31 20:46:39','2024-10-31 20:46:39','in_stock',NULL,0,'Botble\\ACL\\Models\\User',0,NULL,'physical',NULL,NULL,0,0,0,0,NULL),(60,'EcoTech Marine Radion XR30w G5 Pro LED Light Fixture',NULL,NULL,'published','[\"main\\/products\\/product-18.jpg\"]',NULL,'KD-196-A1-A3',0,12,0,1,0,4,1,0,1131,NULL,NULL,NULL,12.00,13.00,10.00,635.00,NULL,0,'2024-10-31 20:46:39','2024-10-31 20:46:39','in_stock',NULL,0,'Botble\\ACL\\Models\\User',0,NULL,'physical',NULL,NULL,0,0,0,0,NULL),(61,'Philips Hue White and Color Ambiance A19 LED Smart Bulb',NULL,NULL,'published','[\"main\\/products\\/product-15.jpg\"]',NULL,'NJ-154-A1',0,20,0,1,0,2,1,0,2309,NULL,NULL,NULL,11.00,10.00,10.00,758.00,NULL,0,'2024-10-31 20:46:39','2024-10-31 20:46:39','in_stock',NULL,0,'Botble\\ACL\\Models\\User',0,NULL,'physical',NULL,NULL,0,0,0,0,NULL),(62,'Sony WH-1000XM4 Wireless Noise-Canceling Headphones',NULL,NULL,'published','[\"main\\/products\\/product-9.jpg\"]',NULL,'AW-106-A1',0,18,0,1,0,2,1,0,726,NULL,NULL,NULL,10.00,20.00,17.00,646.00,NULL,0,'2024-10-31 20:46:39','2024-10-31 20:46:39','in_stock',NULL,0,'Botble\\ACL\\Models\\User',0,NULL,'physical',NULL,NULL,0,0,0,0,NULL),(63,'Sony WH-1000XM4 Wireless Noise-Canceling Headphones',NULL,NULL,'published','[\"main\\/products\\/product-4.jpg\"]',NULL,'AW-106-A1-A2',0,18,0,1,0,2,1,0,726,NULL,NULL,NULL,10.00,20.00,17.00,646.00,NULL,0,'2024-10-31 20:46:39','2024-10-31 20:46:39','in_stock',NULL,0,'Botble\\ACL\\Models\\User',0,NULL,'physical',NULL,NULL,0,0,0,0,NULL),(64,'Bose SoundLink Revolve+ Portable Bluetooth Speaker (Digital)',NULL,NULL,'published','[\"main\\/products\\/product-2.jpg\"]',NULL,'L9-153-A1',0,20,0,1,0,3,1,0,285,199.5,NULL,NULL,18.00,16.00,20.00,510.00,NULL,0,'2024-10-31 20:46:39','2024-10-31 20:46:39','in_stock',NULL,0,'Botble\\ACL\\Models\\User',0,NULL,'digital',NULL,NULL,0,0,0,0,NULL),(65,'Bose SoundLink Revolve+ Portable Bluetooth Speaker (Digital)',NULL,NULL,'published','[\"main\\/products\\/product-19.jpg\"]',NULL,'L9-153-A1-A2',0,20,0,1,0,3,1,0,285,236.55,NULL,NULL,18.00,16.00,20.00,510.00,NULL,0,'2024-10-31 20:46:39','2024-10-31 20:46:39','in_stock',NULL,0,'Botble\\ACL\\Models\\User',0,NULL,'digital',NULL,NULL,0,0,0,0,NULL),(66,'Ring Video Doorbell Pro',NULL,NULL,'published','[\"main\\/products\\/product-14.jpg\"]',NULL,'6B-145-A1',0,15,0,1,0,5,1,0,2403,NULL,NULL,NULL,17.00,19.00,10.00,835.00,NULL,0,'2024-10-31 20:46:39','2024-10-31 20:46:39','in_stock',NULL,0,'Botble\\ACL\\Models\\User',0,NULL,'physical',NULL,NULL,0,0,0,0,NULL),(67,'Samsung QN90A Neo QLED 4K Smart TV (Digital)',NULL,NULL,'published','[\"main\\/products\\/product-18.jpg\"]',NULL,'DJ-185-A1',0,16,0,1,0,2,1,0,295,247.8,NULL,NULL,12.00,19.00,13.00,715.00,NULL,0,'2024-10-31 20:46:39','2024-10-31 20:46:39','in_stock',NULL,0,'Botble\\ACL\\Models\\User',0,NULL,'digital',NULL,NULL,0,0,0,0,NULL),(68,'Samsung QN90A Neo QLED 4K Smart TV (Digital)',NULL,NULL,'published','[\"main\\/products\\/product-6.jpg\"]',NULL,'DJ-185-A1-A2',0,16,0,1,0,2,1,0,295,256.65,NULL,NULL,12.00,19.00,13.00,715.00,NULL,0,'2024-10-31 20:46:39','2024-10-31 20:46:39','in_stock',NULL,0,'Botble\\ACL\\Models\\User',0,NULL,'digital',NULL,NULL,0,0,0,0,NULL),(69,'LG OLED C1 Series 4K Smart TV',NULL,NULL,'published','[\"main\\/products\\/product-7.jpg\"]',NULL,'XY-195-A1',0,12,0,1,0,2,1,0,450,NULL,NULL,NULL,13.00,13.00,16.00,685.00,NULL,0,'2024-10-31 20:46:39','2024-10-31 20:46:39','in_stock',NULL,0,'Botble\\ACL\\Models\\User',0,NULL,'physical',NULL,NULL,0,0,0,0,NULL),(70,'LG OLED C1 Series 4K Smart TV',NULL,NULL,'published','[\"main\\/products\\/product-13.jpg\"]',NULL,'XY-195-A1-A2',0,12,0,1,0,2,1,0,450,NULL,NULL,NULL,13.00,13.00,16.00,685.00,NULL,0,'2024-10-31 20:46:39','2024-10-31 20:46:39','in_stock',NULL,0,'Botble\\ACL\\Models\\User',0,NULL,'physical',NULL,NULL,0,0,0,0,NULL),(71,'LG OLED C1 Series 4K Smart TV',NULL,NULL,'published','[\"main\\/products\\/product-2.jpg\"]',NULL,'XY-195-A1-A3',0,12,0,1,0,2,1,0,450,NULL,NULL,NULL,13.00,13.00,16.00,685.00,NULL,0,'2024-10-31 20:46:39','2024-10-31 20:46:39','in_stock',NULL,0,'Botble\\ACL\\Models\\User',0,NULL,'physical',NULL,NULL,0,0,0,0,NULL),(72,'Apple Watch Series 7',NULL,NULL,'published','[\"main\\/products\\/product-11.jpg\"]',NULL,'AX-182-A1',0,16,0,1,0,5,1,0,1810,NULL,NULL,NULL,18.00,20.00,16.00,592.00,NULL,0,'2024-10-31 20:46:39','2024-10-31 20:46:39','in_stock',NULL,0,'Botble\\ACL\\Models\\User',0,NULL,'physical',NULL,NULL,0,0,0,0,NULL),(73,'Fitbit Charge 5 Fitness Tracker (Digital)',NULL,NULL,'published','[\"main\\/products\\/product-13.jpg\"]',NULL,'IK-160-A1',0,16,0,1,0,2,1,0,1238,953.26,NULL,NULL,19.00,14.00,16.00,899.00,NULL,0,'2024-10-31 20:46:39','2024-10-31 20:46:39','in_stock',NULL,0,'Botble\\ACL\\Models\\User',0,NULL,'digital',NULL,NULL,0,0,0,0,NULL),(74,'Garmin Fenix 7X Sapphire Solar GPS Watch',NULL,NULL,'published','[\"main\\/products\\/product-details-desc-1.jpg\"]',NULL,'IF-187-A1',0,15,0,1,0,5,1,0,476,NULL,NULL,NULL,18.00,11.00,10.00,602.00,NULL,0,'2024-10-31 20:46:39','2024-10-31 20:46:39','in_stock',NULL,0,'Botble\\ACL\\Models\\User',0,NULL,'physical',NULL,NULL,0,0,0,0,NULL),(75,'Lenovo ThinkPad X1 Carbon Gen 9 Laptop',NULL,NULL,'published','[\"main\\/products\\/product-13.jpg\"]',NULL,'X5-123-A1',0,17,0,1,0,5,1,0,1341,NULL,NULL,NULL,15.00,18.00,17.00,753.00,NULL,0,'2024-10-31 20:46:39','2024-10-31 20:46:39','in_stock',NULL,0,'Botble\\ACL\\Models\\User',0,NULL,'physical',NULL,NULL,0,0,0,0,NULL),(76,'Lenovo ThinkPad X1 Carbon Gen 9 Laptop',NULL,NULL,'published','[\"main\\/products\\/product-4.jpg\"]',NULL,'X5-123-A1-A2',0,17,0,1,0,5,1,0,1341,NULL,NULL,NULL,15.00,18.00,17.00,753.00,NULL,0,'2024-10-31 20:46:39','2024-10-31 20:46:39','in_stock',NULL,0,'Botble\\ACL\\Models\\User',0,NULL,'physical',NULL,NULL,0,0,0,0,NULL),(77,'Lenovo ThinkPad X1 Carbon Gen 9 Laptop',NULL,NULL,'published','[\"main\\/products\\/product-1.jpg\"]',NULL,'X5-123-A1-A3',0,17,0,1,0,5,1,0,1341,NULL,NULL,NULL,15.00,18.00,17.00,753.00,NULL,0,'2024-10-31 20:46:39','2024-10-31 20:46:39','in_stock',NULL,0,'Botble\\ACL\\Models\\User',0,NULL,'physical',NULL,NULL,0,0,0,0,NULL),(78,'HP Spectre x360 14-Inch Convertible Laptop (Digital)',NULL,NULL,'published','[\"main\\/products\\/product-9.jpg\"]',NULL,'WV-161-A1',0,13,0,1,0,3,1,0,404,323.2,NULL,NULL,14.00,20.00,14.00,697.00,NULL,0,'2024-10-31 20:46:39','2024-10-31 20:46:39','in_stock',NULL,0,'Botble\\ACL\\Models\\User',0,NULL,'digital',NULL,NULL,0,0,0,0,NULL),(79,'HP Spectre x360 14-Inch Convertible Laptop (Digital)',NULL,NULL,'published','[\"main\\/products\\/product-10.jpg\"]',NULL,'WV-161-A1-A2',0,13,0,1,0,3,1,0,404,307.04,NULL,NULL,14.00,20.00,14.00,697.00,NULL,0,'2024-10-31 20:46:39','2024-10-31 20:46:39','in_stock',NULL,0,'Botble\\ACL\\Models\\User',0,NULL,'digital',NULL,NULL,0,0,0,0,NULL),(80,'Razer Blade 15 Advanced Gaming Laptop',NULL,NULL,'published','[\"main\\/products\\/product-20.jpg\"]',NULL,'KQ-118-A1',0,11,0,1,0,5,1,0,2451,NULL,NULL,NULL,12.00,13.00,17.00,890.00,NULL,0,'2024-10-31 20:46:39','2024-10-31 20:46:39','in_stock',NULL,0,'Botble\\ACL\\Models\\User',0,NULL,'physical',NULL,NULL,0,0,0,0,NULL),(81,'Razer Blade 15 Advanced Gaming Laptop',NULL,NULL,'published','[\"main\\/products\\/product-6.jpg\"]',NULL,'KQ-118-A1-A2',0,11,0,1,0,5,1,0,2451,NULL,NULL,NULL,12.00,13.00,17.00,890.00,NULL,0,'2024-10-31 20:46:39','2024-10-31 20:46:39','in_stock',NULL,0,'Botble\\ACL\\Models\\User',0,NULL,'physical',NULL,NULL,0,0,0,0,NULL),(82,'Alienware m15 R6 Gaming Laptop',NULL,NULL,'published','[\"main\\/products\\/product-details-desc-3.jpg\"]',NULL,'MP-117-A1',0,18,0,1,0,1,1,0,1326,NULL,NULL,NULL,19.00,18.00,17.00,873.00,NULL,0,'2024-10-31 20:46:39','2024-10-31 20:46:39','in_stock',NULL,0,'Botble\\ACL\\Models\\User',0,NULL,'physical',NULL,NULL,0,0,0,0,NULL),(83,'Alienware m15 R6 Gaming Laptop',NULL,NULL,'published','[\"main\\/products\\/product-13.jpg\"]',NULL,'MP-117-A1-A2',0,18,0,1,0,1,1,0,1326,NULL,NULL,NULL,19.00,18.00,17.00,873.00,NULL,0,'2024-10-31 20:46:39','2024-10-31 20:46:39','in_stock',NULL,0,'Botble\\ACL\\Models\\User',0,NULL,'physical',NULL,NULL,0,0,0,0,NULL),(84,'Alienware m15 R6 Gaming Laptop',NULL,NULL,'published','[\"main\\/products\\/product-16.jpg\"]',NULL,'MP-117-A1-A3',0,18,0,1,0,1,1,0,1326,NULL,NULL,NULL,19.00,18.00,17.00,873.00,NULL,0,'2024-10-31 20:46:39','2024-10-31 20:46:39','in_stock',NULL,0,'Botble\\ACL\\Models\\User',0,NULL,'physical',NULL,NULL,0,0,0,0,NULL),(85,'Alienware m15 R6 Gaming Laptop',NULL,NULL,'published','[\"main\\/products\\/product-4.jpg\"]',NULL,'MP-117-A1-A4',0,18,0,1,0,1,1,0,1326,NULL,NULL,NULL,19.00,18.00,17.00,873.00,NULL,0,'2024-10-31 20:46:39','2024-10-31 20:46:39','in_stock',NULL,0,'Botble\\ACL\\Models\\User',0,NULL,'physical',NULL,NULL,0,0,0,0,NULL),(86,'Alienware m15 R6 Gaming Laptop',NULL,NULL,'published','[\"main\\/products\\/product-19.jpg\"]',NULL,'MP-117-A1-A5',0,18,0,1,0,1,1,0,1326,NULL,NULL,NULL,19.00,18.00,17.00,873.00,NULL,0,'2024-10-31 20:46:39','2024-10-31 20:46:39','in_stock',NULL,0,'Botble\\ACL\\Models\\User',0,NULL,'physical',NULL,NULL,0,0,0,0,NULL),(87,'Corsair K95 RGB Platinum XT Mechanical Gaming Keyboard',NULL,NULL,'published','[\"main\\/products\\/product-20.jpg\"]',NULL,'VT-141-A1',0,19,0,1,0,3,1,0,2206,NULL,NULL,NULL,10.00,17.00,20.00,551.00,NULL,0,'2024-10-31 20:46:39','2024-10-31 20:46:39','in_stock',NULL,0,'Botble\\ACL\\Models\\User',0,NULL,'physical',NULL,NULL,0,0,0,0,NULL),(88,'Corsair K95 RGB Platinum XT Mechanical Gaming Keyboard',NULL,NULL,'published','[\"main\\/products\\/product-7.jpg\"]',NULL,'VT-141-A1-A2',0,19,0,1,0,3,1,0,2206,NULL,NULL,NULL,10.00,17.00,20.00,551.00,NULL,0,'2024-10-31 20:46:39','2024-10-31 20:46:39','in_stock',NULL,0,'Botble\\ACL\\Models\\User',0,NULL,'physical',NULL,NULL,0,0,0,0,NULL),(89,'Corsair K95 RGB Platinum XT Mechanical Gaming Keyboard',NULL,NULL,'published','[\"main\\/products\\/product-19.jpg\"]',NULL,'VT-141-A1-A3',0,19,0,1,0,3,1,0,2206,NULL,NULL,NULL,10.00,17.00,20.00,551.00,NULL,0,'2024-10-31 20:46:39','2024-10-31 20:46:39','in_stock',NULL,0,'Botble\\ACL\\Models\\User',0,NULL,'physical',NULL,NULL,0,0,0,0,NULL),(90,'Corsair K95 RGB Platinum XT Mechanical Gaming Keyboard',NULL,NULL,'published','[\"main\\/products\\/product-13.jpg\"]',NULL,'VT-141-A1-A4',0,19,0,1,0,3,1,0,2206,NULL,NULL,NULL,10.00,17.00,20.00,551.00,NULL,0,'2024-10-31 20:46:39','2024-10-31 20:46:39','in_stock',NULL,0,'Botble\\ACL\\Models\\User',0,NULL,'physical',NULL,NULL,0,0,0,0,NULL),(91,'Logitech G Pro X Superlight Wireless Gaming Mouse (Digital)',NULL,NULL,'published','[\"main\\/products\\/product-6.jpg\"]',NULL,'VK-133-A1',0,20,0,1,0,2,1,0,2231,2007.9,NULL,NULL,15.00,16.00,14.00,629.00,NULL,0,'2024-10-31 20:46:39','2024-10-31 20:46:39','in_stock',NULL,0,'Botble\\ACL\\Models\\User',0,NULL,'digital',NULL,NULL,0,0,0,0,NULL),(92,'Logitech G Pro X Superlight Wireless Gaming Mouse (Digital)',NULL,NULL,'published','[\"main\\/products\\/product-7.jpg\"]',NULL,'VK-133-A1-A2',0,20,0,1,0,2,1,0,2231,1874.04,NULL,NULL,15.00,16.00,14.00,629.00,NULL,0,'2024-10-31 20:46:39','2024-10-31 20:46:39','in_stock',NULL,0,'Botble\\ACL\\Models\\User',0,NULL,'digital',NULL,NULL,0,0,0,0,NULL),(93,'Logitech G Pro X Superlight Wireless Gaming Mouse (Digital)',NULL,NULL,'published','[\"main\\/products\\/product-13.jpg\"]',NULL,'VK-133-A1-A3',0,20,0,1,0,2,1,0,2231,1963.28,NULL,NULL,15.00,16.00,14.00,629.00,NULL,0,'2024-10-31 20:46:39','2024-10-31 20:46:39','in_stock',NULL,0,'Botble\\ACL\\Models\\User',0,NULL,'digital',NULL,NULL,0,0,0,0,NULL),(94,'Elgato Stream Deck XL',NULL,NULL,'published','[\"main\\/products\\/product-13.jpg\"]',NULL,'0P-142-A1',0,12,0,1,0,2,1,0,304,NULL,NULL,NULL,17.00,13.00,20.00,815.00,NULL,0,'2024-10-31 20:46:39','2024-10-31 20:46:39','in_stock',NULL,0,'Botble\\ACL\\Models\\User',0,NULL,'physical',NULL,NULL,0,0,0,0,NULL),(95,'Elgato Stream Deck XL',NULL,NULL,'published','[\"main\\/products\\/product-details-desc-3.jpg\"]',NULL,'0P-142-A1-A2',0,12,0,1,0,2,1,0,304,NULL,NULL,NULL,17.00,13.00,20.00,815.00,NULL,0,'2024-10-31 20:46:39','2024-10-31 20:46:39','in_stock',NULL,0,'Botble\\ACL\\Models\\User',0,NULL,'physical',NULL,NULL,0,0,0,0,NULL),(96,'Elgato Stream Deck XL',NULL,NULL,'published','[\"main\\/products\\/product-5.jpg\"]',NULL,'0P-142-A1-A3',0,12,0,1,0,2,1,0,304,NULL,NULL,NULL,17.00,13.00,20.00,815.00,NULL,0,'2024-10-31 20:46:39','2024-10-31 20:46:39','in_stock',NULL,0,'Botble\\ACL\\Models\\User',0,NULL,'physical',NULL,NULL,0,0,0,0,NULL),(97,'Oculus Quest 2 VR Headset',NULL,NULL,'published','[\"main\\/products\\/product-9.jpg\"]',NULL,'JU-173-A1',0,18,0,1,0,5,1,0,687,NULL,NULL,NULL,15.00,11.00,20.00,716.00,NULL,0,'2024-10-31 20:46:39','2024-10-31 20:46:40','in_stock',NULL,0,'Botble\\ACL\\Models\\User',0,NULL,'physical',NULL,NULL,0,0,0,0,NULL),(98,'Oculus Quest 2 VR Headset',NULL,NULL,'published','[\"main\\/products\\/product-17.jpg\"]',NULL,'JU-173-A1-A2',0,18,0,1,0,5,1,0,687,NULL,NULL,NULL,15.00,11.00,20.00,716.00,NULL,0,'2024-10-31 20:46:39','2024-10-31 20:46:40','in_stock',NULL,0,'Botble\\ACL\\Models\\User',0,NULL,'physical',NULL,NULL,0,0,0,0,NULL),(99,'Oculus Quest 2 VR Headset',NULL,NULL,'published','[\"main\\/products\\/product-14.jpg\"]',NULL,'JU-173-A1-A3',0,18,0,1,0,5,1,0,687,NULL,NULL,NULL,15.00,11.00,20.00,716.00,NULL,0,'2024-10-31 20:46:39','2024-10-31 20:46:40','in_stock',NULL,0,'Botble\\ACL\\Models\\User',0,NULL,'physical',NULL,NULL,0,0,0,0,NULL),(100,'Acer Predator X38 Pbmiphzx 38-Inch Curved Gaming Monitor',NULL,NULL,'published','[\"main\\/products\\/product-14.jpg\"]',NULL,'DI-120-A1',0,18,0,1,0,5,1,0,2198,NULL,NULL,NULL,19.00,11.00,14.00,791.00,NULL,0,'2024-10-31 20:46:39','2024-10-31 20:46:40','in_stock',NULL,0,'Botble\\ACL\\Models\\User',0,NULL,'physical',NULL,NULL,0,0,0,0,NULL),(101,'Acer Predator X38 Pbmiphzx 38-Inch Curved Gaming Monitor',NULL,NULL,'published','[\"main\\/products\\/product-details-desc-3.jpg\"]',NULL,'DI-120-A1-A2',0,18,0,1,0,5,1,0,2198,NULL,NULL,NULL,19.00,11.00,14.00,791.00,NULL,0,'2024-10-31 20:46:39','2024-10-31 20:46:40','in_stock',NULL,0,'Botble\\ACL\\Models\\User',0,NULL,'physical',NULL,NULL,0,0,0,0,NULL),(102,'Acer Predator X38 Pbmiphzx 38-Inch Curved Gaming Monitor',NULL,NULL,'published','[\"main\\/products\\/product-4.jpg\"]',NULL,'DI-120-A1-A3',0,18,0,1,0,5,1,0,2198,NULL,NULL,NULL,19.00,11.00,14.00,791.00,NULL,0,'2024-10-31 20:46:39','2024-10-31 20:46:40','in_stock',NULL,0,'Botble\\ACL\\Models\\User',0,NULL,'physical',NULL,NULL,0,0,0,0,NULL),(103,'ASUS ROG Swift PG279QM 27-Inch Gaming Monitor',NULL,NULL,'published','[\"main\\/products\\/product-11.jpg\"]',NULL,'3C-176-A1',0,18,0,1,0,3,1,0,1054,NULL,NULL,NULL,18.00,14.00,19.00,838.00,NULL,0,'2024-10-31 20:46:39','2024-10-31 20:46:40','in_stock',NULL,0,'Botble\\ACL\\Models\\User',0,NULL,'physical',NULL,NULL,0,0,0,0,NULL),(104,'ASUS ROG Swift PG279QM 27-Inch Gaming Monitor',NULL,NULL,'published','[\"main\\/products\\/product-details-desc-3.jpg\"]',NULL,'3C-176-A1-A2',0,18,0,1,0,3,1,0,1054,NULL,NULL,NULL,18.00,14.00,19.00,838.00,NULL,0,'2024-10-31 20:46:39','2024-10-31 20:46:40','in_stock',NULL,0,'Botble\\ACL\\Models\\User',0,NULL,'physical',NULL,NULL,0,0,0,0,NULL),(105,'Dell UltraSharp U2720Q 27-Inch 4K USB-C Monitor',NULL,NULL,'published','[\"main\\/products\\/product-19.jpg\"]',NULL,'XI-173-A1',0,19,0,1,0,2,1,0,2251,NULL,NULL,NULL,12.00,13.00,17.00,897.00,NULL,0,'2024-10-31 20:46:39','2024-10-31 20:46:40','in_stock',NULL,0,'Botble\\ACL\\Models\\User',0,NULL,'physical',NULL,NULL,0,0,0,0,NULL),(106,'Dell UltraSharp U2720Q 27-Inch 4K USB-C Monitor',NULL,NULL,'published','[\"main\\/products\\/product-16.jpg\"]',NULL,'XI-173-A1-A2',0,19,0,1,0,2,1,0,2251,NULL,NULL,NULL,12.00,13.00,17.00,897.00,NULL,0,'2024-10-31 20:46:39','2024-10-31 20:46:40','in_stock',NULL,0,'Botble\\ACL\\Models\\User',0,NULL,'physical',NULL,NULL,0,0,0,0,NULL),(107,'Dell UltraSharp U2720Q 27-Inch 4K USB-C Monitor',NULL,NULL,'published','[\"main\\/products\\/product-5.jpg\"]',NULL,'XI-173-A1-A3',0,19,0,1,0,2,1,0,2251,NULL,NULL,NULL,12.00,13.00,17.00,897.00,NULL,0,'2024-10-31 20:46:39','2024-10-31 20:46:40','in_stock',NULL,0,'Botble\\ACL\\Models\\User',0,NULL,'physical',NULL,NULL,0,0,0,0,NULL),(108,'HP Z27k G3 4K USB-C Monitor',NULL,NULL,'published','[\"main\\/products\\/product-details-desc-1.jpg\"]',NULL,'IG-128-A1',0,19,0,1,0,2,1,0,1383,NULL,NULL,NULL,15.00,17.00,14.00,636.00,NULL,0,'2024-10-31 20:46:39','2024-10-31 20:46:40','in_stock',NULL,0,'Botble\\ACL\\Models\\User',0,NULL,'physical',NULL,NULL,0,0,0,0,NULL),(109,'HP Z27k G3 4K USB-C Monitor',NULL,NULL,'published','[\"main\\/products\\/product-20.jpg\"]',NULL,'IG-128-A1-A2',0,19,0,1,0,2,1,0,1383,NULL,NULL,NULL,15.00,17.00,14.00,636.00,NULL,0,'2024-10-31 20:46:39','2024-10-31 20:46:40','in_stock',NULL,0,'Botble\\ACL\\Models\\User',0,NULL,'physical',NULL,NULL,0,0,0,0,NULL),(110,'HP Z27k G3 4K USB-C Monitor',NULL,NULL,'published','[\"main\\/products\\/product-4.jpg\"]',NULL,'IG-128-A1-A3',0,19,0,1,0,2,1,0,1383,NULL,NULL,NULL,15.00,17.00,14.00,636.00,NULL,0,'2024-10-31 20:46:39','2024-10-31 20:46:40','in_stock',NULL,0,'Botble\\ACL\\Models\\User',0,NULL,'physical',NULL,NULL,0,0,0,0,NULL),(111,'LG 27UK850-W 27-Inch 4K UHD IPS Monitor',NULL,NULL,'published','[\"main\\/products\\/product-7.jpg\"]',NULL,'CP-185-A1',0,18,0,1,0,1,1,0,1885,NULL,NULL,NULL,11.00,11.00,14.00,796.00,NULL,0,'2024-10-31 20:46:39','2024-10-31 20:46:40','in_stock',NULL,0,'Botble\\ACL\\Models\\User',0,NULL,'physical',NULL,NULL,0,0,0,0,NULL),(112,'LG 27UK850-W 27-Inch 4K UHD IPS Monitor',NULL,NULL,'published','[\"main\\/products\\/product-10.jpg\"]',NULL,'CP-185-A1-A2',0,18,0,1,0,1,1,0,1885,NULL,NULL,NULL,11.00,11.00,14.00,796.00,NULL,0,'2024-10-31 20:46:39','2024-10-31 20:46:40','in_stock',NULL,0,'Botble\\ACL\\Models\\User',0,NULL,'physical',NULL,NULL,0,0,0,0,NULL),(113,'Samsung Odyssey G7 32-Inch Curved Gaming Monitor (Digital)',NULL,NULL,'published','[\"main\\/products\\/product-details-desc-3.jpg\"]',NULL,'CX-126-A1',0,18,0,1,0,1,1,0,845,709.8,NULL,NULL,14.00,16.00,10.00,768.00,NULL,0,'2024-10-31 20:46:39','2024-10-31 20:46:40','in_stock',NULL,0,'Botble\\ACL\\Models\\User',0,NULL,'digital',NULL,NULL,0,0,0,0,NULL),(114,'Samsung Odyssey G7 32-Inch Curved Gaming Monitor (Digital)',NULL,NULL,'published','[\"main\\/products\\/product-details-desc-2.jpg\"]',NULL,'CX-126-A1-A2',0,18,0,1,0,1,1,0,845,760.5,NULL,NULL,14.00,16.00,10.00,768.00,NULL,0,'2024-10-31 20:46:39','2024-10-31 20:46:40','in_stock',NULL,0,'Botble\\ACL\\Models\\User',0,NULL,'digital',NULL,NULL,0,0,0,0,NULL),(115,'Samsung Odyssey G7 32-Inch Curved Gaming Monitor (Digital)',NULL,NULL,'published','[\"main\\/products\\/product-20.jpg\"]',NULL,'CX-126-A1-A3',0,18,0,1,0,1,1,0,845,608.4,NULL,NULL,14.00,16.00,10.00,768.00,NULL,0,'2024-10-31 20:46:39','2024-10-31 20:46:40','in_stock',NULL,0,'Botble\\ACL\\Models\\User',0,NULL,'digital',NULL,NULL,0,0,0,0,NULL),(116,'Sony X900H 4K Ultra HD Smart LED TV',NULL,NULL,'published','[\"main\\/products\\/product-17.jpg\"]',NULL,'PF-137-A1',0,12,0,1,0,2,1,0,1695,NULL,NULL,NULL,18.00,16.00,18.00,586.00,NULL,0,'2024-10-31 20:46:39','2024-10-31 20:46:40','in_stock',NULL,0,'Botble\\ACL\\Models\\User',0,NULL,'physical',NULL,NULL,0,0,0,0,NULL),(117,'Sony X900H 4K Ultra HD Smart LED TV',NULL,NULL,'published','[\"main\\/products\\/product-2.jpg\"]',NULL,'PF-137-A1-A2',0,12,0,1,0,2,1,0,1695,NULL,NULL,NULL,18.00,16.00,18.00,586.00,NULL,0,'2024-10-31 20:46:39','2024-10-31 20:46:40','in_stock',NULL,0,'Botble\\ACL\\Models\\User',0,NULL,'physical',NULL,NULL,0,0,0,0,NULL),(118,'Vizio OLED65-H1 65-Inch 4K OLED Smart TV',NULL,NULL,'published','[\"main\\/products\\/product-details-desc-3.jpg\"]',NULL,'B5-155-A1',0,17,0,1,0,2,1,0,1197,NULL,NULL,NULL,18.00,17.00,18.00,788.00,NULL,0,'2024-10-31 20:46:39','2024-10-31 20:46:40','in_stock',NULL,0,'Botble\\ACL\\Models\\User',0,NULL,'physical',NULL,NULL,0,0,0,0,NULL),(119,'Hisense U8G Quantum Series 4K ULED Android TV (Digital)',NULL,NULL,'published','[\"main\\/products\\/product-15.jpg\"]',NULL,'K4-109-A1',0,15,0,1,0,4,1,0,1857,1485.6,NULL,NULL,17.00,19.00,16.00,842.00,NULL,0,'2024-10-31 20:46:39','2024-10-31 20:46:40','in_stock',NULL,0,'Botble\\ACL\\Models\\User',0,NULL,'digital',NULL,NULL,0,0,0,0,NULL),(120,'Hisense U8G Quantum Series 4K ULED Android TV (Digital)',NULL,NULL,'published','[\"main\\/products\\/product-16.jpg\"]',NULL,'K4-109-A1-A2',0,15,0,1,0,4,1,0,1857,1578.45,NULL,NULL,17.00,19.00,16.00,842.00,NULL,0,'2024-10-31 20:46:39','2024-10-31 20:46:40','in_stock',NULL,0,'Botble\\ACL\\Models\\User',0,NULL,'digital',NULL,NULL,0,0,0,0,NULL),(121,'Roku Ultra 2020 Streaming Media Player',NULL,NULL,'published','[\"main\\/products\\/product-18.jpg\"]',NULL,'Z2-163-A1',0,11,0,1,0,2,1,0,602,NULL,NULL,NULL,20.00,12.00,10.00,649.00,NULL,0,'2024-10-31 20:46:39','2024-10-31 20:46:40','in_stock',NULL,0,'Botble\\ACL\\Models\\User',0,NULL,'physical',NULL,NULL,0,0,0,0,NULL),(122,'Roku Ultra 2020 Streaming Media Player',NULL,NULL,'published','[\"main\\/products\\/product-details-desc-1.jpg\"]',NULL,'Z2-163-A1-A2',0,11,0,1,0,2,1,0,602,NULL,NULL,NULL,20.00,12.00,10.00,649.00,NULL,0,'2024-10-31 20:46:39','2024-10-31 20:46:40','in_stock',NULL,0,'Botble\\ACL\\Models\\User',0,NULL,'physical',NULL,NULL,0,0,0,0,NULL),(123,'Roku Ultra 2020 Streaming Media Player',NULL,NULL,'published','[\"main\\/products\\/product-17.jpg\"]',NULL,'Z2-163-A1-A3',0,11,0,1,0,2,1,0,602,NULL,NULL,NULL,20.00,12.00,10.00,649.00,NULL,0,'2024-10-31 20:46:39','2024-10-31 20:46:40','in_stock',NULL,0,'Botble\\ACL\\Models\\User',0,NULL,'physical',NULL,NULL,0,0,0,0,NULL),(124,'Amazon Fire TV Stick 4K Max',NULL,NULL,'published','[\"main\\/products\\/product-13.jpg\"]',NULL,'KQ-151-A1',0,14,0,1,0,5,1,0,1991,NULL,NULL,NULL,13.00,19.00,13.00,679.00,NULL,0,'2024-10-31 20:46:39','2024-10-31 20:46:40','in_stock',NULL,0,'Botble\\ACL\\Models\\User',0,NULL,'physical',NULL,NULL,0,0,0,0,NULL),(125,'Amazon Fire TV Stick 4K Max',NULL,NULL,'published','[\"main\\/products\\/product-10.jpg\"]',NULL,'KQ-151-A1-A2',0,14,0,1,0,5,1,0,1991,NULL,NULL,NULL,13.00,19.00,13.00,679.00,NULL,0,'2024-10-31 20:46:39','2024-10-31 20:46:40','in_stock',NULL,0,'Botble\\ACL\\Models\\User',0,NULL,'physical',NULL,NULL,0,0,0,0,NULL),(126,'Sonos Beam Gen 2 Soundbar',NULL,NULL,'published','[\"main\\/products\\/product-9.jpg\"]',NULL,'0Q-121-A1',0,10,0,1,0,5,1,0,1766,NULL,NULL,NULL,19.00,10.00,19.00,641.00,NULL,0,'2024-10-31 20:46:39','2024-10-31 20:46:40','in_stock',NULL,0,'Botble\\ACL\\Models\\User',0,NULL,'physical',NULL,NULL,0,0,0,0,NULL),(127,'Sonos Beam Gen 2 Soundbar',NULL,NULL,'published','[\"main\\/products\\/product-3.jpg\"]',NULL,'0Q-121-A1-A2',0,10,0,1,0,5,1,0,1766,NULL,NULL,NULL,19.00,10.00,19.00,641.00,NULL,0,'2024-10-31 20:46:39','2024-10-31 20:46:40','in_stock',NULL,0,'Botble\\ACL\\Models\\User',0,NULL,'physical',NULL,NULL,0,0,0,0,NULL),(128,'Sonos Beam Gen 2 Soundbar',NULL,NULL,'published','[\"main\\/products\\/product-7.jpg\"]',NULL,'0Q-121-A1-A3',0,10,0,1,0,5,1,0,1766,NULL,NULL,NULL,19.00,10.00,19.00,641.00,NULL,0,'2024-10-31 20:46:39','2024-10-31 20:46:40','in_stock',NULL,0,'Botble\\ACL\\Models\\User',0,NULL,'physical',NULL,NULL,0,0,0,0,NULL),(129,'Bose Smart Soundbar 900',NULL,NULL,'published','[\"main\\/products\\/product-20.jpg\"]',NULL,'YC-105-A1',0,13,0,1,0,2,1,0,933,NULL,NULL,NULL,17.00,18.00,14.00,729.00,NULL,0,'2024-10-31 20:46:39','2024-10-31 20:46:40','in_stock',NULL,0,'Botble\\ACL\\Models\\User',0,NULL,'physical',NULL,NULL,0,0,0,0,NULL),(130,'Bose Smart Soundbar 900',NULL,NULL,'published','[\"main\\/products\\/product-details-desc-2.jpg\"]',NULL,'YC-105-A1-A2',0,13,0,1,0,2,1,0,933,NULL,NULL,NULL,17.00,18.00,14.00,729.00,NULL,0,'2024-10-31 20:46:39','2024-10-31 20:46:40','in_stock',NULL,0,'Botble\\ACL\\Models\\User',0,NULL,'physical',NULL,NULL,0,0,0,0,NULL),(131,'Sennheiser Ambeo Soundbar (Digital)',NULL,NULL,'published','[\"main\\/products\\/product-16.jpg\"]',NULL,'3F-156-A1',0,13,0,1,0,3,1,0,1042,771.08,NULL,NULL,18.00,18.00,20.00,854.00,NULL,0,'2024-10-31 20:46:39','2024-10-31 20:46:40','in_stock',NULL,0,'Botble\\ACL\\Models\\User',0,NULL,'digital',NULL,NULL,0,0,0,0,NULL),(132,'Sennheiser Ambeo Soundbar (Digital)',NULL,NULL,'published','[\"main\\/products\\/product-8.jpg\"]',NULL,'3F-156-A1-A2',0,13,0,1,0,3,1,0,1042,875.28,NULL,NULL,18.00,18.00,20.00,854.00,NULL,0,'2024-10-31 20:46:39','2024-10-31 20:46:40','in_stock',NULL,0,'Botble\\ACL\\Models\\User',0,NULL,'digital',NULL,NULL,0,0,0,0,NULL);

--
